NOAA-Style Climate Reports

Select a Year or Month report
2018: Jan Feb Mar Apr May Jun Jul Aug Sep Oct Nov Dec
2017: Jan Feb Mar Apr May Jun Jul Aug Sep Oct Nov Dec
2016: Jan Feb Mar Apr May Jun Jul Aug Sep Oct Nov Dec
2015: Jan Feb Mar Apr May Jun Jul Aug Sep Oct Nov Dec
2014: Jan Feb Mar Apr May Jun Jul Aug Sep Oct Nov Dec
2013: Jan Feb Mar Apr May Jun Jul Aug Sep Oct Nov Dec
2012: Jan Feb Mar Apr May Jun Jul Aug Sep Oct Nov Dec
2011: Jan Feb Mar Apr May Jun Jul Aug Sep Oct Nov Dec
2010: Jan Feb Mar Apr May Jun Jul Aug Sep Oct Nov Dec

Report for 2018 September
                   Monthly Climatological Summary for Sep 2018

Name: StetsonWX   City: Colorado Springs   State: Colorado
Elevation: 6584 ft  Lat: N 38° 54' 02"   Lon: W 104° 42' 23"

                  Temperature (°F), Rain (in), Wind Speed (mph)

                                      Heat  Cool        Avg
    Mean                              Deg   Deg         Wind                 Dom
Day Temp  High   Time   Low    Time   Days  Days  Rain  Speed High   Time    Dir
----------------------------------------------------------------------------------
 1  62.9  77.7  12:36p  49.8   4:57a   5.4   3.4  0.77   1.2  15.0  11:10p     N
 2  62.5  73.8   3:11p  55.4   2:06a   3.9   1.4  0.14   1.1  10.0  12:34a     N
 3  61.2  70.9   2:00p  52.6  11:58p   4.9   1.1  0.00   0.6  11.0   3:37p   SSW
 4  64.1  78.6  10:34a  48.6   5:40a   5.4   4.6  0.00   1.4  11.0  11:06a    NE
 5  60.8  73.6  12:48p  53.7  11:06p   5.4   1.2  0.07   1.3  12.0   1:50p   NNE
 6  58.1  65.5   1:46p  54.0   2:54a   6.9   0.0  0.00   0.8   8.0   4:50p    SW
 7  61.1  73.1   3:35p  48.7   3:28a   5.8   1.9  0.01   1.0  10.0   3:35p   ENE
 8  60.7  69.8   4:25p  54.1   2:45a   5.2   0.9  0.00   0.7  10.0   1:27p   SSE
 9  63.8  82.0  12:50p  52.0   4:19a   5.6   4.4  0.00   0.8  10.0  11:40a   NNW
10  65.9  84.9  11:57a  48.5   6:52a   5.9   6.7  0.00   1.2  10.0   1:02p   ENE
11  67.3  87.0   1:32p  49.2   3:15a   5.3   7.6  0.00   1.4  17.0   3:46p     N
12  68.0  85.1  11:25a  49.6   5:55a   5.1   8.0  0.00   1.5  13.0  10:39a     N
13  69.8  86.5  11:44a  50.0   7:06a   4.0   8.8  0.00   1.4  14.0   2:05p     E
14  71.0  87.3  11:20a  53.3  11:59p   2.1   8.2  0.00   1.6  10.0   3:01p     N
15  68.0  84.2  11:38a  47.4   7:02a   4.6   7.7  0.00   1.4  10.0   9:01p   ESE
16  69.8  87.4  11:13a  49.2   7:01a   4.2   9.0  0.00   0.9  11.0   1:21p   SSE
17  70.3  87.8  11:57a  53.0   5:09a   3.3   8.7  0.00   1.5  11.0   2:16p   ENE
18  70.6  88.6  11:43a  53.7   6:11a   3.2   8.8  0.00   1.5  12.0   9:50a    NE
19  70.2  87.7  11:23a  54.0   4:41a   2.7   7.9  0.00   1.8  16.0   6:25p   NNE
20  63.3  74.5   3:36p  54.4   4:16a   3.8   2.1  0.14   1.1   9.0   6:17a   ENE
21  56.6  64.8   4:21p  43.6   7:11a   8.4   0.0  0.00   2.1  12.0   1:22p   ESE
22  61.1  79.8  11:32a  41.2   6:26a   8.6   4.7  0.00   0.9   8.0  12:00p   SSE
23  65.3  82.5  11:44a  47.1   2:39a   5.7   6.0  0.00   1.6  12.0  10:40a    NW
24  59.2  71.4  10:39a  49.7   2:11a   6.3   0.5  0.04   1.2  15.0   7:19a    NE
25  50.8  60.5   3:13p  37.6  11:55p  14.2   0.0  0.00   2.3  20.0   5:45a   NNE
26  48.0  61.1   4:59p  35.9   5:13a  17.0   0.0  0.00   0.9  10.0  11:03a   SSE
27  55.8  72.9  11:59a  38.5   6:18a  11.6   2.4  0.00   1.4   9.0   3:59p     E
28  47.0  56.7   9:10a  38.8  11:59p  18.0   0.0  0.00   1.8  13.0   7:11p   ESE
29  55.0  78.2   4:19p  38.7   3:26a  12.9   2.9  0.00   0.6   7.0   2:53p   SSW
30  57.3  63.8   3:05p  45.7  12:00a   7.7   0.0  0.00   1.5   8.0   4:46a    SE
----------------------------------------------------------------------------------
    62.2  88.6    18    35.9    26   203.1 118.9  1.17   1.3  20.0    25     ENE

Max >=  80.0: 12
Max <=  32.0:  0
Min <=  32.0:  0
Min <=   0.0:  0
Max Rain: 0.77 on day 1
Days of Rain: 6 (>= 0.01 in)  3 (>= 0.10 in)  0 (>= 1.00 in)
Heat Base: 65.0  Cool Base: 65.0  Method: Integration