NOAA-Style Climate Reports

Select a Year or Month report
2018: Jan Feb Mar Apr May Jun Jul Aug Sep Oct Nov Dec
2017: Jan Feb Mar Apr May Jun Jul Aug Sep Oct Nov Dec
2016: Jan Feb Mar Apr May Jun Jul Aug Sep Oct Nov Dec
2015: Jan Feb Mar Apr May Jun Jul Aug Sep Oct Nov Dec
2014: Jan Feb Mar Apr May Jun Jul Aug Sep Oct Nov Dec
2013: Jan Feb Mar Apr May Jun Jul Aug Sep Oct Nov Dec
2012: Jan Feb Mar Apr May Jun Jul Aug Sep Oct Nov Dec
2011: Jan Feb Mar Apr May Jun Jul Aug Sep Oct Nov Dec
2010: Jan Feb Mar Apr May Jun Jul Aug Sep Oct Nov Dec

Report for 2018 July
                   Monthly Climatological Summary for Jul 2018

Name: StetsonWX   City: Colorado Springs   State: Colorado
Elevation: 6584 ft  Lat: N 38° 54' 02"   Lon: W 104° 42' 23"

                  Temperature (°F), Rain (in), Wind Speed (mph)

                                      Heat  Cool        Avg
    Mean                              Deg   Deg         Wind                 Dom
Day Temp  High   Time   Low    Time   Days  Days  Rain  Speed High   Time    Dir
----------------------------------------------------------------------------------
 1  67.2  79.8   4:39p  54.2   3:24a   3.2   5.4  0.00   1.3  12.0   1:42p    SE
 2  72.1  90.0   3:10p  50.9   6:02a   3.5  10.6  0.00   1.3  16.0   7:58p    SE
 3  73.2  93.7  11:41a  50.1   6:04a   3.1  11.3  0.00   1.2  16.0   3:46p     N
 4  75.5  94.5  11:40a  56.7  10:23p   1.4  11.9  1.18   2.1  13.0   3:58p   ENE
 5  64.4  77.9   1:45p  54.5  11:56p   4.1   3.5  0.77   1.5  22.0   5:52p     N
 6  67.2  81.0   5:24p  50.8   5:59a   3.8   6.1  0.00   0.8   8.0  11:59a   SSE
 7  72.9  86.1   3:06p  54.1   6:07a   2.1  10.0  0.00   0.9   9.0   6:35p    SE
 8  72.7  88.6  11:41a  55.5   5:50a   2.0   9.7  0.00   0.7  10.0   4:13p    SE
 9  73.0  85.7  12:36p  54.2   5:57a   2.3  10.3  0.00   1.0   9.0   2:46p    SE
10  73.2  86.8   3:28p  53.2   6:07a   2.3  10.5  0.00   1.1  10.0  11:15a    SE
11  70.9  85.3   3:31p  53.5   5:56a   2.2   8.0  0.00   1.2  10.0  11:39a     E
12  68.4  87.4  12:19p  55.2   6:03a   1.7   5.1  0.17   1.9  22.0   1:03p     N
13  72.3  84.6  12:38p  57.5   2:48a   1.3   8.6  0.00   1.8  11.0   9:11a    NE
14  70.4  85.0   2:36p  56.9   4:32a   1.6   7.1  0.56   0.9  12.0   6:13p    SE
15  66.0  79.6  11:24a  56.7   3:49a   2.6   3.6  0.35   1.8  15.0  12:43p   NNE
16  68.4  78.2   4:45p  56.0   6:00a   1.8   5.2  0.00   0.8   8.0  10:26a     S
17  68.2  80.3  11:54a  58.3   2:58a   1.5   4.7  0.00   1.5  17.0   6:36p     N
18  73.2  89.2   3:32p  53.2   5:14a   2.7  10.9  0.00   1.1  10.0   8:57a    NE
19  75.8  91.1   2:06p  59.2   6:06a   1.1  11.9  0.00   1.5  11.0   8:03a    NE
20  76.0  92.1  12:43p  60.8   4:58a   0.7  11.7  0.00   2.0  17.0  11:14a   NNE
21  75.8  92.1  12:24p  61.2   5:16a   0.4  11.2  0.02   0.9  14.0   4:42p   WSW
22  71.6  92.6  10:25a  58.6   5:12a   1.3   7.9  0.24   2.0  15.0   9:07p   NNE
23  66.6  81.6  10:54a  58.3   6:23a   2.0   3.6  0.70   1.8  18.0   5:07p   NNE
24  67.1  79.9  12:01p  55.5   6:25a   2.4   4.5  0.03   0.7  10.0   5:25p   SSW
25  67.9  83.7   9:23a  56.6   6:18a   2.9   5.8  0.17   2.4  20.0   8:55p     N
26  62.9  77.9  12:50p  51.9   5:12p   4.8   2.7  1.06   1.0  20.0   4:27p    SE
27  62.5  75.9   1:54p  53.4  11:57p   4.6   2.1  0.06   1.3  24.0   7:29p   WSW
28  62.7  79.6  12:16p  51.3   2:18a   5.5   3.3  0.19   1.0  18.0   2:58p   ENE
29  63.2  72.1   9:51a  52.2   5:46a   3.8   2.0  0.15   1.6  19.0   9:05p    NE
30  63.1  73.1  11:22a  51.1   5:35a   4.1   2.2  0.00   1.4  13.0   2:28p    NE
31  63.3  79.9   2:31p  45.2   6:20a   6.0   4.3  0.00   0.7   9.0   1:50p   SSE
----------------------------------------------------------------------------------
    69.3  94.5     4    45.2    31    82.8 215.7  5.65   1.3  24.0    27      NE

Max >=  80.0: 20
Max <=  32.0:  0
Min <=  32.0:  0
Min <=   0.0:  0
Max Rain: 1.18 on day 4
Days of Rain: 14 (>= 0.01 in)  11 (>= 0.10 in)  2 (>= 1.00 in)
Heat Base: 65.0  Cool Base: 65.0  Method: Integration