NOAA-Style Climate Reports

Select a Year or Month report
2018: Jan Feb Mar Apr May Jun Jul Aug Sep Oct Nov Dec
2017: Jan Feb Mar Apr May Jun Jul Aug Sep Oct Nov Dec
2016: Jan Feb Mar Apr May Jun Jul Aug Sep Oct Nov Dec
2015: Jan Feb Mar Apr May Jun Jul Aug Sep Oct Nov Dec
2014: Jan Feb Mar Apr May Jun Jul Aug Sep Oct Nov Dec
2013: Jan Feb Mar Apr May Jun Jul Aug Sep Oct Nov Dec
2012: Jan Feb Mar Apr May Jun Jul Aug Sep Oct Nov Dec
2011: Jan Feb Mar Apr May Jun Jul Aug Sep Oct Nov Dec
2010: Jan Feb Mar Apr May Jun Jul Aug Sep Oct Nov Dec

Report for 2018 May
                   Monthly Climatological Summary for May 2018

Name: StetsonWX   City: Colorado Springs   State: Colorado
Elevation: 6584 ft  Lat: N 38° 54' 02"   Lon: W 104° 42' 23"

                  Temperature (°F), Rain (in), Wind Speed (mph)

                                      Heat  Cool        Avg
    Mean                              Deg   Deg         Wind                 Dom
Day Temp  High   Time   Low    Time   Days  Days  Rain  Speed High   Time    Dir
----------------------------------------------------------------------------------
 1  53.7  67.6   4:58p  40.7   6:07a  11.4   0.1  0.00   2.8  22.0   4:42p    NE
 2  48.2  64.2   2:12p  42.3   7:48a  16.8   0.0  0.08   2.7  16.0  12:03a   NNW
 3  43.2  50.8   5:09p  38.3  10:48a  21.8   0.0  0.16   4.6  25.0  10:27a    NW
 4  51.8  67.1   2:51p  33.9   5:59a  13.3   0.1  0.00   1.9  12.0   1:02p   NNE
 5  57.4  76.0   1:59p  36.7   2:25a   9.7   2.1  0.00   1.9  10.0  12:10p    NE
 6  62.3  77.4   3:09p  40.9   6:07a   6.6   3.9  0.00   1.2  13.0   3:42p   ESE
 7  63.9  80.8  12:06p  42.2   5:13a   6.1   5.1  0.00   1.4  19.0   7:19p   WNW
 8  65.3  80.4   1:13p  49.1  11:59p   3.8   4.1  0.00   2.8  18.0   7:13a     N
 9  62.5  81.1   2:53p  42.0   5:56a   7.4   4.8  0.00   1.0  13.0   4:06p     N
10  65.5  83.4   1:31p  42.9   5:46a   6.0   6.5  0.00   1.7  19.0  11:30p   NNE
11  62.2  75.5   4:25p  48.1   6:29a   5.5   2.7  0.00   3.2  20.0  12:42a   NNW
12  60.7  72.2   2:55p  50.1   5:37a   5.6   1.3  0.00   1.7  11.0  12:35p   ESE
13  65.7  77.2   2:51p  52.1   5:40a   5.6   1.3  0.02   4.7  23.0   4:35p    SE
14  62.0  73.1   1:55p  51.0   5:54a   4.6   2.3  0.03   4.9  24.0  12:35p   ESE
15  59.7  71.2   2:45p  47.2   5:07a   5.6   1.3  0.01   6.7  31.0  12:35p    SE
16  64.2  82.7   2:37p  45.6   5:47a   5.6   1.3  0.00   3.9  21.0  12:35p    SE
17  68.9  87.1   3:35p  48.4   5:57a   5.6   1.3  0.00   5.9  29.0  12:35p    E
18  61.3  72.3   1:55p  49.2   5:17a   5.6   1.3  0.02   7.7  37.0  12:35p   ESE
19  51.5  57.9   2:15p  44.1   5:07a   5.6   1.3  0.06   5.8  36.0  12:35p   SSE
20  50.6  57.4   2:25p  42.3   5:47a   5.6   1.3  0.06   3.5  16.0  12:35p   ESE
21  57.6  71.9   2:16p  50.1  11:35p   6.8   0.5  1.62   0.6  20.0   2:34p    SE
22  61.7  77.1   3:07p  44.4   5:07a   7.0   3.7  0.00   1.0  11.0   2:44p    SE
23  64.8  78.6   5:08p  48.1   5:45a   4.8   4.6  0.00   1.4  13.0   4:56p    SE
24  67.5  83.3  11:59a  52.6  11:59p   3.4   5.9  0.00   1.5  12.0   5:41p   NNE
25  68.5  84.6  12:14p  47.4   5:50a   5.0   8.5  0.00   1.0  11.0   2:55p   ESE
26  69.6  87.6   1:13p  48.5   5:26a   4.0   8.6  0.00   0.5  12.0   1:31p   SSE
27  68.6  84.7   2:03p  50.9   4:42a   3.4   7.0  0.00   0.8  23.0   9:55p     N
28  59.8  73.3  12:48p  52.7   5:08a   6.3   1.1  0.01   3.9  22.0   2:16a     N
29  60.8  74.1   1:58p  45.0   5:03a   6.3   2.2  0.00   1.3  10.0   1:55a   ENE
30  60.7  76.1  12:09p  45.1   5:47a   6.7   2.4  0.02   1.1  13.0   4:51p   ESE
31  68.3  85.2   3:15p  45.3   4:42a   5.6   8.9  0.00   1.2  17.0   2:40p   ESE
----------------------------------------------------------------------------------
    61.1  87.6    26    33.9     4   173.3  84.1  2.09   1.7  37.0     3     NNE

Max >=  80.0:  11
Max <=  32.0:  0
Min <=  32.0:  0
Min <=   0.0:  0
Max Rain: 1.62 on day 21
Days of Rain: 11 (>= 0.01 in)  11 (>= 0.10 in)  2 (>= 1.00 in)	1
Heat Base: 65.0  Cool Base: 65.0  Method: Integration