NOAA-Style Climate Reports

Select a Year or Month report
2018: Jan Feb Mar Apr May Jun Jul Aug Sep Oct Nov Dec
2017: Jan Feb Mar Apr May Jun Jul Aug Sep Oct Nov Dec
2016: Jan Feb Mar Apr May Jun Jul Aug Sep Oct Nov Dec
2015: Jan Feb Mar Apr May Jun Jul Aug Sep Oct Nov Dec
2014: Jan Feb Mar Apr May Jun Jul Aug Sep Oct Nov Dec
2013: Jan Feb Mar Apr May Jun Jul Aug Sep Oct Nov Dec
2012: Jan Feb Mar Apr May Jun Jul Aug Sep Oct Nov Dec
2011: Jan Feb Mar Apr May Jun Jul Aug Sep Oct Nov Dec
2010: Jan Feb Mar Apr May Jun Jul Aug Sep Oct Nov Dec

Report for 2018 March
                   Monthly Climatological Summary for Mar 2018

Name: StetsonWX   City: Colorado Springs   State: Colorado
Elevation: 6584 ft  Lat: N 38° 54' 02"   Lon: W 104° 42' 23"

                  Temperature (°F), Rain (in), Wind Speed (mph)

                                      Heat  Cool        Avg
    Mean                              Deg   Deg         Wind                 Dom
Day Temp  High   Time   Low    Time   Days  Days  Rain  Speed High   Time    Dir
----------------------------------------------------------------------------------
 1  33.3  47.6   2:00p  17.7   7:00a  31.7   0.0  0.00   1.3  13.0   1:44p    SE
 2  48.1  64.4   2:50p  30.2   6:28a  16.9   0.0  0.00   2.2  18.0   1:21p   ENE
 3  51.5  68.1   2:38p  31.9   2:37a  13.8   0.3  0.00   1.8  17.0   3:35p   NNE
 4  47.1  62.0   1:38p  28.7  11:57p  17.9   0.0  0.00   3.8  29.0   6:56p    NW
 5  30.7  42.6   2:24p  18.8  11:27p  34.3   0.0  0.00   6.1  26.0  10:50a    NW
 6  30.8  47.3   1:26p  18.3  10:40p  34.2   0.0  0.00   2.0  14.0   3:09p    NE
 7  34.3  51.9   2:15p  11.8   5:21a  30.7   0.0  0.00   1.0   9.0   1:13p    SE
 8  42.8  62.6   3:02p  23.5   4:30a  22.2   0.0  0.00   1.3  11.0   1:23p   ENE
 9  45.7  64.7   1:32p  27.6   6:02a  19.3   0.0  0.00   2.2  29.0   1:52p   ENE
10  41.3  59.3  12:42p  26.2  11:58p  23.7   0.0  0.00   3.9  26.0  11:57a   NNW
11  34.7  50.1   1:09p  17.6   7:09a  29.0   0.0  0.00   1.1  11.0   2:44p   ESE
12  39.2  55.6   4:10p  19.1   5:52a  25.8   0.0  0.00   1.5  13.0   6:29p     E
13  37.8  50.6   3:37p  22.7   5:55a  27.2   0.0  0.00   1.5  13.0   2:47p    SE
14  46.0  63.4  11:50a  25.4   6:35a  19.0   0.0  0.00   1.2  11.0   5:17p    SE
15  48.2  67.2  12:13p  33.0  12:52a  17.0   0.1  0.05   2.5  23.0   9:19p   NNW
16  42.7  55.9   4:36p  30.9   6:13a  22.3   0.0  0.20   4.4  26.0   1:12p    NW
17  40.9  56.5   6:00p  25.5   7:39a  24.1   0.0  0.00   1.8  13.0   2:17p    SE
18  41.1  60.2  11:48a  28.7   6:39a  23.9   0.0  0.00   3.4  26.0   7:27p   NNW
19  32.8  41.0   1:50p  24.4  11:42p  32.2   0.0  0.06   4.3  20.0   1:26p   NNW
20  34.6  48.9  12:08p  18.9   7:14a  30.4   0.0  0.00   1.8  13.0   1:29p   ENE
21  39.8  56.3   4:38p  21.8   4:49a  25.2   0.0  0.00   1.5  14.0   4:10p    SE
22  52.9  69.8   4:34p  31.4   3:45a  12.5   0.4  0.00   2.0  13.0   4:45p   ESE
23  58.4  68.6  11:59a  44.6  11:53p   6.9   0.3  0.00   5.7  39.0  12:24p   WNW
24  48.8  59.5   2:43p  29.1   7:18a  16.2   0.0  0.00   2.5  17.0   5:32p   ESE
25  51.6  65.3   5:05p  32.1   7:00a  13.4   0.0  0.00   2.4  16.0   2:32p     E
26  39.7  55.4   2:20p  29.0   5:58a  25.3   0.0  0.00   2.1  17.0   5:05p    NE
27  34.0  43.2   5:15p  27.1   7:00a  31.0   0.0  0.29   1.2   9.0  12:37a    SE
28  35.2  50.0  11:51a  24.1   3:50a  29.8   0.0  0.03   2.3  16.0  10:43a   NNE
29  34.2  48.3  12:50p  22.8   4:22a  30.8   0.0  0.01   2.0  18.0   5:11p   ENE
30  43.6  64.7   5:34p  26.3   4:47a  21.4   0.0  0.00   2.4  19.0   5:38p   WNW
31  45.2  54.0   3:34p  29.4  11:59p  19.8   0.0  0.00   2.4  13.0   7:17p   ESE
----------------------------------------------------------------------------------
    41.5  69.8    22    11.8     7   727.9   1.1  0.64   2.4  39.0    23     NNE

Max >=  80.0:  0
Max <=  32.0:  0
Min <=  32.0: 28
Min <=   0.0:  0
Max Rain: 0.29 on day 27
Days of Rain: 6 (>= 0.01 in)  2 (>= 0.10 in)  0 (>= 1.00 in)
Heat Base: 65.0  Cool Base: 65.0  Method: Integration