NOAA-Style Climate Reports

Select a Year or Month report
2018: Jan Feb Mar Apr May Jun Jul Aug Sep Oct Nov Dec
2017: Jan Feb Mar Apr May Jun Jul Aug Sep Oct Nov Dec
2016: Jan Feb Mar Apr May Jun Jul Aug Sep Oct Nov Dec
2015: Jan Feb Mar Apr May Jun Jul Aug Sep Oct Nov Dec
2014: Jan Feb Mar Apr May Jun Jul Aug Sep Oct Nov Dec
2013: Jan Feb Mar Apr May Jun Jul Aug Sep Oct Nov Dec
2012: Jan Feb Mar Apr May Jun Jul Aug Sep Oct Nov Dec
2011: Jan Feb Mar Apr May Jun Jul Aug Sep Oct Nov Dec
2010: Jan Feb Mar Apr May Jun Jul Aug Sep Oct Nov Dec

Report for 2018 February
                   Monthly Climatological Summary for Feb 2018

Name: StetsonWX   City: Colorado Springs   State: Colorado
Elevation: 6584 ft  Lat: N 38° 54' 02"   Lon: W 104° 42' 23"

                  Temperature (°F), Rain (in), Wind Speed (mph)

                                      Heat  Cool        Avg
    Mean                              Deg   Deg         Wind                 Dom
Day Temp  High   Time   Low    Time   Days  Days  Rain  Speed High   Time    Dir
----------------------------------------------------------------------------------
 1  24.9  33.7   2:20p  17.8  11:34p  40.1   0.0  0.00   1.0  11.0   7:15a    SE
 2  34.0  55.7   2:27p  15.9   2:15a  31.0   0.0  0.00   0.8  11.0   1:30p    SE
 3  41.7  58.2   3:05p  22.9   2:06a  23.3   0.0  0.00   0.7  16.0   3:57p   NNE
 4  25.1  41.7   9:59a  17.5   8:28p  39.9   0.0  0.00   0.6  13.0  10:34a    SE
 5  40.8  55.2   9:53a  20.1  11:59p  24.2   0.0  0.00   2.4  19.0   4:21p   ENE
 6  27.7  47.1   2:49p  18.7   4:53a  37.3   0.0  0.00   0.5  11.0  12:14p     E
 7  30.1  48.1   2:50p  17.4   4:56a  34.9   0.0  0.00   0.3   9.0   2:18p    SE
 8  42.1  59.1   2:19p  22.5   4:16a  22.9   0.0  0.00   0.3   7.0  12:51p    SE
 9  33.6  50.1   9:09a  17.3  11:17p  31.4   0.0  0.00   0.9  16.0  10:20a    SE
10  15.5  18.2   8:07p  12.3   7:12a  49.5   0.0  0.00   0.2   9.0   2:06a    SE
11  17.7  33.1   1:27p   1.7   4:43a  47.3   0.0  0.06   0.3   9.0   1:28p    SE
12  23.6  31.6   3:13p  12.8   2:53a  41.4   0.0  0.00   0.6  11.0  11:04a    SE
13  35.9  53.4   3:53p  17.6   2:29a  29.1   0.0  0.03   0.7  11.0  11:49a    SE
14  47.1  61.1  11:17a  34.0   4:08a  17.8   0.0  0.00   1.5  19.0   1:30p   SSW
15  37.5  55.4   1:23p  22.7  11:56p  27.5   0.0  0.00   1.5  20.0   2:54p    NE
16  24.3  38.0  10:46p  17.5   3:06a  40.7   0.0  0.00   1.2  12.0   8:39a    SE
17  37.5  48.1   2:26p  26.2   6:29a  27.5   0.0  0.00   2.1  19.0   1:17a    SE
18  47.0  63.9   2:41p  31.1   4:54a  18.0   0.0  0.01   1.5  18.0   4:18p     E
19  18.2  31.2  12:00a   8.8  10:18p  46.8   0.0  0.00   0.8   9.0  12:21p   ESE
20  13.2  22.7   2:46p   5.4   7:26a  51.8   0.0  0.00   0.6   8.0   8:31p   SSE
21  14.2  27.0   2:09p  -2.4   6:11a  49.6   0.0  0.00   0.9   8.0   1:23p    SE
22  20.9  34.6   4:57p  12.5   1:13a  43.4   0.0  0.00   0.5   6.0  11:59a   ENE
23  23.0  38.4  12:26p  10.4   3:16a  40.6   0.0  0.01   1.1  11.0   1:31p    SE
24  27.0  37.3   1:55p  15.3   7:10a  38.0   0.0  0.00   3.5  27.0   2:53p   WNW
25  25.2  41.2   2:32p   7.9   4:31a  39.8   0.0  0.00   2.2  17.0  11:17a    NW
26  37.0  56.3   2:33p  17.8   6:21a  27.9   0.0  0.00   1.7  14.0   3:50p    NE
27  40.2  57.5   2:52p  23.8  11:33p  24.8   0.0  0.00   2.2  17.0   3:58a    NE
28  35.2  46.4  12:01p  21.7  11:57p  29.8   0.0  0.00   2.9  15.0   9:02a   ENE
----------------------------------------------------------------------------------
    30.0  63.9    18    -2.4    21   976.3   0.0  0.11   1.2  27.0    24       E

Max >=  80.0:  0
Max <=  32.0:  5
Min <=  32.0: 27
Min <=   0.0:  1
Max Rain: 0.06 on day 11
Days of Rain: 4 (>= 0.01 in)  0 (>= 0.10 in)  0 (>= 1.00 in)
Heat Base: 65.0  Cool Base: 65.0  Method: Integration