NOAA-Style Climate Reports

Select a Year or Month report
2018: Jan Feb Mar Apr May Jun Jul Aug Sep Oct Nov Dec
2017: Jan Feb Mar Apr May Jun Jul Aug Sep Oct Nov Dec
2016: Jan Feb Mar Apr May Jun Jul Aug Sep Oct Nov Dec
2015: Jan Feb Mar Apr May Jun Jul Aug Sep Oct Nov Dec
2014: Jan Feb Mar Apr May Jun Jul Aug Sep Oct Nov Dec
2013: Jan Feb Mar Apr May Jun Jul Aug Sep Oct Nov Dec
2012: Jan Feb Mar Apr May Jun Jul Aug Sep Oct Nov Dec
2011: Jan Feb Mar Apr May Jun Jul Aug Sep Oct Nov Dec
2010: Jan Feb Mar Apr May Jun Jul Aug Sep Oct Nov Dec

Report for 2018 January
                   Monthly Climatological Summary for Jan 2018

Name: StetsonWX   City: Colorado Springs   State: Colorado
Elevation: 6584 ft  Lat: N 38° 54' 02"   Lon: W 104° 42' 23"

                  Temperature (°F), Rain (in), Wind Speed (mph)

                                      Heat  Cool        Avg
    Mean                              Deg   Deg         Wind                 Dom
Day Temp  High   Time   Low    Time   Days  Days  Rain  Speed High   Time    Dir
----------------------------------------------------------------------------------
 1  17.4  32.5   2:15p   3.0   4:50a  47.6   0.0  0.00   0.3   6.0  11:59a    SE
 2  25.7  43.9   2:58p  13.5  11:59p  39.2   0.0  0.00   0.6  11.0   2:53p   NNE
 3  26.5  45.3  11:06a  12.9   6:09a  38.5   0.0  0.00   0.4  11.0  11:10a    SE
 4  32.5  49.5   1:35p  19.5  10:26p  32.5   0.0  0.00   0.3   8.0  11:59a   SSE
 5  34.4  54.1  10:51a  18.5   1:40a  30.6   0.0  0.00   0.1   5.0  10:52a   ESE
 6  37.8  52.1   2:44p  25.2  12:03a  27.2   0.0  0.00   0.2   7.0   3:21p    SE
 7  36.5  46.7   2:47p  22.0  11:35p  28.5   0.0  0.00   0.9  15.0   9:31a    NE
 8  37.3  57.1  12:52p  20.9   2:22a  27.7   0.0  0.00   0.1   8.0   1:14p   SSE
 9  49.5  63.1   2:09p  35.3  11:22p  15.5   0.0  0.00   1.0  16.0   3:26p    SE
10  40.3  56.6   1:34p  23.4  11:51p  24.7   0.0  0.06   0.9  21.0   7:53p   NNE
11  25.6  36.2   2:29p  17.2   7:53a  39.4   0.0  0.00   0.6  10.0   1:16a   ENE
12  33.2  49.1  12:16p  16.0   2:03a  31.8   0.0  0.00   0.9  16.0  12:31p   NNE
13  31.0  45.0  12:52p  17.4   6:56a  34.0   0.0  0.00   0.4  11.0   1:25p    SE
14  29.1  45.4   2:50p  15.5   6:31a  35.9   0.0  0.00   0.2   9.0   9:47a    SE
15  19.4  31.1  12:45a  10.6  11:54p  45.6   0.0  0.00   1.0  16.0  12:39a    NE
16  14.8  32.5   2:38p  -1.1   6:36a  50.2   0.0  0.00   0.3   7.0  11:34a    SE
17  30.0  50.9  11:25a  11.8   1:01a  34.9   0.0  0.00   0.4  10.0  12:18p    NE
18  35.8  56.5   2:17p  19.0   1:01a  29.2   0.0  0.00   0.1   6.0  11:35a    SE
19  43.2  66.5   2:34p  27.2   3:12a  21.7   0.0  0.00   0.1   9.0  12:07p    SE
20  42.8  59.6   2:53p  27.4  11:58p  22.2   0.0  0.00   0.6  10.0   1:13p    SW
21  23.2  27.8   3:21a  18.2  11:59p  41.9   0.0  0.00   1.4  14.0   6:48p     N
22  26.8  41.0   2:26p   8.5   3:49a  38.2   0.0  0.03   0.5  12.0  12:29p     N
23  25.3  40.7   2:46p  11.5   5:38a  39.7   0.0  0.00   0.5  10.0   3:02p   ESE
24  32.3  53.0  12:54p  12.7   6:53a  32.7   0.0  0.00   0.3  10.0  11:02a    SE
25  40.7  60.6  11:22a  23.0   4:10a  24.3   0.0  0.00   1.1  18.0  12:27p     S
26  33.1  45.1  10:12a  18.4   9:00p  31.9   0.0  0.00   0.8  16.0  12:17p   NNE
27  26.8  43.2   2:47p  11.3   5:58a  38.2   0.0  0.00   0.5  10.0  12:28p    SE
28  32.5  49.7   2:20p  18.9   3:46a  32.5   0.0  0.00   0.3  10.0   3:40p   ENE
29  33.7  52.7   2:22p  17.8   6:47a  31.3   0.0  0.00   0.4  10.0  12:35p    SE
30  43.6  57.5  12:21p  27.9  12:00a  21.4   0.0  0.00   0.2  17.0  10:29p    SW
31  38.5  53.2  12:26a  21.5  11:54p  26.5   0.0  0.00   0.8  12.0  11:07a   ESE
----------------------------------------------------------------------------------
    32.2  66.5    19    -1.1    16  1015.5   0.0  0.09   0.5  21.0    10       E

Max >=  80.0:  0
Max <=  32.0:  2
Min <=  32.0: 30
Min <=   0.0:  1
Max Rain: 0.06 on day 10
Days of Rain: 2 (>= 0.01 in)  0 (>= 0.10 in)  0 (>= 1.00 in)
Heat Base: 65.0  Cool Base: 65.0  Method: Integration