NOAA-Style Climate Reports

Select a Year or Month report
2018: Jan Feb Mar Apr May Jun Jul Aug Sep Oct Nov Dec
2017: Jan Feb Mar Apr May Jun Jul Aug Sep Oct Nov Dec
2016: Jan Feb Mar Apr May Jun Jul Aug Sep Oct Nov Dec
2015: Jan Feb Mar Apr May Jun Jul Aug Sep Oct Nov Dec
2014: Jan Feb Mar Apr May Jun Jul Aug Sep Oct Nov Dec
2013: Jan Feb Mar Apr May Jun Jul Aug Sep Oct Nov Dec
2012: Jan Feb Mar Apr May Jun Jul Aug Sep Oct Nov Dec
2011: Jan Feb Mar Apr May Jun Jul Aug Sep Oct Nov Dec
2010: Jan Feb Mar Apr May Jun Jul Aug Sep Oct Nov Dec

Report for 2018
                   Annual Climatological Summary for 2018

Name: StetsonWX   City: Colorado Springs   State: Colorado
Elevation: 6584 ft  Lat: N 38° 54' 02"   Lon: W 104° 42' 23"

                  Temperature (°F), Heat Base: 65.0  Cool Base: 65.0
                          Dep.  Heat  Cool                       Max  Max  Min  Min
        Mean  Mean        From  Deg   Deg                        >=   <=   <=   <=
 YR MO  Max   Min   Mean  Norm  Days  Days  Hi  Date  Low  Date 80.0 32.0 32.0   0.0
------------------------------------------------------------------------------------
 18  1  48.3  17.6  32.2   0.0  1015     0  66.5  19  -1.1   16    0    2   30    1
 18  2  44.4  16.7  30.0   0.0   976     0  63.9  18  -2.4   21    0    5   27    1
 18  3  56.6  25.8  41.5   0.0   727     1  69.8  22  11.8    7    0    0   28    0
 18  4  60.7  30.0  46.1   0.0   585    17  79.3  29  17.7    7    0    0   19    0
 18  5  76.2  45.1  61.1   0.0   173    84  87.6  26  33.9    4    9    0    0    0
 18  6  85.1  51.1  69.0   0.0   111   231  98.2  28  42.4   25   24    0    0    0
 18  7  84.0  54.7  69.3   0.0    82   215  94.5   4  45.2   31   20    0    0    0
 18  8  79.1  52.7  65.9   0.0   116   143  88.7   4  45.7   20   13    0    0    0
 18  9  79.6  51.2  65.0   0.0   101   102  88.6  18  43.6   21   11    0    0    0
 18 10
 18 11
 18 12
------------------------------------------------------------------------------------
        68.2  38.3  53.3   0.0  3890   796  98.2 Jun  -2.4  Feb   77    7  104    2

                                Precipitation (in)

              Dep.   Max        Days of Rain
              From   Obs.           >=
 YR MO Total  Norm   Day Date 0.01 0.10 1.00
---------------------------------------------
 18  1  0.09   0.0  0.06  10     2    0    0
 18  2  0.11   0.0  0.06  11     4    0    0
 18  3  0.64   0.0  0.29  27     6    2    0
 18  4  0.79   0.0  0.43  21     9    2    0
 18  5  1.89   0.0  1.62  21     5    2    1
 18  6  1.85   0.0  0.93  30     6    5    0
 18  7  5.65   0.0  1.18   4    14   11    2
 18  8  2.69   0.0  1.04  14    12    4    1
 18  9  1.13   0.0  0.77   1     5    3    0
 18 10
 18 11
 18 12
---------------------------------------------
       14.84   0.0  1.62  May   63   29    4

                                Wind Speed (mph)
                          Dom
 YR MO   Avg.  Hi   Date  Dir
------------------------------
 18  1   0.5  21.0   10     E
 18  2   1.2  27.0   24   ESE
 18  3   2.4  39.0   23     N
 18  4   2.6  35.0   17   NNW
 18  5   1.7  25.0    3   NNE
 18  6   1.6  29.0   19   NNE
 18  7   1.3  24.0   27    NE
 18  8   1.3  23.0    6    NE
 18  9   1.3  17.0   11   ENE
 18 10
 18 11
 18 12
------------------------------
         1.5  39.0  Mar   NNE