NOAA-Style Climate Reports

Select a Year or Month report
2018: Jan Feb Mar Apr May Jun Jul Aug Sep Oct Nov Dec
2017: Jan Feb Mar Apr May Jun Jul Aug Sep Oct Nov Dec
2016: Jan Feb Mar Apr May Jun Jul Aug Sep Oct Nov Dec
2015: Jan Feb Mar Apr May Jun Jul Aug Sep Oct Nov Dec
2014: Jan Feb Mar Apr May Jun Jul Aug Sep Oct Nov Dec
2013: Jan Feb Mar Apr May Jun Jul Aug Sep Oct Nov Dec
2012: Jan Feb Mar Apr May Jun Jul Aug Sep Oct Nov Dec
2011: Jan Feb Mar Apr May Jun Jul Aug Sep Oct Nov Dec
2010: Jan Feb Mar Apr May Jun Jul Aug Sep Oct Nov Dec

Report for 2017 November
                   Monthly Climatological Summary for Nov 2017

Name: StetsonWX   City: Colorado Springs   State: Colorado
Elevation: 6584 ft  Lat: N 38° 54' 02"   Lon: W 104° 42' 23"

                  Temperature (°F), Rain (in), Wind Speed (mph)

                                      Heat  Cool        Avg
    Mean                              Deg   Deg         Wind                 Dom
Day Temp  High   Time   Low    Time   Days  Days  Rain  Speed High   Time    Dir
----------------------------------------------------------------------------------
 1  51.4  65.9   4:04p  32.9   7:11a  13.6   0.0  0.00   0.5   9.0   1:37p   SSW
 2  47.8  60.6  10:50a  33.6   9:13p  17.2   0.0  0.00   1.7  18.0   1:00p    SE
 3  40.4  55.3   3:49p  33.3   6:50a  24.6   0.0  0.00   0.6  11.0   1:06p    SE
 4  53.4  65.2   1:13p  35.4  11:58p  11.6   0.0  0.00   1.1  17.0   2:39p   WSW
 5  39.9  51.3   9:16a  31.9  11:38p  26.1   0.0  0.00   1.1  13.0   9:24a    SE
 6  39.6  53.3   2:07p  27.5   6:48a  25.4   0.0  0.00   0.8  12.0   2:07p    SE
 7  30.6  34.6  12:00a  27.1  11:52p  34.4   0.0  0.00   1.3  10.0  12:01a    SE
 8  29.9  38.8   2:27p  25.0   6:44a  35.1   0.0  0.06   0.1   4.0   2:01a    SE
 9  32.8  42.7   2:19p  26.5   3:34a  32.2   0.0  0.01   0.9  13.0  10:53a    SE
10  38.7  60.0   1:42p  26.7   6:35a  26.3   0.0  0.00   0.3   7.0   1:55p    SE
11  45.5  64.8   2:08p  30.0  11:10p  19.5   0.0  0.00   0.9  13.0   2:39p    NE
12  35.9  48.4   1:33p  23.9   6:16a  29.1   0.0  0.00   1.6  16.0  11:09a   SSE
13  49.8  68.2   2:11p  32.2  12:00a  15.3   0.2  0.00   0.6  10.0   2:57p   SSE
14  48.2  65.8  12:14p  32.8   1:27a  16.8   0.0  0.00   0.3   8.0   9:11a     S
15  35.6  47.5   1:57p  23.4   6:35a  29.4   0.0  0.00   1.9  17.0  10:46a   SSE
16  48.1  67.0   2:45p  28.1  12:09a  17.0   0.1  0.00   0.4  10.0  11:21p    SE
17  52.3  63.3   1:59p  32.0  11:43p  12.7   0.0  0.00   1.9  18.0   8:43p   WNW
18  30.1  42.9   2:20p  19.0   6:50a  34.9   0.0  0.00   0.6  14.0   1:49a     E
19  40.2  57.6   2:00p  19.8  12:17a  24.8   0.0  0.00   0.2   6.0  11:55a    SE
20  49.5  65.3   1:47p  30.8   5:02a  15.5   0.0  0.00   0.6  12.0   2:11p   WNW
21  41.3  48.5   3:32a  27.3  11:58p  23.7   0.0  0.00   0.9  15.0   7:33a   ENE
22  44.7  66.3   2:15p  27.1  12:12a  20.4   0.0  0.00   0.2   5.0  10:57a    SE
23  48.4  66.8   2:21p  35.4   4:42a  16.7   0.0  0.00   0.2   6.0  10:17a    SE
24  52.9  72.2   1:35p  35.2  10:37p  12.9   0.8  0.00   0.7  13.0   1:51p   NNE
25  42.7  60.5   2:27p  30.5   7:26a  22.3   0.0  0.00   0.6  11.0  12:41p    SE
26  49.1  70.1   2:20p  33.8  12:47a  16.4   0.5  0.00   0.2   7.0  11:50a    SE
27  53.5  73.4   2:08p  37.4   7:00a  12.6   1.1  0.00   0.8  15.0  12:24p   SSE
28  35.7  44.6   1:17a  29.6  11:56p  29.3   0.0  0.00   1.6  19.0   1:24a   NNE
29  39.8  64.7   1:10p  22.5   4:07a  25.2   0.0  0.00   1.0  19.0   6:40p   ENE
30  33.7  45.3   2:26p  25.9   8:36p  31.3   0.0  0.00   1.4  14.0   5:20a    SE
----------------------------------------------------------------------------------
    42.7  73.4    27    19.0    18   672.3   2.7  0.07   0.8  19.0    28      SE

Max >=  80.0:  0
Max <=  32.0:  0
Min <=  32.0: 20
Min <=   0.0:  0
Max Rain: 0.06 on day 8
Days of Rain: 2 (>= 0.01 in)  0 (>= 0.10 in)  0 (>= 1.00 in)
Heat Base: 65.0  Cool Base: 65.0  Method: Integration