NOAA-Style Climate Reports

Select a Year or Month report
2018: Jan Feb Mar Apr May Jun Jul Aug Sep Oct Nov Dec
2017: Jan Feb Mar Apr May Jun Jul Aug Sep Oct Nov Dec
2016: Jan Feb Mar Apr May Jun Jul Aug Sep Oct Nov Dec
2015: Jan Feb Mar Apr May Jun Jul Aug Sep Oct Nov Dec
2014: Jan Feb Mar Apr May Jun Jul Aug Sep Oct Nov Dec
2013: Jan Feb Mar Apr May Jun Jul Aug Sep Oct Nov Dec
2012: Jan Feb Mar Apr May Jun Jul Aug Sep Oct Nov Dec
2011: Jan Feb Mar Apr May Jun Jul Aug Sep Oct Nov Dec
2010: Jan Feb Mar Apr May Jun Jul Aug Sep Oct Nov Dec

Report for 2017 October
                   Monthly Climatological Summary for Oct 2017

Name: StetsonWX   City: Colorado Springs   State: Colorado
Elevation: 6584 ft  Lat: N 38° 54' 02"   Lon: W 104° 42' 23"

                  Temperature (°F), Rain (in), Wind Speed (mph)

                                      Heat  Cool        Avg
    Mean                              Deg   Deg         Wind                 Dom
Day Temp  High   Time   Low    Time   Days  Days  Rain  Speed High   Time    Dir
----------------------------------------------------------------------------------
 1  53.7  69.1   2:24p  40.0   5:43a  11.7   0.4  0.00   0.9  18.0  11:53a   SSE
 2  45.7  57.6   4:18p  38.1  11:55p  19.3   0.0  0.00   1.1  15.0  11:57a   ESE
 3  45.8  54.7   5:58p  37.5   3:03a  19.2   0.0  0.02   0.9  15.0  12:38p    SE
 4  51.1  56.3   4:53p  46.7  12:49a  13.9   0.0  0.10   1.6  19.0   3:31p    SE
 5  56.1  68.7  11:50a  44.5   6:14a   9.3   0.3  0.00   0.7  14.0   3:25p    SE
 6  53.3  62.9   1:43p  34.9  11:44p  11.7   0.0  0.00   0.6  12.0   3:38p     E
 7  52.5  71.9   5:33p  31.6   4:46a  13.9   1.4  0.00   0.4  14.0   2:54p    SE
 8  58.8  71.1  11:00a  37.9  11:57p   7.4   1.3  0.00   1.5  19.0   3:09p    SE
 9  32.1  37.9  12:00a  25.2  11:30p  32.9   0.0  0.06   0.9  12.0   2:14p   NNW
10  37.6  54.2   5:19p  21.5   6:15a  27.4   0.0  0.02   0.7  14.0   4:05p    SE
11  50.1  71.0   1:57p  27.0   5:52a  16.4   1.5  0.00   0.5  10.0   2:33p    SE
12  55.8  74.4   3:10p  37.9   6:37a  11.7   2.5  0.00   0.6  12.0   2:58p    SW
13  48.6  60.8   3:16p  37.2   7:00a  16.4   0.0  0.00   0.9  15.0   1:45p    SE
14  46.6  68.6  12:00p  28.2  11:55p  18.6   0.2  0.00   1.2  19.0   3:16p    NE
15  40.0  58.2   4:07p  23.2   7:03a  25.0   0.0  0.00   0.5   9.0   2:10p   ESE
16  50.6  72.4   2:54p  31.6   1:13a  16.1   1.8  0.00   0.2   7.0   4:19p    SE
17  51.4  70.0   2:57p  34.7   7:26a  14.6   1.0  0.00   0.5  10.0  12:27p    SE
18  54.8  72.6   3:07p  38.4   1:32a  11.7   1.6  0.00   0.2   9.0  12:51p   ESE
19  51.7  69.7   1:39p  34.6   6:21a  14.2   0.8  0.00   1.1  14.0   1:25p    SE
20  57.3  72.3   3:55p  40.5   1:06a   9.2   1.6  0.00   0.5  13.0   2:04p   SSE
21  46.3  60.0  12:00a  28.7  11:45p  18.7   0.0  0.00   0.8  11.0  12:03a     N
22  44.8  65.0   2:15p  25.9   6:53a  20.2   0.0  0.00   0.2   7.0  11:55a   ESE
23  44.7  54.3   3:03a  33.1   9:57p  20.3   0.0  0.00   0.3  11.0   8:30a    NE
24  40.4  54.5   4:39p  27.8   7:43a  24.6   0.0  0.00   0.2   7.0  12:47p    SE
25  52.7  75.1   3:20p  31.5   2:20a  13.9   1.6  0.00   0.6  12.0   2:52p    SE
26  43.3  59.6  12:00a  26.7  10:05p  21.7   0.0  0.00   1.9  19.0   1:37p     N
27  32.7  44.2   3:53p  18.1   7:14a  32.3   0.0  0.00   0.3   8.0   8:10p     E
28  39.6  54.9   4:14p  27.8   7:20a  25.3   0.0  0.00   0.1   6.0  10:03a     E
29  47.8  68.3   3:27p  30.6   1:07a  17.4   0.3  0.00   0.6  12.0   9:15p   ENE
30  29.7  37.6   3:01a  25.5  11:52p  35.3   0.0  0.00   1.0  13.0  11:31p     E
31  34.3  50.5   2:33p  24.5   2:58a  30.7   0.0  0.05   1.0  11.0   1:12a    SE
----------------------------------------------------------------------------------
    46.8  75.1    25    18.1    27   581.0  16.3  0.25   0.7  19.0     4     ESE

Max >=  80.0:  0
Max <=  32.0:  0
Min <=  32.0: 17
Min <=   0.0:  0
Max Rain: 0.10 on day 4
Days of Rain: 5 (>= 0.01 in)  1 (>= 0.10 in)  0 (>= 1.00 in)
Heat Base: 65.0  Cool Base: 65.0  Method: Integration