NOAA-Style Climate Reports

Select a Year or Month report
2018: Jan Feb Mar Apr May Jun Jul Aug Sep Oct Nov Dec
2017: Jan Feb Mar Apr May Jun Jul Aug Sep Oct Nov Dec
2016: Jan Feb Mar Apr May Jun Jul Aug Sep Oct Nov Dec
2015: Jan Feb Mar Apr May Jun Jul Aug Sep Oct Nov Dec
2014: Jan Feb Mar Apr May Jun Jul Aug Sep Oct Nov Dec
2013: Jan Feb Mar Apr May Jun Jul Aug Sep Oct Nov Dec
2012: Jan Feb Mar Apr May Jun Jul Aug Sep Oct Nov Dec
2011: Jan Feb Mar Apr May Jun Jul Aug Sep Oct Nov Dec
2010: Jan Feb Mar Apr May Jun Jul Aug Sep Oct Nov Dec

Report for 2017 September
                   Monthly Climatological Summary for Sep 2017

Name: StetsonWX   City: Colorado Springs   State: Colorado
Elevation: 6584 ft  Lat: N 38° 54' 02"   Lon: W 104° 42' 23"

                  Temperature (°F), Rain (in), Wind Speed (mph)

                                      Heat  Cool        Avg
    Mean                              Deg   Deg         Wind                 Dom
Day Temp  High   Time   Low    Time   Days  Days  Rain  Speed High   Time    Dir
----------------------------------------------------------------------------------
 1  67.6  78.6  12:07p  54.7  11:46p   2.1   4.7  0.00   0.7  10.0  11:07a   NNE
 2  67.3  83.3  11:38a  49.8   6:20a   4.8   7.1  0.00   0.6  13.0  12:45p   ENE
 3  70.3  89.3  11:44a  52.5   3:56a   3.8   9.1  0.00   0.4  10.0   2:23p   ENE
 4  70.6  83.9  11:17a  56.7   1:10a   1.3   6.9  0.00   0.4  10.0   8:41p   ESE
 5  57.9  64.8   4:03p  52.8   7:14a   7.1   0.0  0.00   0.6  12.0   8:20a    SE
 6  58.9  71.9  12:07p  42.1   5:53a   8.1   2.0  0.00   0.7  15.0   3:39p   ESE
 7  63.0  79.5   1:13p  47.7   6:32a   6.4   4.3  0.00   0.2   8.0  12:10p   ESE
 8  64.8  81.2  12:07p  50.9   7:04a   5.0   4.8  0.00   0.2   9.0   2:14p   SSE
 9  67.9  85.8  11:31a  50.9   6:55a   4.1   7.1  0.00   0.4  12.0   3:29p   ESE
10  68.8  84.3  11:36a  52.1   6:03a   2.7   6.6  0.00   0.3   7.0  12:45p   ENE
11  67.7  83.4  11:27a  56.4   6:07a   2.0   4.7  0.00   0.1   9.0  11:57a     E
12  66.9  82.0  11:39a  52.1   3:48a   4.4   6.3  0.00   0.4  11.0   5:46p   ESE
13  68.1  87.2  11:37a  54.2  11:59p   2.7   5.9  0.01   0.5  11.0   3:29p   ESE
14  66.3  82.6  11:36a  50.2   7:02a   4.6   6.0  0.00   0.3  12.0   2:04p   ESE
15  65.7  77.3   4:11p  49.9   6:08a   3.2   3.9  0.00   0.5   9.0  11:47p   ESE
16  57.8  67.6   4:04p  49.7   6:40a   7.4   0.2  0.00   1.2  15.0   5:56p    SE
17  53.8  63.5   4:09p  48.7   5:02a  11.2   0.0  0.00   1.2  17.0   4:49p    SE
18  61.2  75.0   4:42p  46.4   4:49a   7.0   3.2  0.00   0.4  12.0  11:17a    SE
19  62.1  78.4   2:20p  45.5  11:59p   6.5   3.6  0.00   0.8  18.0   2:54p    SE
20  52.5  66.7   5:35p  39.7   6:41a  12.6   0.1  0.00   2.2  20.0  11:02a    SE
21  63.7  80.5  11:18a  40.3   4:49a   6.8   5.5  0.00   1.6  19.0   1:05p    SE
22  66.7  78.4   3:22p  46.5   3:02a   3.0   4.7  0.00   1.5  21.0   1:28p   SSE
23  51.3  63.1   9:51a  43.1   9:54p  13.7   0.0  1.28   1.3  18.0   5:00p   ESE
24  47.6  54.9   2:14p  43.2   3:22a  17.4   0.0  0.09   0.7  11.0   1:41p    SE
25  47.2  53.9   4:21p  43.0   7:40a  17.8   0.0  0.17   0.4  11.0   7:41p   ESE
26  47.1  54.9   3:56p  42.5   5:53a  17.9   0.0  0.07   0.4   8.0   5:09a    SE
27  46.4  48.3  12:00a  44.9  10:28p  18.6   0.0  0.47   0.2   8.0  11:59a    SE
28  44.4  46.7   1:57p  41.6  10:35a  20.6   0.0  0.63   0.9  11.0  10:11a    SE
29  46.9  50.5   4:28p  44.6  12:00a  18.1   0.0  0.04   1.0  11.0   5:33p    SE
30  53.5  67.6  11:05a  43.4   7:28a  11.6   0.1  0.00   0.5  13.0   5:09p    SE
----------------------------------------------------------------------------------
    59.8  89.3     3    39.7    20   252.5  96.8  2.76   0.7  21.0    22      SE

Max >=  80.0: 11
Max <=  32.0:  0
Min <=  32.0:  0
Min <=   0.0:  0
Max Rain: 1.28 on day 23
Days of Rain: 8 (>= 0.01 in)  4 (>= 0.10 in)  1 (>= 1.00 in)
Heat Base: 65.0  Cool Base: 65.0  Method: Integration