NOAA-Style Climate Reports

Select a Year or Month report
2018: Jan Feb Mar Apr May Jun Jul Aug Sep Oct Nov Dec
2017: Jan Feb Mar Apr May Jun Jul Aug Sep Oct Nov Dec
2016: Jan Feb Mar Apr May Jun Jul Aug Sep Oct Nov Dec
2015: Jan Feb Mar Apr May Jun Jul Aug Sep Oct Nov Dec
2014: Jan Feb Mar Apr May Jun Jul Aug Sep Oct Nov Dec
2013: Jan Feb Mar Apr May Jun Jul Aug Sep Oct Nov Dec
2012: Jan Feb Mar Apr May Jun Jul Aug Sep Oct Nov Dec
2011: Jan Feb Mar Apr May Jun Jul Aug Sep Oct Nov Dec
2010: Jan Feb Mar Apr May Jun Jul Aug Sep Oct Nov Dec

Report for 2017 July
                   Monthly Climatological Summary for Jul 2017

Name: StetsonWX   City: Colorado Springs   State: Colorado
Elevation: 6584 ft  Lat: N 38° 54' 02"   Lon: W 104° 42' 23"

                  Temperature (°F), Rain (in), Wind Speed (mph)

                                      Heat  Cool        Avg
    Mean                              Deg   Deg         Wind                 Dom
Day Temp  High   Time   Low    Time   Days  Days  Rain  Speed High   Time    Dir
----------------------------------------------------------------------------------
 1  64.8  82.9   4:48p  46.0   6:02a   5.4   5.2  0.57   0.8  13.0  12:30p   ESE
 2  69.6  90.7   1:22p  50.1   5:44a   3.8   8.4  0.02   0.5  14.0   2:09p   ESE
 3  69.9  85.4   2:57p  53.8   5:53a   2.2   7.0  0.00   0.4  17.0   5:04p   ESE
 4  71.6  89.2  11:57a  51.0   6:02a   3.4  10.1  0.00   0.7  13.0  12:21p    NE
 5  73.7  91.3   2:20p  52.1   4:02a   3.1  11.7  0.00   0.5  13.0   5:30p   ESE
 6  74.3  93.1   1:49p  55.3   5:25a   1.9  11.2  0.00   0.7  13.0  12:38p   ESE
 7  68.0  90.8  11:02a  53.6   5:55a   3.1   6.1  0.08   0.5  13.0   2:46p   ESE
 8  65.2  86.1  12:06p  52.4   2:38a   4.5   4.7  0.24   0.4  10.0  12:08p     E
 9  71.9  88.2  12:15p  50.6   6:15a   3.8  10.7  0.00   0.8  15.0   1:10p   ESE
10  74.4  91.6  12:41p  55.2   5:00a   2.1  11.6  0.00   0.5  12.0  12:52p   ESE
11  70.4  92.0   1:02p  57.4   6:06a   1.0   6.4  0.92   0.3   8.0   1:30p   ENE
12  68.0  81.7   1:12p  58.2  11:49p   1.7   4.6  0.40   0.4   9.0   5:02p   NNE
13  62.4  76.8  11:51a  55.9   6:33a   4.5   1.9  0.84   0.4  10.0   1:23p   ESE
14  63.9  79.9   1:54p  53.2   4:34a   4.5   3.3  0.33   0.4   8.0   1:40p   ESE
15  61.5  74.1  11:13a  57.8   5:35a   4.3   0.8  0.44   0.1   9.0   3:28p   ENE
16  67.7  78.1   5:17p  54.9   6:18a   2.7   5.4  0.00   0.9  13.0   4:31p   ESE
17  72.4  89.7  12:35p  57.8   6:22a   2.0   9.4  0.35   0.5   8.0  11:28a     E
18  69.6  88.1  12:28p  55.5   5:03a   2.8   7.4  0.99   0.4  17.0   5:17p    NE
19  74.5  89.9   1:12p  58.1   6:27a   1.0  10.5  0.01   0.8  12.0   2:40p   ESE
20  76.4  88.9  12:31p  63.9  12:49a   0.1  11.4  0.00   0.7  11.0   2:46p     E
21  74.2  89.7  12:26p  59.6   5:34a   0.9  10.0  0.07   0.8  10.0   2:35p   ENE
22  69.3  83.7   4:59p  59.7   6:24a   1.3   5.5  0.00   0.3   9.0   5:58p   ENE
23  71.3  84.1  12:54p  54.0   6:10a   1.8   8.1  0.00   0.7  12.0   1:57p   ESE
24  71.1  87.1   1:26p  55.8   6:18a   2.1   8.2  0.00   0.6  12.0   3:00p   ESE
25  70.9  90.0   1:00p  60.5   6:11a   1.1   6.9  0.15   0.3  10.0   1:51p    NE
26  68.2  83.0  12:04p  61.0  11:56p   1.1   4.4  1.39   0.5  13.0   3:45p   ENE
27  66.7  73.9  12:58p  56.3   6:04a   1.8   3.5  0.20   0.8  12.0   1:13p   ESE
28  69.7  86.4  11:17a  62.0   6:26a   0.6   5.4  0.01   0.4   9.0   5:24p     E
29  64.6  78.9  11:46a  58.4   6:55a   2.9   2.5  0.52   0.2   6.0  12:11a   ESE
30  62.6  74.8   2:07p  56.6   3:42a   4.2   1.8  0.31   0.2   8.0   2:39p   ESE
31  65.0  80.6  12:41p  52.9   4:49a   3.9   3.9  0.03   0.3  10.0   1:57p     E
----------------------------------------------------------------------------------
    69.2  93.1     6    46.0     1    79.6 208.0  7.87   0.5  17.0     3       E

Max >=  80.0: 24
Max <=  32.0:  0
Min <=  32.0:  0
Min <=   0.0:  0
Max Rain: 1.39 on day 26
Days of Rain: 20 (>= 0.01 in)  14 (>= 0.10 in)  1 (>= 1.00 in)
Heat Base: 65.0  Cool Base: 65.0  Method: Integration