NOAA-Style Climate Reports

Select a Year or Month report
2018: Jan Feb Mar Apr May Jun Jul Aug Sep Oct Nov Dec
2017: Jan Feb Mar Apr May Jun Jul Aug Sep Oct Nov Dec
2016: Jan Feb Mar Apr May Jun Jul Aug Sep Oct Nov Dec
2015: Jan Feb Mar Apr May Jun Jul Aug Sep Oct Nov Dec
2014: Jan Feb Mar Apr May Jun Jul Aug Sep Oct Nov Dec
2013: Jan Feb Mar Apr May Jun Jul Aug Sep Oct Nov Dec
2012: Jan Feb Mar Apr May Jun Jul Aug Sep Oct Nov Dec
2011: Jan Feb Mar Apr May Jun Jul Aug Sep Oct Nov Dec
2010: Jan Feb Mar Apr May Jun Jul Aug Sep Oct Nov Dec

Report for 2017 April
                   Monthly Climatological Summary for Apr 2017

Name: StetsonWX   City: Colorado Springs   State: Colorado
Elevation: 6584 ft  Lat: N 38° 54' 02"   Lon: W 104° 42' 23"

                  Temperature (°F), Rain (in), Wind Speed (mph)

                                      Heat  Cool        Avg
    Mean                              Deg   Deg         Wind                 Dom
Day Temp  High   Time   Low    Time   Days  Days  Rain  Speed High   Time    Dir
----------------------------------------------------------------------------------
 1  32.9  39.7   4:00p  30.3   5:23a  32.1   0.0  0.17   0.2   8.0  11:06p    SE
 2  44.0  58.6   1:21p  29.6   5:23a  21.0   0.0  0.31   0.5  12.0   4:55p   ESE
 3  42.5  55.2  11:20a  32.2  11:55p  22.5   0.0  0.01   1.3  18.0   4:35p     E
 4  32.9  40.9  12:59p  28.8   6:25a  32.1   0.0  0.49   0.5  10.0  12:16p     N
 5  36.5  48.4  12:53p  23.0   7:03a  28.5   0.0  0.13   0.4   9.0   1:26p   ESE
 6  44.7  60.0   1:22p  26.9   6:11a  20.3   0.0  0.00   1.4  14.0   3:54p    SE
 7  56.4  74.0   4:30p  34.7   2:45a  10.9   2.4  0.00   0.7  11.0   1:09p   SSE
 8  61.7  73.3  12:15p  51.4  10:06p   4.8   1.5  0.00   1.1  14.0  12:09p   SSE
 9  53.7  66.0   1:03p  39.4  11:59p  11.3   0.0  0.00   1.0  18.0   5:41a   ESE
10  44.1  55.7   2:51p  30.0   7:09a  20.9   0.0  0.00   2.2  21.0   4:18p    SE
11  47.7  64.5  12:17p  24.7   6:44a  17.2   0.0  0.00   1.4  20.0   3:31p    SE
12  56.2  73.1   1:05p  36.9   4:50a  10.5   1.7  0.00   1.3  20.0   3:28p   ESE
13  56.3  70.3   3:39p  37.8   5:53a   9.9   1.2  0.00   2.2  20.0   5:43p    SE
14  60.9  79.5   2:20p  39.7   6:34a   8.1   4.0  0.00   0.9  16.0   1:24p   SSE
15  56.0  71.3   1:47p  41.2   3:58a   9.3   0.3  0.01   1.7  18.0   2:10p   ESE
16  53.1  65.2   2:01p  40.1   6:51a  11.9   0.0  0.00   2.1  16.0  11:39a    SE
17  55.4  68.8   4:52p  43.6  12:26a  10.1   0.6  0.00   1.5  17.0   2:15p    SE
18  57.0  68.3   4:35p  43.5   3:11a   8.4   0.4  0.00   2.2  21.0   2:45p    SE
19  62.1  75.8   1:52p  45.9   1:08a   6.1   3.2  0.00   1.2  15.0   7:22p    NE
20  45.0  58.0   2:15p  37.4   6:37a  20.0   0.0  0.67   1.8  18.0   1:19p    SE
21  40.9  50.0   1:02p  34.4   4:28a  24.1   0.0  0.36   1.4  14.0   1:45a   ESE
22  38.7  47.5   5:15p  32.9   6:16a  26.3   0.0  0.23   0.9  10.0   1:56p    SE
23  48.5  63.8   6:01p  30.0   6:10a  16.5   0.0  0.00   1.4  15.0   2:12p    SE
24  56.8  69.4  12:32p  38.9   2:29a   8.6   0.4  0.00   0.9  13.0  10:04a   ESE
25  43.5  58.3  10:45a  33.3  11:59p  21.5   0.0  0.15   0.9  15.0   6:07p     E
26  41.1  54.6  12:19p  25.8   6:06a  23.9   0.0  0.00   0.5  11.0   3:01p   ESE
27  42.1  57.6  12:45p  32.5   2:27a  22.9   0.0  0.01   0.7  10.0  12:32p    NE
28  38.9  54.2  11:38a  28.1  11:49p  26.1   0.0  0.00   0.8  13.0   2:36p   ENE
29  27.9  31.2   4:00p  25.6   9:13p  37.1   0.0  0.01   1.1  13.0   3:30p   NNW
30  38.6  53.6   4:38p  25.6  12:00a  26.4   0.0  0.01   1.4  13.0   5:37p     N
----------------------------------------------------------------------------------
    47.2  79.5    14    23.0     5   549.3  15.7  2.56   1.2  21.0    10     ESE

Max >=  80.0:  0
Max <=  32.0:  1
Min <=  32.0: 12
Min <=   0.0:  0
Max Rain: 0.67 on day 20
Days of Rain: 13 (>= 0.01 in)  8 (>= 0.10 in)  0 (>= 1.00 in)
Heat Base: 65.0  Cool Base: 65.0  Method: Integration