NOAA-Style Climate Reports

Select a Year or Month report
2018: Jan Feb Mar Apr May Jun Jul Aug Sep Oct Nov Dec
2017: Jan Feb Mar Apr May Jun Jul Aug Sep Oct Nov Dec
2016: Jan Feb Mar Apr May Jun Jul Aug Sep Oct Nov Dec
2015: Jan Feb Mar Apr May Jun Jul Aug Sep Oct Nov Dec
2014: Jan Feb Mar Apr May Jun Jul Aug Sep Oct Nov Dec
2013: Jan Feb Mar Apr May Jun Jul Aug Sep Oct Nov Dec
2012: Jan Feb Mar Apr May Jun Jul Aug Sep Oct Nov Dec
2011: Jan Feb Mar Apr May Jun Jul Aug Sep Oct Nov Dec
2010: Jan Feb Mar Apr May Jun Jul Aug Sep Oct Nov Dec

Report for 2017 March
                   Monthly Climatological Summary for Mar 2017

Name: StetsonWX   City: Colorado Springs   State: Colorado
Elevation: 6584 ft  Lat: N 38° 54' 02"   Lon: W 104° 42' 23"

                  Temperature (°F), Rain (in), Wind Speed (mph)

                                      Heat  Cool        Avg
    Mean                              Deg   Deg         Wind                 Dom
Day Temp  High   Time   Low    Time   Days  Days  Rain  Speed High   Time    Dir
----------------------------------------------------------------------------------
 1  28.8  41.3   2:25p  15.5   7:02a  36.2   0.0  0.01   1.4  18.0   2:44p    SE
 2  31.3  47.7   1:47p  14.1   6:29a  33.7   0.0  0.00   1.0  15.0   1:25p    SE
 3  40.6  62.3   1:17p  16.7   3:54a  24.4   0.0  0.00   0.9  13.0   5:30p    SE
 4  45.8  66.8   1:42p  24.9   5:44a  19.3   0.1  0.00   0.4  11.0   4:10p    SE
 5  48.7  63.3   1:13p  34.8   1:33a  16.3   0.0  0.00   1.7  21.0   8:12p   SSW
 6  36.3  48.2  12:00a  21.2  10:59p  28.7   0.0  0.00   2.1  17.0   3:24a     S
 7  38.6  54.1   2:57p  20.6   2:54a  26.4   0.0  0.00   0.9  12.0   7:43a     E
 8  51.5  66.6  12:51p  38.2   3:49a  13.6   0.1  0.00   1.2  16.0   4:57a     E
 9  53.5  72.9   1:08p  32.0   3:49a  12.7   1.2  0.00   0.9  18.0   2:11p   ENE
10  37.3  52.5   2:27p  22.5   6:36a  27.7   0.0  0.00   0.6  10.0   2:25a    SE
11  42.5  53.6  12:54p  30.8  11:58p  22.5   0.0  0.00   1.7  14.0   6:41p   ESE
12  41.0  65.0  12:12p  25.5   6:48a  23.0   0.0  0.00   0.9  17.0   4:05p   NNE
13  37.1  55.4   4:45p  20.3   7:29a  27.9   0.0  0.00   0.5  12.0  12:35p    SE
14  50.2  72.5   1:46p  29.9   3:34a  15.6   0.8  0.00   0.7  11.0   5:31p    NE
15  54.3  76.1   2:52p  31.5   2:55a  13.6   3.0  0.00   0.5   9.0   4:57p    NE
16  57.6  73.6   1:37p  42.7  12:00a   9.0   1.6  0.00   0.5  14.0   3:49p   ESE
17  52.3  65.4   4:15p  37.3   5:25a  12.7   0.0  0.00   2.0  17.0   1:47p    SE
18  55.5  75.8   4:28p  33.4   5:10a  12.6   3.1  0.00   0.9  16.0   3:49p    SE
19  62.9  78.7   1:50p  43.7  12:23a   5.8   3.7  0.00   0.5  12.0   2:26p   SSW
20  59.5  77.6  12:33p  40.2   6:59a   8.3   2.8  0.00   0.6  14.0  11:37a   ESE
21  47.6  59.1   2:11p  32.9   7:24a  17.4   0.0  0.00   1.8  13.0   1:10p    SE
22  46.6  61.9   3:53p  33.8   6:59a  18.4   0.0  0.00   1.4  12.0   1:13p    SE
23  53.5  70.6   2:11p  34.7   5:27a  12.4   0.9  0.02   2.0  25.0  11:27p     S
24  35.1  42.1   2:23p  28.5  11:53p  29.9   0.0  0.13   2.5  17.0   1:51a     N
25  41.4  55.8   2:52p  24.6   5:29a  23.5   0.0  0.01   1.4  16.0   5:06p    SE
26  42.7  52.8   3:21p  34.3   1:02a  22.3   0.0  0.01   1.3  16.0  10:17a   NNE
27  45.8  56.6   2:02p  31.2   6:36a  19.2   0.0  0.00   2.3  18.0  12:59p    SE
28  41.5  50.9   1:24p  35.9   6:15a  23.5   0.0  0.05   1.1  11.0  10:35p     N
29  39.5  51.3   4:53p  32.3   4:19a  25.5   0.0  0.01   1.8  13.0  11:45a     N
30  47.2  63.2  12:33p  29.0   4:58a  17.8   0.0  0.00   1.4  19.0   4:06p    SE
31  35.6  42.6  12:00a  30.8  11:39p  29.4   0.0  0.05   0.9   9.0   2:38p   ESE
----------------------------------------------------------------------------------
    45.2  78.7    19    14.1     2   629.3  17.3  0.29   1.2  25.0    23     ESE

Max >=  80.0:  0
Max <=  32.0:  0
Min <=  32.0: 18
Min <=   0.0:  0
Max Rain: 0.13 on day 24
Days of Rain: 8 (>= 0.01 in)  1 (>= 0.10 in)  0 (>= 1.00 in)
Heat Base: 65.0  Cool Base: 65.0  Method: Integration