NOAA-Style Climate Reports

Select a Year or Month report
2018: Jan Feb Mar Apr May Jun Jul Aug Sep Oct Nov Dec
2017: Jan Feb Mar Apr May Jun Jul Aug Sep Oct Nov Dec
2016: Jan Feb Mar Apr May Jun Jul Aug Sep Oct Nov Dec
2015: Jan Feb Mar Apr May Jun Jul Aug Sep Oct Nov Dec
2014: Jan Feb Mar Apr May Jun Jul Aug Sep Oct Nov Dec
2013: Jan Feb Mar Apr May Jun Jul Aug Sep Oct Nov Dec
2012: Jan Feb Mar Apr May Jun Jul Aug Sep Oct Nov Dec
2011: Jan Feb Mar Apr May Jun Jul Aug Sep Oct Nov Dec
2010: Jan Feb Mar Apr May Jun Jul Aug Sep Oct Nov Dec

Report for 2017 February
                   Monthly Climatological Summary for Feb 2017

Name: StetsonWX   City: Colorado Springs   State: Colorado
Elevation: 6584 ft  Lat: N 38° 54' 02"   Lon: W 104° 42' 23"

                  Temperature (°F), Rain (in), Wind Speed (mph)

                                      Heat  Cool        Avg
    Mean                              Deg   Deg         Wind                 Dom
Day Temp  High   Time   Low    Time   Days  Days  Rain  Speed High   Time    Dir
----------------------------------------------------------------------------------
 1  30.0  43.1   2:52p  19.4  11:42p  35.0   0.0  0.00   0.9  11.0   9:22p    SE
 2  16.8  19.6  12:00a  14.5   7:43a  48.2   0.0  0.00   0.6  10.0  12:08a    SE
 3  18.5  22.8   1:09p  12.5   2:58a  46.5   0.0  0.00   0.1   5.0   2:44p   ESE
 4  43.4  57.2   1:53p  19.5  12:40a  21.6   0.0  0.02   1.1  13.0  10:49a    NE
 5  39.2  60.0   2:02p  24.0   4:59a  25.8   0.0  0.00   0.4  14.0   2:19p   SSE
 6  43.7  59.3  10:49a  28.7   4:02a  21.3   0.0  0.00   0.8  13.0  11:07a    NE
 7  49.5  62.2   2:31p  35.2   2:03a  15.5   0.0  0.00   1.4  14.0   7:05a     E
 8  47.8  57.8   1:15p  34.1  11:59p  17.2   0.0  0.00   1.0  15.0   4:05a    NE
 9  50.9  67.7   1:43p  32.8  12:25a  14.3   0.2  0.00   0.5  10.0  12:14p     S
10  57.2  74.0   2:22p  40.9   7:14a   9.7   1.9  0.00   1.1  13.0  11:34a    NE
11  52.3  65.4  12:47p  31.5  11:58p  12.7   0.0  0.00   1.3  13.0   7:11a    NE
12  31.4  40.7   1:49p  23.5  11:58p  33.6   0.0  0.03   1.5  17.0  12:49p    SE
13  35.2  43.1  11:27a  22.9   1:00a  29.8   0.0  0.00   0.7  11.0  12:39p     N
14  33.4  44.5   1:04p  23.2  11:58p  31.6   0.0  0.00   1.0  12.0   1:38p   NNE
15  36.7  59.8   3:35p  17.4   3:40a  28.2   0.0  0.00   0.4   7.0  12:21p    SE
16  44.4  66.1   1:51p  25.9   3:08a  20.6   0.0  0.00   1.1  14.0   2:14p    SE
17  46.0  63.7  11:00a  28.5  11:52p  19.0   0.0  0.00   0.9  14.0   2:35p    SE
18  42.8  58.8   1:05p  28.8  12:16a  22.2   0.0  0.00   1.3  17.0   3:35p    SE
19  43.7  55.8   9:16a  28.9   4:28a  21.3   0.0  0.00   1.6  21.0   3:47p    SE
20  43.7  61.0   3:21p  27.1   5:11a  21.3   0.0  0.00   0.6  12.0  11:59a    SE
21  56.5  69.8   1:30p  36.2  12:00a   9.3   0.8  0.00   1.6  13.0   4:35a   ESE
22  51.4  64.9   1:45p  33.3  11:48p  13.6   0.0  0.00   1.0  11.0  12:03p     S
23  28.4  39.2   2:05p  14.4  11:35p  36.6   0.0  0.11   1.5  12.0   4:59a     N
24  18.1  27.2   1:00p  10.1   6:56a  46.9   0.0  0.00   0.4  11.0   1:16a    NE
25  23.6  40.0   2:31p   6.7   5:03a  41.4   0.0  0.01   0.5  11.0  11:58a   ESE
26  28.9  42.3   4:12p  17.0   3:59a  36.1   0.0  0.00   0.6  12.0  12:17p   ESE
27  35.1  53.0   1:46p  15.2   3:35a  29.9   0.0  0.00   1.5  17.0   2:59p   SSE
28  29.2  39.5  12:29a  17.5  11:38p  35.8   0.0  0.00   1.2  15.0  12:13p   ESE
----------------------------------------------------------------------------------
    38.5  74.0    10     6.7    25   745.0   2.9  0.17   0.9  21.0    19     ESE

Max >=  80.0:  0
Max <=  32.0:  3
Min <=  32.0: 22
Min <=   0.0:  0
Max Rain: 0.11 on day 23
Days of Rain: 4 (>= 0.01 in)  1 (>= 0.10 in)  0 (>= 1.00 in)
Heat Base: 65.0  Cool Base: 65.0  Method: Integration