NOAA-Style Climate Reports

Select a Year or Month report
2018: Jan Feb Mar Apr May Jun Jul Aug Sep Oct Nov Dec
2017: Jan Feb Mar Apr May Jun Jul Aug Sep Oct Nov Dec
2016: Jan Feb Mar Apr May Jun Jul Aug Sep Oct Nov Dec
2015: Jan Feb Mar Apr May Jun Jul Aug Sep Oct Nov Dec
2014: Jan Feb Mar Apr May Jun Jul Aug Sep Oct Nov Dec
2013: Jan Feb Mar Apr May Jun Jul Aug Sep Oct Nov Dec
2012: Jan Feb Mar Apr May Jun Jul Aug Sep Oct Nov Dec
2011: Jan Feb Mar Apr May Jun Jul Aug Sep Oct Nov Dec
2010: Jan Feb Mar Apr May Jun Jul Aug Sep Oct Nov Dec

Report for 2017 January
                   Monthly Climatological Summary for Jan 2017

Name: StetsonWX   City: Colorado Springs   State: Colorado
Elevation: 6584 ft  Lat: N 38° 54' 02"   Lon: W 104° 42' 23"

                  Temperature (°F), Rain (in), Wind Speed (mph)

                                      Heat  Cool        Avg
    Mean                              Deg   Deg         Wind                 Dom
Day Temp  High   Time   Low    Time   Days  Days  Rain  Speed High   Time    Dir
----------------------------------------------------------------------------------
 1  31.7  47.0  12:51p  14.0   5:19a  33.0   0.0  0.00   0.3   9.0   9:40a    NE
 2  32.9  51.6   2:32p  18.2  11:59p  31.7   0.0  0.00   0.4   9.0   2:41p   NNE
 3  16.3  20.8   3:09p   7.5  11:56p  48.6   0.0  0.00   0.2   8.0   1:52a    SE
 4  14.7  29.7   2:16p   5.4   8:22p  50.3   0.0  0.00   0.7  10.0  11:37a   ESE
 5   4.0  12.7  12:58p   0.3   7:32a  61.0   0.0  0.00   0.0   5.0   4:43a   NNE
 6   8.5  24.0   2:18p  -4.0   7:51a  56.4   0.0  0.00   0.1   4.0  12:13p    SE
 7  15.8  32.4  10:52a   1.0  12:04a  49.2   0.0  0.00   0.4   8.0  11:03p   ESE
 8  39.7  50.9   9:02a  16.6  12:00a  25.3   0.0  0.08   0.9  13.0   9:10a     E
 9  50.8  59.0   1:24p  34.8  12:36a  14.2   0.0  0.00   3.3  27.0  11:54p     S
10  40.4  49.3   2:10p  29.2   7:16a  24.6   0.0  0.00   1.6  18.0   1:33p   ESE
11  44.9  56.4  10:25a  30.8  10:46p  19.6   0.0  0.00   1.4  13.0   9:42a   SSW
12  32.0  44.8   1:14p  18.7  11:57p  33.0   0.0  0.00   1.4  22.0   2:47p    SE
13  27.8  45.5   1:52p  17.1   7:31a  35.9   0.0  0.00   0.2   8.0  12:56p   ESE
14  31.4  48.1   2:24p  21.9   5:04a  33.0   0.0  0.00   0.1   8.0   2:31p    SE
15  30.5  34.5   1:40p  23.6  12:00a  34.5   0.0  0.02   0.1   6.0   2:58p     N
16  29.6  32.4   1:29p  24.7  11:59p  35.4   0.0  0.00   1.5  11.0   9:40a     N
17  30.1  44.7   2:19p  20.5  11:52p  34.9   0.0  0.02   0.1   6.0   1:09p    SE
18  32.9  53.6  11:15a  20.1   3:40a  32.1   0.0  0.01   0.4   9.0   3:20p   ESE
19  37.4  53.4   2:20p  22.4   6:46a  27.6   0.0  0.00   0.4   7.0   1:17p    SE
20  33.2  38.8   1:10p  25.5   9:25p  31.8   0.0  0.06   0.5   8.0   2:54p    SE
21  29.7  41.3  11:47a  18.3   4:56a  35.3   0.0  0.00   0.3   8.0  12:45p    SE
22  33.6  44.9  11:02a  26.5   7:34a  31.4   0.0  0.00   0.8  10.0   3:31p   ESE
23  36.0  50.4  10:36a  22.0   4:10a  29.0   0.0  0.00   0.6  14.0  12:46p     S
24  27.0  37.1  12:00a  17.2  11:52p  38.0   0.0  0.00   1.2  11.0  11:17a     N
25  19.5  28.3   1:52p  12.0  11:33p  45.5   0.0  0.00   0.3   8.0  11:13a   ESE
26  16.3  24.6  12:08p   7.8  11:53p  48.7   0.0  0.00   0.2   8.0  10:53a   ESE
27  20.3  37.6   2:17p   3.2   2:58a  44.7   0.0  0.01   0.4  10.0   1:52p     N
28  29.0  49.7  10:51a   8.7   6:08a  36.0   0.0  0.00   0.5  10.0   3:03p     N
29  35.9  56.6  11:12a  20.5   6:06a  29.1   0.0  0.00   0.6  14.0  11:44a   NNE
30  42.4  60.0   3:02p  26.1   1:49a  22.5   0.0  0.00   0.3   7.0  12:28p    SE
31  45.9  63.7   2:10p  29.4   7:19a  19.1   0.0  0.00   0.4   8.0  10:51a     S
----------------------------------------------------------------------------------
    29.7  63.7    31    -4.0     6  1091.4   0.0  0.20   0.5  27.0     9     ESE

Max >=  80.0:  0
Max <=  32.0:  6
Min <=  32.0: 30
Min <=   0.0:  1
Max Rain: 0.08 on day 8
Days of Rain: 6 (>= 0.01 in)  0 (>= 0.10 in)  0 (>= 1.00 in)
Heat Base: 65.0  Cool Base: 65.0  Method: Integration