NOAA-Style Climate Reports

Select a Year or Month report
2018: Jan Feb Mar Apr May Jun Jul Aug Sep Oct Nov Dec
2017: Jan Feb Mar Apr May Jun Jul Aug Sep Oct Nov Dec
2016: Jan Feb Mar Apr May Jun Jul Aug Sep Oct Nov Dec
2015: Jan Feb Mar Apr May Jun Jul Aug Sep Oct Nov Dec
2014: Jan Feb Mar Apr May Jun Jul Aug Sep Oct Nov Dec
2013: Jan Feb Mar Apr May Jun Jul Aug Sep Oct Nov Dec
2012: Jan Feb Mar Apr May Jun Jul Aug Sep Oct Nov Dec
2011: Jan Feb Mar Apr May Jun Jul Aug Sep Oct Nov Dec
2010: Jan Feb Mar Apr May Jun Jul Aug Sep Oct Nov Dec

Report for 2017
                   Annual Climatological Summary for 2017

Name: StetsonWX   City: Colorado Springs   State: Colorado
Elevation: 6584 ft  Lat: N 38° 54' 02"   Lon: W 104° 42' 23"

                  Temperature (°F), Heat Base: 65.0  Cool Base: 65.0
                          Dep.  Heat  Cool                       Max  Max  Min  Min
        Mean  Mean        From  Deg   Deg                        >=   <=   <=   <=
 YR MO  Max   Min   Mean  Norm  Days  Days  Hi  Date  Low  Date 80.0 32.0 32.0   0.0
------------------------------------------------------------------------------------
 17  1  42.7  17.4  29.7   0.0  1091     0  63.7  31  -4.0    6    0    6   30    1
 17  2  52.1  23.9  38.5   0.0   745     2  74.0  10   6.7   25    0    3   22    0
 17  3  60.5  29.8  45.2   0.0   629    17  78.7  19  14.1    2    0    0   18    0
 17  4  60.2  34.1  47.2   0.0   549    15  79.5  14  23.0    5    0    1   12    0
 17  5  68.3  38.7  53.3   0.0   404    41  83.3  24  28.2    4    4    0    6    0
 17  6  82.4  51.1  67.5   0.0   117   191  94.7  21  43.8    1   16    0    0    0
 17  7  85.2  55.8  69.2   0.0    79   207  93.1   6  46.0    1   24    0    0    0
 17  8  77.9  51.9  64.3   0.0   139   118  87.5  26  47.9   25   14    0    0    0
 17  9  72.2  47.9  59.8   0.0   252    96  89.3   3  39.7   20   11    0    0    0
 17 10  61.9  32.0  46.8   0.0   581    16  75.1  25  18.1   27    0    0   17    0
 17 11  57.7  29.2  42.7   0.0   672     2  73.4  27  19.0   18    0    0   20    0
 17 12  48.0  16.8  31.4   0.0  1040     0  64.9  29   2.6   24    0    3   31    0
------------------------------------------------------------------------------------
        64.1  35.7  49.6   0.0  6302   711  94.7 Jun  -4.0  Jan   69   13  156    1

                                Precipitation (in)

              Dep.   Max        Days of Rain
              From   Obs.           >=
 YR MO Total  Norm   Day Date 0.01 0.10 1.00
---------------------------------------------
 17  1  0.20   0.0  0.08   8     6    0    0
 17  2  0.17   0.0  0.11  23     4    1    0
 17  3  0.29   0.0  0.13  24     8    1    0
 17  4  2.56   0.0  0.67  20    13    8    0
 17  5  3.59   0.0  1.75  18    18    8    1
 17  6  0.22   0.0  0.17   6     4    1    0
 17  7  7.87   0.0  1.39  26    20   14    1
 17  8  3.17   0.0  0.97   8    14    7    0
 17  9  2.76   0.0  1.28  23     8    4    1
 17 10  0.25   0.0  0.10   4     5    1    0
 17 11  0.07   0.0  0.06   8     2    0    0
 17 12  0.00   0.0  0.00   0     0    0    0
---------------------------------------------
       21.15   0.0  1.75  May  102   45    3

                                Wind Speed (mph)
                          Dom
 YR MO   Avg.  Hi   Date  Dir
------------------------------
 17  1   0.5  27.0    9   ENE
 17  2   0.9  21.0   19   ESE
 17  3   1.2  25.0   23   ESE
 17  4   1.2  21.0   10   ESE
 17  5   1.0  23.0    8   ESE
 17  6   0.9  23.0   12   ESE
 17  7   0.5  17.0    3     E
 17  8   0.5  17.0   18   ESE
 17  9   0.7  21.0   22    SE
 17 10   0.7  19.0    4   ESE
 17 11   0.8  19.0   28    SE
 17 12   0.7  22.0    3   ENE
------------------------------
         0.8  27.0  Jan   ESE