NOAA-Style Climate Reports

Select a Year or Month report
2018: Jan Feb Mar Apr May Jun Jul Aug Sep Oct Nov Dec
2017: Jan Feb Mar Apr May Jun Jul Aug Sep Oct Nov Dec
2016: Jan Feb Mar Apr May Jun Jul Aug Sep Oct Nov Dec
2015: Jan Feb Mar Apr May Jun Jul Aug Sep Oct Nov Dec
2014: Jan Feb Mar Apr May Jun Jul Aug Sep Oct Nov Dec
2013: Jan Feb Mar Apr May Jun Jul Aug Sep Oct Nov Dec
2012: Jan Feb Mar Apr May Jun Jul Aug Sep Oct Nov Dec
2011: Jan Feb Mar Apr May Jun Jul Aug Sep Oct Nov Dec
2010: Jan Feb Mar Apr May Jun Jul Aug Sep Oct Nov Dec

Report for 2016 December
                   Monthly Climatological Summary for Dec 2016

Name: StetsonWX   City: Colorado Springs   State: Colorado
Elevation: 6584 ft  Lat: N 38° 54' 02"   Lon: W 104° 42' 23"

                  Temperature (°F), Rain (in), Wind Speed (mph)

                                      Heat  Cool        Avg
    Mean                              Deg   Deg         Wind                 Dom
Day Temp  High   Time   Low    Time   Days  Days  Rain  Speed High   Time    Dir
----------------------------------------------------------------------------------
 1  21.7  36.7   2:00p   9.9   1:55a  43.3   0.0  0.00   0.3   7.0  12:28p    SE
 2  21.8  29.4  10:35a  13.1  12:36a  43.2   0.0  0.00   0.7  12.0  10:49a    SE
 3  27.1  42.8  12:50p  17.3   5:39a  37.9   0.0  0.02   0.6  11.0  12:01a   ESE
 4  26.9  43.9   1:45p  11.7   4:16a  38.1   0.0  0.00   0.4   9.0   1:37p    SE
 5  34.8  55.0  10:10a  12.4  11:49p  30.2   0.0  0.00   1.2  21.0  10:53a   ENE
 6  14.1  22.3   1:47p   6.8   4:25a  50.8   0.0  0.00   1.9  19.0   1:15p    SE
 7  12.7  21.1   9:51a   6.5   6:52p  52.3   0.0  0.00   0.3   8.0   1:30p   ENE
 8   8.9  14.5  11:33a   5.0   4:35a  56.1   0.0  0.00   0.8  12.0  11:48a    SE
 9  28.0  50.2  10:57a   4.9   3:09a  37.0   0.0  0.09   0.3   7.0   2:13p    SE
10  42.0  62.0   2:31p  23.7   2:26a  22.9   0.0  0.00   1.0  21.0   6:30p   ENE
11  33.5  45.4   3:34a  19.9  10:46p  31.5   0.0  0.00   1.0  16.0  10:13a    SE
12  34.5  52.0  11:42a  17.6  11:58p  30.5   0.0  0.00   0.6  13.0   2:29p    SE
13  24.4  35.6   2:16p  14.7   7:12a  40.6   0.0  0.00   0.6  11.0  10:22a    SE
14  22.3  35.2   2:51a  10.4  11:57p  42.7   0.0  0.00   1.3  18.0  11:40a    SE
15  36.2  63.4   2:21p   9.7   1:52a  28.7   0.0  0.00   0.8  13.0   9:15p    NE
16  43.5  62.2  10:56a  10.8  11:42p  21.5   0.0  0.00   1.4  20.0   8:15a    SE
17  -1.4  11.4  12:00a -11.2   8:26p  66.4   0.0  0.00   0.6  10.0   1:57a     N
18   8.5  28.9   2:08p  -8.2   1:37a  56.5   0.0  0.00   0.1   8.0   8:26a    SE
19  26.4  43.5  11:02p  -0.5  12:30a  38.6   0.0  0.01   0.4   8.0   1:21p     E
20  39.9  53.1   1:56p  28.8   7:37p  25.1   0.0  0.00   0.3   7.0   2:36a     E
21  39.5  51.9   1:08a  27.2  11:57p  25.5   0.0  0.00   1.4  11.0   1:06p     E
22  26.2  30.2   1:17p  24.8   7:19a  38.8   0.0  0.00   0.8   9.0   2:13a    SE
23  37.0  53.1  10:35a  25.1  11:37p  28.0   0.0  0.00   0.4   9.0   2:40p    SE
24  34.9  51.8   2:09p  22.8   7:28a  30.1   0.0  0.00   1.0  13.0   1:36p    SE
25  33.5  38.2   2:28p  29.3  10:58p  31.5   0.0  0.19   1.5  15.0   1:33p    SE
26  27.9  40.8  10:51a  14.1  10:45p  36.0   0.0  0.00   0.3   8.0   2:44p   ENE
27  39.7  51.8   3:42p  15.5  12:43a  25.3   0.0  0.00   0.9  13.0   6:09p     E
28  40.8  52.3  10:11a  24.8   8:58p  24.2   0.0  0.00   1.5  12.0  12:00p   NNE
29  25.9  36.7   2:13p  13.3   7:34a  39.1   0.0  0.00   0.5  14.0   2:24a    SE
30  44.5  60.8   1:53p  27.3   5:11a  20.5   0.0  0.00   0.4   8.0  12:50p     E
31  25.7  35.6   2:12a  17.0   9:58p  39.3   0.0  0.00   0.3   9.0  10:19a    SE
----------------------------------------------------------------------------------
    28.4  63.4    15   -11.2    17  1132.2   0.0  0.31   0.8  21.0     5     ESE

Max >=  80.0:  0
Max <=  32.0:  7
Min <=  32.0: 31
Min <=   0.0:  3
Max Rain: 0.19 on day 25
Days of Rain: 4 (>= 0.01 in)  1 (>= 0.10 in)  0 (>= 1.00 in)
Heat Base: 65.0  Cool Base: 65.0  Method: Integration