NOAA-Style Climate Reports

Select a Year or Month report
2018: Jan Feb Mar Apr May Jun Jul Aug Sep Oct Nov Dec
2017: Jan Feb Mar Apr May Jun Jul Aug Sep Oct Nov Dec
2016: Jan Feb Mar Apr May Jun Jul Aug Sep Oct Nov Dec
2015: Jan Feb Mar Apr May Jun Jul Aug Sep Oct Nov Dec
2014: Jan Feb Mar Apr May Jun Jul Aug Sep Oct Nov Dec
2013: Jan Feb Mar Apr May Jun Jul Aug Sep Oct Nov Dec
2012: Jan Feb Mar Apr May Jun Jul Aug Sep Oct Nov Dec
2011: Jan Feb Mar Apr May Jun Jul Aug Sep Oct Nov Dec
2010: Jan Feb Mar Apr May Jun Jul Aug Sep Oct Nov Dec

Report for 2016 November
                   Monthly Climatological Summary for Nov 2016

Name: StetsonWX   City: Colorado Springs   State: Colorado
Elevation: 6584 ft  Lat: N 38° 54' 02"   Lon: W 104° 42' 23"

                  Temperature (°F), Rain (in), Wind Speed (mph)

                                      Heat  Cool        Avg
    Mean                              Deg   Deg         Wind                 Dom
Day Temp  High   Time   Low    Time   Days  Days  Rain  Speed High   Time    Dir
----------------------------------------------------------------------------------
 1  47.3  58.4   1:56p  38.8   2:34a  17.7   0.0  0.00   1.2  16.0   2:13p    SE
 2  48.2  61.3   2:37p  34.2  11:49p  16.8   0.0  0.00   1.0  10.0   6:37a     N
 3  45.9  64.5   2:47p  31.7   4:27a  19.1   0.0  0.00   0.6  12.0   4:00p    SE
 4  45.9  62.0   2:05p  34.3   7:27a  19.1   0.0  0.00   1.3  20.0   2:54p    SE
 5  46.2  60.8   3:05p  34.7   5:15a  18.8   0.0  0.00   0.7  11.0   2:23p    SE
 6  47.6  63.8  10:39a  35.1   6:50a  18.1   0.0  0.00   0.2   6.0  12:57p    NE
 7  46.4  59.5  12:43p  32.3  11:29p  18.6   0.0  0.00   0.9  10.0   2:15p     N
 8  42.4  59.8   1:58p  28.9  11:57p  22.6   0.0  0.00   0.6   9.0   3:27p   ESE
 9  41.9  61.9   1:51p  27.3   6:39a  23.1   0.0  0.00   0.5  11.0   2:28p    SE
10  48.9  65.7   9:44a  33.7  12:04a  16.1   0.0  0.00   1.0  12.0  10:22a     N
11  39.6  52.1   2:00p  26.8   7:04a  25.4   0.0  0.00   0.9  14.0   2:04p    SE
12  40.0  57.9   2:06p  25.3   6:22a  25.0   0.0  0.00   0.5   9.0  12:22p    SE
13  46.9  61.2  12:08p  33.1  10:41p  18.0   0.0  0.00   0.2   7.0  10:56a   NNE
14  45.7  68.0   1:57p  27.7   5:54a  19.4   0.1  0.00   0.2   5.0  10:59a    SE
15  54.4  72.7   2:09p  39.2   7:08a  12.2   1.6  0.00   0.5  13.0   2:37p    SE
16  55.0  73.0  12:02p  38.3   1:46a  11.4   1.5  0.00   0.6   9.0  11:49a    SE
17  35.3  49.2   1:07a  23.6  11:57p  29.7   0.0  0.03   0.8  11.0   5:51p     N
18  26.3  39.7   1:54p  15.3   7:16a  38.7   0.0  0.01   0.7   8.0   2:38a   ESE
19  32.1  51.3  11:59p  15.6   4:51a  32.9   0.0  0.02   0.4   8.0  12:15a    SE
20  53.2  67.1   1:39p  35.9  10:36p  11.9   0.1  0.00   0.8  13.0   3:29p   ESE
21  46.0  60.8   2:06p  34.3   1:12a  19.0   0.0  0.00   0.4   8.0   1:08p     E
22  35.8  46.1  12:00a  26.1  11:50p  29.2   0.0  0.10   2.0  11.0  11:30a     N
23  32.3  42.9   1:55p  22.3   2:01a  32.7   0.0  0.00   1.0  13.0  11:42a    SE
24  34.3  45.6  10:47a  18.3  11:49p  30.7   0.0  0.00   0.8  15.0  12:59p     N
25  31.6  52.4  10:58a  17.1   4:26a  33.4   0.0  0.00   0.4   9.0   1:34p    SE
26  40.4  57.8  10:15a  22.3  12:37a  24.6   0.0  0.00   0.5  10.0   1:34p    SE
27  38.9  50.5  10:00a  30.1   6:24a  26.1   0.0  0.00   1.2  11.0   7:20a   ENE
28  32.4  45.6  12:44p  20.5  11:30p  32.6   0.0  0.00   0.3   8.0   2:07p   NNE
29  26.8  38.9  10:38a  16.2  11:58p  38.2   0.0  0.00   0.4   9.0  11:49a   NNE
30  21.6  38.3  10:32a   8.4   7:00a  42.2   0.0  0.00   0.4   8.0  12:28p    SE
----------------------------------------------------------------------------------
    41.0  73.0    16     8.4    30   723.3   3.3  0.16   0.7  20.0     4       E

Max >=  80.0:  0
Max <=  32.0:  0
Min <=  32.0: 18
Min <=   0.0:  0
Max Rain: 0.10 on day 22
Days of Rain: 4 (>= 0.01 in)  1 (>= 0.10 in)  0 (>= 1.00 in)
Heat Base: 65.0  Cool Base: 65.0  Method: Integration