NOAA-Style Climate Reports

Select a Year or Month report
2018: Jan Feb Mar Apr May Jun Jul Aug Sep Oct Nov Dec
2017: Jan Feb Mar Apr May Jun Jul Aug Sep Oct Nov Dec
2016: Jan Feb Mar Apr May Jun Jul Aug Sep Oct Nov Dec
2015: Jan Feb Mar Apr May Jun Jul Aug Sep Oct Nov Dec
2014: Jan Feb Mar Apr May Jun Jul Aug Sep Oct Nov Dec
2013: Jan Feb Mar Apr May Jun Jul Aug Sep Oct Nov Dec
2012: Jan Feb Mar Apr May Jun Jul Aug Sep Oct Nov Dec
2011: Jan Feb Mar Apr May Jun Jul Aug Sep Oct Nov Dec
2010: Jan Feb Mar Apr May Jun Jul Aug Sep Oct Nov Dec

Report for 2016 October
                   Monthly Climatological Summary for Oct 2016

Name: StetsonWX   City: Colorado Springs   State: Colorado
Elevation: 6584 ft  Lat: N 38° 54' 02"   Lon: W 104° 42' 23"

                  Temperature (°F), Rain (in), Wind Speed (mph)

                                      Heat  Cool        Avg
    Mean                              Deg   Deg         Wind                 Dom
Day Temp  High   Time   Low    Time   Days  Days  Rain  Speed High   Time    Dir
----------------------------------------------------------------------------------
 1  59.5  74.8  10:28a  47.5   4:01a   7.9   2.4  0.01   0.5  11.0   1:22p   ESE
 2  60.2  76.3  12:22p  44.5   6:07a   7.3   2.5  0.00   0.6  13.0   8:21p   ESE
 3  59.8  73.9   1:52p  46.7   6:59a   7.2   2.0  0.00   1.2  17.0   9:47a   SSW
 4  49.7  62.5   3:31p  36.5  11:47p  15.3   0.0  0.00   0.4   9.0   9:35a   NNW
 5  46.7  62.9   3:38p  28.6   7:03a  18.3   0.0  0.00   0.8  15.0  11:47a    SE
 6  44.9  59.1  12:50p  32.0  11:59p  20.1   0.0  0.00   0.5  12.0   2:29p   NNE
 7  42.5  57.8   4:48p  26.9   7:01a  22.5   0.0  0.00   1.1  14.0   1:44p    SE
 8  51.8  71.7  10:31a  32.7   5:03a  14.5   1.3  0.00   0.9  12.0   1:29p   ESE
 9  52.0  69.6   2:49p  35.2   6:33a  13.5   0.6  0.00   0.4   9.0  11:44a   ESE
10  58.2  73.8  11:38a  41.8  12:14a   8.9   2.0  0.00   0.1   5.0  11:49a   SSW
11  59.7  73.2   1:38p  45.9   5:28a   6.8   1.5  0.00   0.4  10.0  11:10a   SSW
12  41.7  56.3  12:00a  38.1   1:23p  23.3   0.0  0.00   0.5   9.0   9:02a   ESE
13  53.0  72.7  10:54a  34.2   6:19a  13.7   1.7  0.00   0.3  14.0  11:01a    SE
14  59.8  79.2   3:38p  38.1   6:43a   9.4   4.2  0.00   0.4  11.0   2:17p   ESE
15  65.1  80.1   3:53p  48.3  11:34p   4.2   4.2  0.00   0.6  13.0  12:22p    SE
16  61.1  81.5   2:32p  44.4   3:35a   8.4   4.5  0.00   0.3  12.0   3:47p     S
17  60.6  80.5   1:49p  40.2  11:05p   7.7   3.3  0.00   1.1  17.0   7:16a    SE
18  46.8  54.9   3:30p  37.8  11:34p  18.2   0.0  0.00   2.1  19.0  11:45a    SE
19  45.0  55.8  10:15a  37.0   7:04a  20.0   0.0  0.00   0.8  11.0   2:48p    NE
20  40.3  53.7   4:59p  28.3   7:27a  24.7   0.0  0.00   1.0  15.0  12:59p    SE
21  51.5  76.3  11:29a  29.1   1:45a  16.1   2.6  0.00   0.4  12.0   3:28p    SE
22  57.2  78.1   2:26p  35.2   5:44a  11.7   3.9  0.00   0.4   9.0  12:15p    SW
23  54.3  71.2  10:28a  39.6  11:59p  11.5   0.8  0.00   0.9  13.0  12:18p    SE
24  52.0  70.8   2:50p  36.8   1:58a  13.9   0.9  0.00   0.6  11.0   3:57p    SE
25  55.1  72.9   2:42p  42.7  11:22p  10.7   0.9  0.16   0.1   6.0   4:44p    NE
26  50.6  64.8   3:42p  36.7   6:16a  14.4   0.0  0.00   0.9  14.0  11:57a    SE
27  54.9  74.3  11:08a  34.8   6:06a  12.8   2.6  0.00   0.5  12.0   2:33p    SE
28  61.7  76.7   2:35p  45.8   1:26a   6.2   3.1  0.00   0.2   9.0   3:41p    SE
29  59.6  75.2   2:22p  43.7  10:41p   7.6   2.3  0.00   0.3   9.0   3:33p   ENE
30  52.0  65.6   3:28p  38.7   7:26a  13.0   0.0  0.00   0.7  12.0   4:03p    SE
31  60.4  74.7   2:46p  44.1  11:58p   7.1   2.5  0.00   1.0  12.0  11:28a     E
----------------------------------------------------------------------------------
    53.8  81.5    16    26.9     7   396.9  49.8  0.17   0.6  19.0    18      SE

Max >=  80.0:  3
Max <=  32.0:  0
Min <=  32.0:  5
Min <=   0.0:  0
Max Rain: 0.16 on day 25
Days of Rain: 2 (>= 0.01 in)  1 (>= 0.10 in)  0 (>= 1.00 in)
Heat Base: 65.0  Cool Base: 65.0  Method: Integration