NOAA-Style Climate Reports

Select a Year or Month report
2018: Jan Feb Mar Apr May Jun Jul Aug Sep Oct Nov Dec
2017: Jan Feb Mar Apr May Jun Jul Aug Sep Oct Nov Dec
2016: Jan Feb Mar Apr May Jun Jul Aug Sep Oct Nov Dec
2015: Jan Feb Mar Apr May Jun Jul Aug Sep Oct Nov Dec
2014: Jan Feb Mar Apr May Jun Jul Aug Sep Oct Nov Dec
2013: Jan Feb Mar Apr May Jun Jul Aug Sep Oct Nov Dec
2012: Jan Feb Mar Apr May Jun Jul Aug Sep Oct Nov Dec
2011: Jan Feb Mar Apr May Jun Jul Aug Sep Oct Nov Dec
2010: Jan Feb Mar Apr May Jun Jul Aug Sep Oct Nov Dec

Report for 2016 September
                   Monthly Climatological Summary for Sep 2016

Name: StetsonWX   City: Colorado Springs   State: Colorado
Elevation: 6584 ft  Lat: N 38° 54' 02"   Lon: W 104° 42' 23"

                  Temperature (°F), Rain (in), Wind Speed (mph)

                                      Heat  Cool        Avg
    Mean                              Deg   Deg         Wind                 Dom
Day Temp  High   Time   Low    Time   Days  Days  Rain  Speed High   Time    Dir
----------------------------------------------------------------------------------
 1  61.2  69.3   4:59p  56.1   6:27a   4.3   0.5  0.00   1.0  10.0   3:50p   ESE
 2  64.0  76.1   3:36p  55.3  11:49p   3.7   2.7  0.00   0.5   7.0   1:32a   ESE
 3  67.9  85.9  12:14p  53.2   2:36a   3.7   6.6  0.00   0.1   5.0   1:23p     E
 4  66.4  79.8   4:53p  49.1   6:39a   4.2   5.6  0.00   0.6  14.0   5:13p   SSE
 5  67.5  83.1  11:54a  47.9   6:55a   4.8   7.3  0.00   0.8  16.0   2:49p    SE
 6  66.3  80.1  12:29p  49.8   5:38a   3.7   5.0  0.00   1.0  16.0   4:45p    SE
 7  66.7  80.2  12:11p  54.3   3:46a   3.9   5.5  0.00   0.8  11.0   3:28p   ESE
 8  68.0  81.0  12:58p  53.9   3:38a   2.9   6.0  0.00   0.6  12.0   2:54p   ESE
 9  61.0  79.1  11:56a  44.6  11:58p   7.3   3.3  0.00   0.8  13.0   5:04p   ENE
10  54.3  69.1   5:46p  38.2   4:24a  11.3   0.6  0.00   1.3  20.0  12:38p    SE
11  67.0  84.3  12:52p  47.1  12:55a   4.9   6.8  0.00   0.5  12.0   3:32p    SE
12  65.2  83.6  11:53a  51.3  10:39p   4.0   4.2  0.04   0.8  14.0   1:24p   ESE
13  51.5  60.3   4:21p  46.4   8:56a  13.5   0.0  0.00   1.0  16.0   4:48p   ESE
14  56.5  68.8   4:45p  47.3   3:22a   8.9   0.4  0.00   1.3  16.0   2:01p    SE
15  60.0  74.3   4:56p  46.5   6:33a   7.8   2.7  0.00   0.6  13.0   1:37p   ESE
16  55.0  65.6   3:41p  38.3   7:00a  10.0   0.0  0.00   1.0  14.0  12:58p   ESE
17  57.3  76.1   1:51p  39.9   6:41a   9.9   2.3  0.00   0.3  10.0   2:13p   ESE
18  61.4  80.6  12:08p  39.7   5:00a   9.1   5.5  0.00   0.4  11.0   4:27p   ESE
19  66.8  84.2  10:33a  48.6   1:20a   5.0   6.8  0.00   0.6  10.0  12:58p   ESE
20  67.3  85.1  12:13p  51.0   4:49a   4.2   6.5  0.00   0.3  11.0  11:53p   ESE
21  66.8  80.2  12:08p  52.4  11:48p   2.3   4.1  0.00   0.3   8.0  12:01a   SSW
22  66.4  81.5  11:23a  48.2   6:37a   4.8   6.2  0.00   2.0  18.0   1:44p    SE
23  65.1  78.6   3:07p  49.1  11:59p   4.1   4.2  0.00   2.5  23.0  12:28p    SE
24  54.0  66.7   3:16p  38.8   7:00a  11.0   0.0  0.00   0.6  14.0   1:44p   ESE
25  51.2  62.0   3:25p  40.5  11:59p  13.8   0.0  0.00   0.3   9.0   2:17p   ESE
26  54.1  73.4  11:50a  34.1   4:42a  12.9   2.0  0.00   0.6  10.0  12:51p   ESE
27  57.6  74.9  11:35a  39.7   5:43a  10.5   3.1  0.00   0.5   9.0   3:49p   ESE
28  60.5  77.3  11:07a  43.3   4:57a   8.2   3.7  0.00   0.8  12.0   1:22p   ESE
29  58.4  73.7   2:43p  39.4   6:46a   8.7   2.0  0.00   1.1  17.0   2:03p    SE
30  59.5  75.1  12:06p  46.1   2:05a   7.4   1.9  0.01   0.5   8.0  10:31a   NNE
----------------------------------------------------------------------------------
    61.5  85.9     3    34.1    26   210.8 105.5  0.05   0.8  23.0    23     ESE

Max >=  80.0: 12
Max <=  32.0:  0
Min <=  32.0:  0
Min <=   0.0:  0
Max Rain: 0.04 on day 12
Days of Rain: 2 (>= 0.01 in)  0 (>= 0.10 in)  0 (>= 1.00 in)
Heat Base: 65.0  Cool Base: 65.0  Method: Integration