NOAA-Style Climate Reports

Select a Year or Month report
2018: Jan Feb Mar Apr May Jun Jul Aug Sep Oct Nov Dec
2017: Jan Feb Mar Apr May Jun Jul Aug Sep Oct Nov Dec
2016: Jan Feb Mar Apr May Jun Jul Aug Sep Oct Nov Dec
2015: Jan Feb Mar Apr May Jun Jul Aug Sep Oct Nov Dec
2014: Jan Feb Mar Apr May Jun Jul Aug Sep Oct Nov Dec
2013: Jan Feb Mar Apr May Jun Jul Aug Sep Oct Nov Dec
2012: Jan Feb Mar Apr May Jun Jul Aug Sep Oct Nov Dec
2011: Jan Feb Mar Apr May Jun Jul Aug Sep Oct Nov Dec
2010: Jan Feb Mar Apr May Jun Jul Aug Sep Oct Nov Dec

Report for 2016 August
                   Monthly Climatological Summary for Aug 2016

Name: StetsonWX   City: Colorado Springs   State: Colorado
Elevation: 6584 ft  Lat: N 38° 54' 02"   Lon: W 104° 42' 23"

                  Temperature (°F), Rain (in), Wind Speed (mph)

                                      Heat  Cool        Avg
    Mean                              Deg   Deg         Wind                 Dom
Day Temp  High   Time   Low    Time   Days  Days  Rain  Speed High   Time    Dir
----------------------------------------------------------------------------------
 1  74.1  86.9   3:45p  59.4   5:44a   0.5   9.7  0.00   0.0   0.0  12:00a   ---
 2  72.5  86.0   2:14p  60.4   3:31a   1.0   8.5  0.00   0.0   0.0  12:00a   ---
 3  71.1  84.6   3:36p  56.3   6:34a   1.4   7.5  0.00   0.0   0.0  12:00a   ---
 4  66.1  72.1   1:14p  57.9  10:49p   1.1   2.2  0.00   0.0   0.0  12:00a   ---
 5  63.5  73.2   1:45p  53.6   5:47a   3.5   2.0  0.00   0.0   0.0  12:00a   ---
 6  65.3  77.2  12:38p  59.4   4:07a   2.4   2.7  0.32   0.0   0.0  12:00a   ---
 7  68.8  80.2  12:40p  55.2   3:59a   2.6   6.4  0.15   0.0   0.0  12:00a   ---
 8  66.5  82.4   1:57p  56.5  11:56p   1.6   3.2  0.08   0.0   0.0  12:00a   ---
 9  72.1  85.8  12:29p  53.6   5:55a   3.3  10.4  0.50   0.0   1.6   7:17p   ---
15  77.9  77.9  12:00a  77.9  12:00a   0.0   4.6  0.00  ----   0.0  12:00a   ---
16  58.9  62.2   8:09p  51.7   7:30p   1.1   0.0  1.15   0.0   8.0  10:35p   ESE
17  64.1  78.4   3:19p  49.7   5:49a   4.7   3.8  0.00   0.3  10.0   3:57p   ESE
18  66.3  86.9   2:15p  48.1   5:03a   4.9   6.2  0.00   0.4  10.0   6:11p    NE
19  61.5  78.4   1:35p  46.1  11:59p   6.3   2.9  0.66   0.9  11.0   1:16p   ENE
20  55.5  67.6   1:40p  45.6   2:01a   9.5   0.2  0.00   0.9  12.0  10:50a   ESE
21  62.7  77.2   1:25p  45.5   5:42a   6.1   3.8  0.00   0.9  11.0   1:31p   ESE
22  66.6  82.5   1:24p  51.8   6:49a   3.7   5.3  0.02   0.5   8.0  11:47a   ESE
23  66.1  83.8  10:05a  50.8   4:42a   3.9   5.1  0.00   0.6  19.0   3:27p    SE
24  57.0  65.2  12:13p  48.5  11:59p   8.0   0.0  0.04   0.1   8.0  10:32a     E
25  53.6  69.7   3:02p  40.3   5:37a  12.0   0.6  0.02   0.6  12.0  12:09p   ESE
26  58.8  74.2   1:51p  48.2   4:42a   7.6   1.4  0.00   0.4   8.0   9:32a   ESE
27  63.3  81.2  11:52a  47.1   5:57a   6.2   4.6  0.00   0.1  11.0   6:30p   ESE
28  64.0  85.3  11:43a  52.8  11:54p   4.4   3.5  1.18   0.2  11.0  12:55p   ENE
29  56.1  73.8  12:04p  49.9   6:54a   9.7   0.9  1.90   0.3  11.0   1:11p   ESE
30  59.9  75.6  12:57p  46.1   6:34a   6.9   1.8  0.00   0.3   7.0   1:15p   ESE
31  61.6  73.8  12:00p  48.2   6:19a   5.8   2.5  0.00   0.7  12.0   6:52p   ESE
----------------------------------------------------------------------------------
    64.4  86.9     1    40.3    25   118.2  99.8  6.02   0.2  19.0    23     ESE

Max >=  80.0: 11
Max <=  32.0:  0
Min <=  32.0:  0
Min <=   0.0:  0
Max Rain: 1.90 on day 29
Days of Rain: 11 (>= 0.01 in)  7 (>= 0.10 in)  3 (>= 1.00 in)
Heat Base: 65.0  Cool Base: 65.0  Method: Integration