NOAA-Style Climate Reports

Select a Year or Month report
2018: Jan Feb Mar Apr May Jun Jul Aug Sep Oct Nov Dec
2017: Jan Feb Mar Apr May Jun Jul Aug Sep Oct Nov Dec
2016: Jan Feb Mar Apr May Jun Jul Aug Sep Oct Nov Dec
2015: Jan Feb Mar Apr May Jun Jul Aug Sep Oct Nov Dec
2014: Jan Feb Mar Apr May Jun Jul Aug Sep Oct Nov Dec
2013: Jan Feb Mar Apr May Jun Jul Aug Sep Oct Nov Dec
2012: Jan Feb Mar Apr May Jun Jul Aug Sep Oct Nov Dec
2011: Jan Feb Mar Apr May Jun Jul Aug Sep Oct Nov Dec
2010: Jan Feb Mar Apr May Jun Jul Aug Sep Oct Nov Dec

Report for 2016 July
                   Monthly Climatological Summary for Jul 2016

Name: StetsonWX.com   City: Colorado Springs   State: Colorado
Elevation: 6584 ft  Lat: N 38° 54' 02"   Lon: W 104° 42' 23"

                  Temperature (°F), Rain (in), Wind Speed (mph)

                                      Heat  Cool        Avg
    Mean                              Deg   Deg         Wind                 Dom
Day Temp  High   Time   Low    Time   Days  Days  Rain  Speed High   Time    Dir
----------------------------------------------------------------------------------
 1  62.5  72.1   1:27p  58.1   3:44a   3.6   1.0  0.11   0.7  13.6   5:27p     S
 2  63.3  71.8   5:06p  57.4  10:56p   3.1   1.4  0.09   1.2  14.5   7:43p    NE
 3  65.5  77.2  12:25p  54.9   6:21a   3.3   3.8  0.00   1.3  16.8   7:11p   NNE
 4  72.1  83.5   3:15p  57.4   6:07a   1.3   8.3  0.00   1.7  10.7   6:56p     N
 5  71.1  85.1   1:01p  55.4   4:57a   1.5   7.6  0.02   2.0  15.2  12:25p   NNE
 6  72.0  90.3   3:51p  53.1   5:49a   2.7   9.6  0.00   1.1  22.8   3:55p   WSW
 7  72.1  87.3   1:13p  32.7   9:30a   2.0   9.1  0.21   2.2  15.9  10:54a     E
 8  66.0  75.9   3:07p  57.9   6:23a   1.9   2.9  0.12   1.4  23.5   4:08p   SSE
 9  72.1  88.2   4:48p  52.9   6:06a   2.9  10.0  0.00   1.0  22.1  11:58a    SE
10  77.1  92.1   4:19p  59.9   3:24a   0.5  12.6  0.00   1.3  13.6   4:14p    SE
11  75.3  87.3   1:44p  63.9  11:40p   0.0  10.4  0.00   2.2  22.8  12:49p   NNE
12  68.9  83.1   4:16p  52.3   5:27a   2.7   6.7  0.00   1.4  15.9   5:02p   SSE
13  73.7  86.2   3:57p  59.4   1:20a   0.6   9.3  0.01   1.7  13.6   2:10p   ENE
14  67.1  78.8  12:40p  57.9   5:07a   1.3   3.3  0.12   0.8  16.8   5:50p   SSE
15  66.9  83.3  11:41a  52.3   6:10a   3.9   5.8  0.00   1.3  18.3   1:57p     E
16  71.1  91.4   3:53p  55.6   1:46a   3.1   9.3  0.00   1.4  13.6   3:26p   WNW
17  73.2  90.7   2:50p  59.7   5:48a   0.9   9.1  0.05   1.8  23.5   5:32p   ESE
18  69.8  86.2   3:27p  55.8   5:16a   1.7   6.5  0.05   1.2  16.8   7:56p    NE
19  72.2  90.0   3:13p  60.8   6:29a   0.7   7.9  0.34   1.5  15.2   5:43p     N
20  72.6  88.7   1:47p  58.1   3:35a   1.0   8.7  0.02   1.5  15.2   5:26p    NE
21  73.3  88.5   1:48p  58.1   5:52a   0.9   9.2  0.02   2.2  17.4   7:15p   NNE
22  74.6  90.0   1:52p  60.3   5:14a   0.6  10.2  0.00   1.2  15.2   4:20p     E
23  75.4  89.2   1:57p  66.4   4:27a   0.0  10.4  0.00   1.9  13.6   4:19p    NE
24  71.5  86.4  12:07p  59.0   4:50a   0.9   7.4  0.00   0.9  11.4   7:59p   SSE
25  67.6  86.9   2:28p  52.3   6:06a   3.0   5.7  0.00   1.1  15.9   4:14p     S
26  71.6  84.0  12:18p  58.1   4:28a   0.6   7.2  0.00   1.2  24.4   3:11p   NNE
27  73.7  86.2   2:43p  60.8   5:53a   0.7   9.4  0.00   1.1  11.4  12:42p    SE
28  70.7  87.4   1:36p  55.8  11:06p   2.0   7.7  1.52   1.9  20.6   9:02p     E
29  65.4  77.7   2:07p  52.9   6:12a   3.2   3.7  0.00   0.0   0.0  12:00a   ---
30  70.3  85.1  12:53p  59.4   5:06a   1.4   6.7  0.02   0.0   0.0  12:00a   ---
31  73.3  90.0  12:32p  57.4   4:13a   1.1   9.5  0.00   0.0   0.0  12:00a   ---
----------------------------------------------------------------------------------
    70.7  92.1    10    32.7     7    53.1 230.4  2.70   1.3  24.4    26     ENE

Max >=  80.0: 25
Max <=  32.0:  0
Min <=  32.0:  0
Min <=   0.0:  0
Max Rain: 1.52 on day 28
Days of Rain: 14 (>= 0.01 in)  6 (>= 0.10 in)  1 (>= 1.00 in)
Heat Base: 65.0  Cool Base: 65.0  Method: Integration