NOAA-Style Climate Reports

Select a Year or Month report
2018: Jan Feb Mar Apr May Jun Jul Aug Sep Oct Nov Dec
2017: Jan Feb Mar Apr May Jun Jul Aug Sep Oct Nov Dec
2016: Jan Feb Mar Apr May Jun Jul Aug Sep Oct Nov Dec
2015: Jan Feb Mar Apr May Jun Jul Aug Sep Oct Nov Dec
2014: Jan Feb Mar Apr May Jun Jul Aug Sep Oct Nov Dec
2013: Jan Feb Mar Apr May Jun Jul Aug Sep Oct Nov Dec
2012: Jan Feb Mar Apr May Jun Jul Aug Sep Oct Nov Dec
2011: Jan Feb Mar Apr May Jun Jul Aug Sep Oct Nov Dec
2010: Jan Feb Mar Apr May Jun Jul Aug Sep Oct Nov Dec

Report for 2016 June
                   Monthly Climatological Summary for Jun 2016

Name: StetsonWX.com   City: Colorado Springs   State: Colorado
Elevation: 6584 ft  Lat: N 38° 54' 02"   Lon: W 104° 42' 23"

                  Temperature (°F), Rain (in), Wind Speed (mph)

                                      Heat  Cool        Avg
    Mean                              Deg   Deg         Wind                 Dom
Day Temp  High   Time   Low    Time   Days  Days  Rain  Speed High   Time    Dir
----------------------------------------------------------------------------------
 1  56.3  66.0   1:55p  48.9   4:20a   8.7   0.0  0.01   1.4  14.5   2:44p   SSE
 2  62.8  76.5   4:29p  46.2   5:54a   5.6   3.3  0.02   1.0  10.7  12:24a   SSE
 3  64.9  77.2   2:13p  49.6   5:24a   4.3   4.2  0.00   1.8  12.1  10:28a     E
 4  64.0  77.0   2:07p  52.2   2:37a   4.3   3.3  0.00   1.3  10.7   7:41a   ENE
 5  64.6  78.6   3:04p  48.9   3:24a   5.0   4.6  0.02   0.9   9.2   9:57a   SSE
 6  64.3  79.9  12:47p  52.2   4:50a   4.8   4.1  0.01   1.7  14.5   7:40p   ESE
 7  61.8  77.4   1:42p  48.0   5:52a   5.6   2.4  0.05   1.4  22.1   4:17p   ESE
 8  63.2  82.6  12:06p  48.4   4:53a   5.2   3.4  0.00   1.4  25.1   3:25p    NE
 9  68.3  82.6   2:46p  50.5   4:06a   3.5   6.9  0.00   1.6  11.4  12:36p     E
10  70.7  86.7   1:15p  56.1   6:06a   1.8   7.5  0.19   1.5  22.1   8:34p   ENE
11  71.2  85.3   3:16p  52.9   5:49a   2.8   9.0  0.00   1.4  14.5   1:17p    SE
12  67.6  79.3   3:48p  56.1   5:23p   1.7   4.3  0.70   2.6  20.6   4:58p    NE
13  60.4  73.0   3:04p  52.5  11:28p   5.3   0.7  1.80   1.2  19.0   9:15p   ESE
14  62.5  78.6   3:04p  45.3   5:28a   5.7   3.4  0.00   1.1   9.8  12:07p   ESE
15  69.1  84.4   4:22p  50.4   6:08a   3.8   8.0  0.00   1.4  13.0   2:39p    SE
16  71.4  87.6   1:59p  49.6   5:50a   3.4   9.8  0.00   1.3   9.2   4:33p   ESE
17  74.0  83.1   2:42p  64.2  11:59p   0.0   9.0  0.00   3.3  17.4   9:13a   NNE
18  70.2  82.6   4:18p  55.0   6:07a   2.1   7.3  0.00   1.4  13.0   5:18p    SE
19  75.6  91.2   2:58p  55.6   5:59a   1.6  12.2  0.00   1.0  10.7   6:14p    SE
20  72.0  82.4   1:18p  61.7   8:52p   0.4   7.4  0.22   3.3  25.9  11:16p    NE
21  73.9  92.5   2:26p  59.0   6:11a   0.9   9.8  0.00   1.0  12.1   6:49p   ESE
22  71.1  75.6  12:21p  63.1  11:56p   0.0   6.1  0.00   2.3  19.0   9:55a    NE
23  66.7  83.8  12:45p  53.4   5:36a   2.8   4.5  0.05   0.8  17.4   2:17p     E
24  70.9  87.3  12:31p  54.7   5:58a   1.8   7.7  0.00   1.2  15.2   3:22p   ENE
25  68.7  81.3  11:32a  59.5  11:50p   1.2   4.8  0.05   1.8  25.1   3:11p   ENE
26  67.3  80.1   3:21p  51.8   5:44a   3.1   5.5  0.00   0.8  13.6   2:14p   SSE
27  71.2  84.7   2:27p  57.2   6:10a   1.4   7.7  0.00   0.9  13.0   7:14p    SE
28  68.2  83.3   2:29p  54.3   5:05a   2.6   5.8  0.28   1.0  19.0   9:36p    SE
29  67.9  83.8   1:28p  53.8   5:19a   2.8   5.7  0.00   1.3  18.3   5:21p   ENE
30  63.9  72.7  12:31p  57.0   3:22a   2.8   1.8  0.11   1.4  17.4   8:32a    NE
----------------------------------------------------------------------------------
    67.5  92.5    21    45.3    14    95.0 170.2  3.51   1.5  25.9    20       E

Max >=  80.0: 18
Max <=  32.0:  0
Min <=  32.0:  0
Min <=   0.0:  0
Max Rain: 1.80 on day 13
Days of Rain: 13 (>= 0.01 in)  6 (>= 0.10 in)  1 (>= 1.00 in)
Heat Base: 65.0  Cool Base: 65.0  Method: Integration