NOAA-Style Climate Reports

Select a Year or Month report
2018: Jan Feb Mar Apr May Jun Jul Aug Sep Oct Nov Dec
2017: Jan Feb Mar Apr May Jun Jul Aug Sep Oct Nov Dec
2016: Jan Feb Mar Apr May Jun Jul Aug Sep Oct Nov Dec
2015: Jan Feb Mar Apr May Jun Jul Aug Sep Oct Nov Dec
2014: Jan Feb Mar Apr May Jun Jul Aug Sep Oct Nov Dec
2013: Jan Feb Mar Apr May Jun Jul Aug Sep Oct Nov Dec
2012: Jan Feb Mar Apr May Jun Jul Aug Sep Oct Nov Dec
2011: Jan Feb Mar Apr May Jun Jul Aug Sep Oct Nov Dec
2010: Jan Feb Mar Apr May Jun Jul Aug Sep Oct Nov Dec

Report for 2016 May
                   Monthly Climatological Summary for May 2016

Name: StetsonWX.com   City: Colorado Springs   State: Colorado
Elevation: 6584 ft  Lat: N 38° 54' 02"   Lon: W 104° 42' 23"

                  Temperature (°F), Rain (in), Wind Speed (mph)

                                      Heat  Cool        Avg
    Mean                              Deg   Deg         Wind                 Dom
Day Temp  High   Time   Low    Time   Days  Days  Rain  Speed High   Time    Dir
----------------------------------------------------------------------------------
 1  33.1  38.3  12:35p  28.6  11:57p  31.9   0.0  0.01   4.4  20.6   4:18a     N
 2  41.3  55.9   4:40p  23.7   5:54a  23.7   0.0  0.00   1.2  10.7   2:56p     E
 3  48.8  62.1   5:22p  32.9   3:18a  16.2   0.0  0.00   3.9  23.5  10:56a   NNW
 4  56.0  72.0  12:32p  35.6   5:00a  10.9   1.9  0.00   1.5  12.1   2:21p    SE
 5  61.9  79.0   3:19p  42.1   1:51a   7.7   4.6  0.00   2.0  12.1   8:36a    SE
 6  62.7  78.8  12:29p  44.2   6:10a   6.3   4.0  0.00   2.2  17.4   4:38p   SSE
 7  53.3  63.7   5:19p  39.7  11:45p  11.7   0.0  0.00   3.7  21.3   2:43p   NNW
 8  51.1  66.4   3:05p  34.9   4:26a  14.0   0.0  0.00   1.9  19.7   5:33p   NNE
 9  54.9  68.0   3:13p  42.6  12:07a  10.2   0.2  0.00   2.5  16.8   1:18p   NNE
10  54.1  66.2   1:02p  43.7  11:11p  11.0   0.0  0.05   2.6  22.1   5:46p     E
11  44.8  55.8  10:52a  35.6   6:07a  20.2   0.0  0.07   2.3  16.8   3:20p   ESE
12  52.2  65.7   4:58p  37.8   6:09a  12.8   0.0  0.00   1.3  12.1   2:07p   SSE
13  56.3  75.7   1:46p  38.8   3:51a  10.5   1.8  0.00   3.3  20.6   3:10p     E
14  45.9  57.7   3:57p  37.2   5:55a  19.1   0.0  0.01   2.5  12.1   3:34p   SSE
15  45.3  58.8   2:53p  36.3   5:29a  19.7   0.0  0.19   1.7   9.8   6:50p   SSE
16  45.7  60.1   5:39p  37.8  11:32p  19.3   0.0  0.11   2.0  14.5   4:28p     N
17  40.8  46.2  12:59p  36.5   3:08a  24.2   0.0  0.31   0.7   7.6  12:35a   SSE
18  45.6  56.3   3:42p  38.7  11:58p  19.4   0.0  0.02   1.9  10.7   3:17p   SSE
19  53.3  67.3   3:00p  34.9   5:49a  11.9   0.3  0.00   1.3  10.7   4:08p    SE
20  60.1  74.8   3:50p  38.7   5:56a   8.0   3.2  0.00   2.0  14.5   5:49p    SE
21  64.8  79.3   4:37p  48.9   6:20a   5.2   5.0  0.00   1.8  17.4   1:54p   ESE
22  65.2  78.1   3:10p  43.5   6:15a   4.6   4.8  0.00   2.2  21.3   6:21p     E
23  57.2  68.5   3:42p  41.7   5:48a   8.4   0.6  0.00   2.2  14.5  12:09a   ESE
24  59.9  71.1   2:25p  44.8   5:47a   6.6   1.6  0.01   2.0  18.3   1:42p    SE
25  62.9  73.9   1:46p  50.2   4:17a   4.5   2.4  0.00   2.2  20.6   3:19p     N
26  49.5  66.2  11:46a  41.0   8:45p  15.5   0.0  1.09   2.4  23.5   1:41p    NE
27  48.0  57.6   5:19p  37.9   4:13a  17.0   0.0  0.32   4.7  27.3   9:12a     N
28  54.6  67.3   2:37p  38.7   2:40a  10.5   0.2  0.00   1.3  13.0   2:44p   SSE
29  56.4  72.7  12:49p  41.7   5:58a   9.6   1.0  0.04   1.2  13.6   2:23p     E
30  59.0  75.0   4:57p  42.3   5:55a   8.3   2.3  0.00   1.7  26.6   2:28p   NNE
31  54.2  66.2   2:19p  45.9   6:34a  10.9   0.0  0.26   2.1  20.6   3:06a     E
----------------------------------------------------------------------------------
    52.9  79.3    21    23.7     2   409.8  33.9  2.49   2.2  27.3    27     ENE

Max >=  80.0:  0
Max <=  32.0:  0
Min <=  32.0:  2
Min <=   0.0:  0
Max Rain: 1.09 on day 26
Days of Rain: 13 (>= 0.01 in)  6 (>= 0.10 in)  1 (>= 1.00 in)
Heat Base: 65.0  Cool Base: 65.0  Method: Integration