NOAA-Style Climate Reports

Select a Year or Month report
2018: Jan Feb Mar Apr May Jun Jul Aug Sep Oct Nov Dec
2017: Jan Feb Mar Apr May Jun Jul Aug Sep Oct Nov Dec
2016: Jan Feb Mar Apr May Jun Jul Aug Sep Oct Nov Dec
2015: Jan Feb Mar Apr May Jun Jul Aug Sep Oct Nov Dec
2014: Jan Feb Mar Apr May Jun Jul Aug Sep Oct Nov Dec
2013: Jan Feb Mar Apr May Jun Jul Aug Sep Oct Nov Dec
2012: Jan Feb Mar Apr May Jun Jul Aug Sep Oct Nov Dec
2011: Jan Feb Mar Apr May Jun Jul Aug Sep Oct Nov Dec
2010: Jan Feb Mar Apr May Jun Jul Aug Sep Oct Nov Dec

Report for 2016 April
                   Monthly Climatological Summary for Apr 2016

Name: StetsonWX.com   City: Colorado Springs   State: Colorado
Elevation: 6584 ft  Lat: N 38° 54' 02"   Lon: W 104° 42' 23"

                  Temperature (°F), Rain (in), Wind Speed (mph)

                                      Heat  Cool        Avg
    Mean                              Deg   Deg         Wind                 Dom
Day Temp  High   Time   Low    Time   Days  Days  Rain  Speed High   Time    Dir
----------------------------------------------------------------------------------
 1  33.9  45.5   3:34p  19.2   2:55a  31.1   0.0  0.00   3.1  19.0   1:32p     N
 2  43.6  59.4   2:16p  24.4   2:55a  21.4   0.0  0.00   2.0  11.4  10:47a   WSW
 3  52.7  67.3   2:24p  33.4  12:43a  12.4   0.2  0.00   3.2  15.9   6:26p   NNE
 4  53.6  68.2  12:06p  32.4   6:07a  11.8   0.5  0.00   1.5  12.1   2:58p    SE
 5  53.1  68.9  11:42a  38.3  10:15p  12.3   0.4  0.00   5.2  38.0   5:11p    NW
 6  52.1  69.8   4:52p  26.6   6:40a  13.7   0.8  0.00   3.3  23.5   1:28p    NW
 7  53.6  64.4   3:57p  40.1   6:50a  11.4   0.0  0.00   2.5  13.6   5:26p     E
 8  48.1  62.2   2:39p  31.8   6:06a  16.8   0.0  0.00   2.0  15.2   9:03a     E
 9  53.0  72.0  12:07p  34.3   6:36a  12.9   0.9  0.00   2.1  19.0   4:30p   NNW
10  53.6  66.4   1:42p  37.8  11:47p  11.4   0.0  0.08   3.8  20.6   2:41p   NNW
11  38.5  43.9   5:51p  34.5   3:33a  26.5   0.0  0.09   1.0  10.7  12:24a   SSE
12  47.4  68.2  12:32p  35.2   6:50a  17.8   0.1  0.17   1.4  13.6   8:26p    NW
13  51.9  68.2  12:31p  36.3   4:42a  13.2   0.1  0.02   1.6  13.6   6:05p   ESE
14  58.4  72.9  12:27p  39.9   3:20a   8.5   2.0  0.00   2.0  19.7  11:04p    SE
15  47.5  58.5  12:00a  35.8  11:54p  17.5   0.0  0.00   4.9  23.5   6:52p   NNE
16  31.6  36.0  12:00a  30.0  12:53p  33.3   0.0  0.01   8.7  39.6  12:44p   NNW
17  32.6  38.5   4:43p  28.8   5:02a  32.4   0.0  0.08   6.8  23.5   1:31a   NNW
18  33.1  36.7   3:30p  28.4   3:43a  31.8   0.0  0.00   1.7  13.0   1:19a   NNW
19  38.3  47.8  12:35p  27.7   6:22a  26.7   0.0  0.18   0.4   9.2   2:31p   SSW
20  43.3  60.3  12:06p  29.3   6:47a  21.7   0.0  0.00   1.5  18.3   2:21p     E
21  49.0  64.4   3:55p  32.4   5:48a  16.0   0.0  0.00   2.3  13.6   2:10p   ENE
22  55.7  72.5   5:12p  34.7   6:31a  11.1   1.8  0.00   1.7  13.6   2:46p   SSE
23  57.6  71.4   5:03p  41.9   4:43a   8.6   1.2  0.00   3.3  28.2   9:22p    NW
24  56.1  68.0   2:41p  43.9   3:28a   9.2   0.3  0.00   4.8  28.9   1:08a    NW
25  54.2  66.9   4:18p  38.1   2:43a  10.9   0.0  0.00   2.8  23.5   7:19p   SSE
26  45.7  57.2  12:45p  34.9  10:33p  19.3   0.0  0.00   4.2  22.8   2:18a   NNW
27  42.8  55.4   2:59p  28.6   6:39a  22.2   0.0  0.00   3.0  19.0   3:14a     E
28  35.8  39.9  12:00a  32.9   8:49a  29.2   0.0  0.06   1.8  12.1   1:32p    SE
29  33.1  36.1  12:06p  30.9  11:28p  31.9   0.0  0.27   1.2   9.8   2:43p   NNE
30  32.9  37.6   2:07p  30.2   2:13a  32.1   0.0  0.17   6.4  26.6   2:15p   NNW
----------------------------------------------------------------------------------
    46.1  72.9    14    19.2     1   575.1   8.3  1.13   3.0  39.6    16       N

Max >=  80.0:  0
Max <=  32.0:  0
Min <=  32.0: 12
Min <=   0.0:  0
Max Rain: 0.27 on day 29
Days of Rain: 10 (>= 0.01 in)  4 (>= 0.10 in)  0 (>= 1.00 in)
Heat Base: 65.0  Cool Base: 65.0  Method: Integration