NOAA-Style Climate Reports

Select a Year or Month report
2018: Jan Feb Mar Apr May Jun Jul Aug Sep Oct Nov Dec
2017: Jan Feb Mar Apr May Jun Jul Aug Sep Oct Nov Dec
2016: Jan Feb Mar Apr May Jun Jul Aug Sep Oct Nov Dec
2015: Jan Feb Mar Apr May Jun Jul Aug Sep Oct Nov Dec
2014: Jan Feb Mar Apr May Jun Jul Aug Sep Oct Nov Dec
2013: Jan Feb Mar Apr May Jun Jul Aug Sep Oct Nov Dec
2012: Jan Feb Mar Apr May Jun Jul Aug Sep Oct Nov Dec
2011: Jan Feb Mar Apr May Jun Jul Aug Sep Oct Nov Dec
2010: Jan Feb Mar Apr May Jun Jul Aug Sep Oct Nov Dec

Report for 2016 March
                   Monthly Climatological Summary for Mar 2016

Name: StetsonWX.com   City: Colorado Springs   State: Colorado
Elevation: 6584 ft  Lat: N 38° 54' 02"   Lon: W 104° 42' 23"

                  Temperature (°F), Rain (in), Wind Speed (mph)

                                      Heat  Cool        Avg
    Mean                              Deg   Deg         Wind                 Dom
Day Temp  High   Time   Low    Time   Days  Days  Rain  Speed High   Time    Dir
----------------------------------------------------------------------------------
 1  37.8  48.9   2:27p  27.9   6:49a  27.2   0.0  0.00   2.2  13.6   1:42a    SE
 2  47.4  57.7   9:19a  31.3  12:06a  17.6   0.0  0.00   4.9  30.4   2:48p    NW
 3  42.0  54.0   2:38p  26.1   6:18a  23.0   0.0  0.00   2.0  16.8   1:22a     E
 4  46.8  64.2  11:31a  30.9  11:57p  18.2   0.0  0.00   2.5  18.3  10:40a     E
 5  48.4  64.2   1:06p  28.0   1:14a  16.7   0.0  0.01   0.4   8.3   7:22a    SE
 6  60.6  74.1   6:41a  38.5  11:18p   6.7   2.3  0.00   2.5  24.4  12:36a     N
 7  42.8  57.4  10:15a  30.0   6:13a  22.2   0.0  0.00   3.4  28.2  10:58a   NNW
 8  37.5  48.6   2:12p  29.1   5:58a  27.4   0.0  0.00   2.5  13.6   4:27a     E
 9  41.0  56.1  10:44a  24.6   6:37a  24.0   0.0  0.00   1.7  22.1   4:11p    NW
10  41.1  55.9   2:41p  22.5   6:40a  23.9   0.0  0.00   1.3   9.8   8:53a    SE
11  49.7  69.3  11:45a  27.9   6:19a  15.8   0.4  0.00   2.0  15.9   1:52p    SE
12  47.9  63.3  12:10p  31.3   6:08a  17.0   0.0  0.00   3.3  27.3   8:12p   NNW
13  53.3  66.6  12:32p  41.9  11:58p  11.3   0.0  0.00   2.9  16.8   1:41a   NNW
14  48.9  62.1   1:23p  32.4   6:35a  16.1   0.0  0.00   4.7  34.2  10:14p    NW
15  38.4  46.9   3:52p  28.6  11:49p  26.6   0.0  0.00   5.5  32.0  10:59a    NW
16  36.0  49.5   3:37p  24.1   5:24a  29.0   0.0  0.00   3.7  22.1   2:47p    NW
17  34.4  51.1  11:56a  21.9   7:30a  30.6   0.0  0.00   2.9  19.7   5:10p     E
18  24.5  29.3  12:05a  20.3   9:07a  40.5   0.0  0.05   2.3  17.4   9:00a   ESE
19  23.2  31.3   2:32p  13.3   4:57a  41.8   0.0  0.01   1.9  13.6  11:00a   NNE
20  31.7  50.0   3:51p  13.6   4:12a  33.3   0.0  0.00   0.8   9.2   5:56p   SSE
21  51.4  70.3   2:44p  27.1   3:46a  14.6   1.0  0.00   2.3  25.9   5:55p    NW
22  52.7  69.4  11:51a  37.0   3:50a  12.8   0.5  0.00   2.2  26.6   1:54p    NW
23  31.3  46.8  12:09a  22.8  11:58p  33.7   0.0  0.04   8.9  39.6  12:52p   NNW
24  35.3  48.6   1:41p  17.1   4:40a  29.7   0.0  0.00   1.5  12.1   2:53p     S
25  34.8  54.7  11:57a  24.3   5:37a  30.2   0.0  0.00   2.5  15.2  12:44p     E
26  25.8  29.3  12:00a  15.3  11:54p  39.2   0.0  0.00   2.2  21.3  11:50a   NNW
27  32.0  45.1   5:43p  13.1   7:05a  33.0   0.0  0.17   1.6  10.7   5:48p    SE
28  47.6  62.4  12:05p  28.4   6:29a  17.4   0.0  0.00   1.7  13.6   3:16p   ESE
29  51.4  65.7   2:55p  36.5   1:02a  13.6   0.0  0.00   2.7  18.3   5:21p    SE
30  37.1  48.4   2:36p  28.6  10:17p  27.9   0.0  0.00   3.9  23.5   8:56p   NNW
31  29.5  40.3   1:45p  19.0   6:05a  35.4   0.0  0.00   2.9  19.0   1:46p   NNW
----------------------------------------------------------------------------------
    40.7  74.1     6    13.1    27   756.4   4.2  0.28   2.7  39.6    23       N

Max >=  80.0:  0
Max <=  32.0:  3
Min <=  32.0: 26
Min <=   0.0:  0
Max Rain: 0.17 on day 27
Days of Rain: 5 (>= 0.01 in)  1 (>= 0.10 in)  0 (>= 1.00 in)
Heat Base: 65.0  Cool Base: 65.0  Method: Integration