NOAA-Style Climate Reports

Select a Year or Month report
2018: Jan Feb Mar Apr May Jun Jul Aug Sep Oct Nov Dec
2017: Jan Feb Mar Apr May Jun Jul Aug Sep Oct Nov Dec
2016: Jan Feb Mar Apr May Jun Jul Aug Sep Oct Nov Dec
2015: Jan Feb Mar Apr May Jun Jul Aug Sep Oct Nov Dec
2014: Jan Feb Mar Apr May Jun Jul Aug Sep Oct Nov Dec
2013: Jan Feb Mar Apr May Jun Jul Aug Sep Oct Nov Dec
2012: Jan Feb Mar Apr May Jun Jul Aug Sep Oct Nov Dec
2011: Jan Feb Mar Apr May Jun Jul Aug Sep Oct Nov Dec
2010: Jan Feb Mar Apr May Jun Jul Aug Sep Oct Nov Dec

Report for 2016 February
                   Monthly Climatological Summary for Feb 2016

Name: StetsonWX.com   City: Colorado Springs   State: Colorado
Elevation: 6584 ft  Lat: N 38° 54' 02"   Lon: W 104° 42' 23"

                  Temperature (°F), Rain (in), Wind Speed (mph)

                                      Heat  Cool        Avg
    Mean                              Deg   Deg         Wind                 Dom
Day Temp  High   Time   Low    Time   Days  Days  Rain  Speed High   Time    Dir
----------------------------------------------------------------------------------
 1  23.9  28.8   1:43p  19.0  11:56p  41.1   0.0  0.00   2.4  18.3  10:56p   ESE
 2  17.4  21.7   1:38p  11.3  10:05p  47.6   0.0  0.00   5.8  23.5  11:21a   NNW
 3   9.7  25.5  11:07a  -2.6   6:17a  55.3   0.0  0.00   2.3  17.4   1:39p   NNE
 4  19.9  35.8  10:38a  -1.3  12:00a  45.0   0.0  0.01   1.2   8.3   1:06p     E
 5  22.2  33.6   2:25p   6.6  11:11p  42.8   0.0  0.04   2.0  15.9  12:07p     N
 6  29.8  48.9  10:53a   5.0   1:21a  35.1   0.0  0.00   1.5   8.3   8:49p   ENE
 7  30.2  43.5  10:43a  21.9   7:17p  34.8   0.0  0.00   1.3  13.0  11:13a     E
 8  29.3  44.4  10:31a  18.9   7:35a  35.7   0.0  0.00   1.0  13.6   9:39a     E
 9  33.2  55.6  10:14a  19.0  12:20a  31.8   0.0  0.00   1.4   7.6  10:41a   ESE
10  45.1  63.7   2:32p  24.1  12:00a  19.8   0.0  0.00   2.7  19.0  12:21p    NW
11  42.1  61.7  10:47a  24.8   4:47a  22.9   0.0  0.00   1.2  12.1   6:05p   ESE
12  41.3  57.9  10:42a  27.7  12:49a  23.7   0.0  0.00   0.9   7.6   1:20p    SE
13  46.6  64.6   1:13p  30.2   2:19a  18.4   0.0  0.00   2.8  25.9   1:38p    NW
14  36.6  50.0   2:38p  25.9   4:42a  28.4   0.0  0.00   2.1  18.3   3:41p     E
15  43.5  57.6   2:51p  24.6   6:07a  21.5   0.0  0.00   4.9  25.1   2:46p    NW
16  37.0  48.4   3:53p  28.4   6:32a  28.0   0.0  0.00   2.1  17.4   2:46a   ESE
17  42.2  59.0   2:19p  27.5   4:49a  22.8   0.0  0.00   1.8  12.1   2:42p    SE
18  57.7  70.5  10:27a  42.1   1:37a   8.2   0.9  0.00   4.5  32.0  10:29p   NNW
19  51.6  59.4   4:19p  37.9   7:21a  13.4   0.0  0.00   4.4  28.9  10:10p     N
20  48.8  61.3  10:58a  32.2   6:19a  16.2   0.0  0.00   2.6  19.0   2:39a   ESE
21  34.6  44.4  11:07a  24.4  11:39p  30.4   0.0  0.00   2.0  13.0   3:36p    SE
22  33.5  48.6  12:14p  20.7   3:31a  31.5   0.0  0.00   2.1  13.6  12:34p   NNE
23  28.9  35.1   2:50p  19.9  11:57p  36.1   0.0  0.00   4.4  22.1   2:53p   NNW
24  33.7  50.7  12:23p  17.6   3:09a  31.3   0.0  0.00   2.2  15.9  12:19p     N
25  29.3  41.0   2:02p  17.2   6:56a  35.7   0.0  0.00   0.9   9.2   4:19p   SSE
26  40.3  57.0  11:39a  21.9   1:43a  24.7   0.0  0.00   1.6   9.8   9:13a    SE
27  52.4  68.5  11:25a  29.1   2:21a  12.9   0.3  0.00   4.6  27.3  10:21p    NW
28  47.1  60.4  10:37a  32.2  11:09p  17.9   0.0  0.00   2.7  32.0  12:08a    NW
29  48.8  61.2  12:07p  30.6  12:59a  16.2   0.0  0.00   4.9  27.3   2:57p    NW
----------------------------------------------------------------------------------
    36.4  70.5    18    -2.6     3   829.2   1.2  0.05   2.6  32.0    18       N

Max >=  80.0:  0
Max <=  32.0:  3
Min <=  32.0: 25
Min <=   0.0:  2
Max Rain: 0.04 on day 5
Days of Rain: 2 (>= 0.01 in)  0 (>= 0.10 in)  0 (>= 1.00 in)
Heat Base: 65.0  Cool Base: 65.0  Method: Integration