NOAA-Style Climate Reports

Select a Year or Month report
2018: Jan Feb Mar Apr May Jun Jul Aug Sep Oct Nov Dec
2017: Jan Feb Mar Apr May Jun Jul Aug Sep Oct Nov Dec
2016: Jan Feb Mar Apr May Jun Jul Aug Sep Oct Nov Dec
2015: Jan Feb Mar Apr May Jun Jul Aug Sep Oct Nov Dec
2014: Jan Feb Mar Apr May Jun Jul Aug Sep Oct Nov Dec
2013: Jan Feb Mar Apr May Jun Jul Aug Sep Oct Nov Dec
2012: Jan Feb Mar Apr May Jun Jul Aug Sep Oct Nov Dec
2011: Jan Feb Mar Apr May Jun Jul Aug Sep Oct Nov Dec
2010: Jan Feb Mar Apr May Jun Jul Aug Sep Oct Nov Dec

Report for 2016 January
                   Monthly Climatological Summary for Jan 2016

Name: StetsonWX.com   City: Colorado Springs   State: Colorado
Elevation: 6584 ft  Lat: N 38° 54' 02"   Lon: W 104° 42' 23"

                  Temperature (°F), Rain (in), Wind Speed (mph)

                                      Heat  Cool        Avg
    Mean                              Deg   Deg         Wind                 Dom
Day Temp  High   Time   Low    Time   Days  Days  Rain  Speed High   Time    Dir
----------------------------------------------------------------------------------
 1  18.2  35.4  12:30p   4.5   5:37a  46.8   0.0  0.00   0.7   7.6   9:45a   ESE
 2  25.7  45.0  11:28a   9.7  12:00a  39.2   0.0  0.00   1.4   7.6  10:56a     E
 3  28.5  45.9   1:35p  15.3   5:40a  36.5   0.0  0.00   0.7   6.0  11:26a    SE
 4  28.6  42.4  10:20a  17.4   7:07a  36.4   0.0  0.00   0.8   7.6  12:10p    SE
 5  37.0  51.4  10:32a  21.7   6:01a  28.0   0.0  0.00   2.8  16.8   3:55p   NNW
 6  32.2  45.3   1:50p  21.0   5:38a  32.8   0.0  0.00   1.2  13.0   2:58p    SE
 7  30.6  34.9   1:59p  27.1   5:18a  34.3   0.0  0.04   0.3   5.4   7:44a   NNE
 8  23.9  30.4  12:00a  15.1  10:59p  41.1   0.0  0.00   1.1  14.5  12:15p    SW
 9  21.3  28.4  12:15p  16.0  12:04a  43.7   0.0  0.02   0.2   5.4   8:32p    SW
10  18.4  34.0  10:42a   5.4   4:38a  46.6   0.0  0.00   1.0   7.6  12:46p   ESE
11  22.6  38.3   9:50a   8.1   1:16a  42.4   0.0  0.00   1.2   6.0   4:17a   ESE
12  32.8  48.4   9:44a  14.2   1:30a  32.2   0.0  0.00   1.3  11.4   4:34a   NNE
13  33.2  48.9  12:35p  19.4   6:19a  31.8   0.0  0.00   0.7   8.3   8:34p   ESE
14  37.6  45.3  12:18p  26.4  12:31a  27.1   0.0  0.00   5.5  24.4  12:38p    NW
15  26.4  33.1  12:26p  16.5  11:07p  38.8   0.0  0.00   1.3  11.4  12:00p   SSE
16  22.5  34.9   2:24p   8.2   6:55a  42.5   0.0  0.00   0.9   9.2   9:47a     E
17  26.4  36.5   1:18p  15.1   2:24a  38.6   0.0  0.00   0.7   6.9   4:01a   ESE
18  35.3  51.6   1:31p  17.1   2:20a  29.8   0.0  0.00   1.7  17.4   9:36p   NNW
19  33.4  40.8   1:50p  23.5  10:37p  31.9   0.0  0.00   2.8  18.3   7:54a   NNW
20  35.8  47.5  12:54p  23.2   1:14a  29.1   0.0  0.00   3.8  24.4  10:43a   NNW
21  29.4  38.1  12:38p  16.5  11:54p  36.3   0.0  0.00   3.9  22.1   9:30a     N
22  33.8  52.9  12:26p  16.0  12:18a  31.2   0.0  0.00   0.9   9.8   2:46p    SE
23  43.5  59.4  12:58p  26.4  12:48a  21.5   0.0  0.00   1.6   9.8   2:06a   NNW
24  37.1  54.5  10:42a  26.8   8:30a  28.3   0.0  0.17   3.1  20.6  12:54p   NNW
25  28.3  34.9   1:26p  17.2  11:54p  36.7   0.0  0.00   2.7  17.4  12:28p   NNE
26  25.7  36.1   2:42p  14.9   1:27a  39.3   0.0  0.01   0.7   6.9   2:57p    SE
27  33.5  54.9  12:08p  17.8   2:19a  31.5   0.0  0.00   1.5  15.9   1:14p   ESE
28  37.0  55.0  10:56a  21.9   2:22a  28.0   0.0  0.00   1.1   6.9   2:55p    SE
29  46.0  53.8   1:07p  34.0  12:03a  19.0   0.0  0.00   4.2  26.6   6:32a   NNW
30  44.2  62.6   3:34p  28.6  10:17p  20.8   0.0  0.00   4.0  25.9  12:43p   NNE
31  26.3  30.7  12:03p  21.6  11:38p  39.3   0.0  0.00   1.8  10.7   4:46p   SSE
----------------------------------------------------------------------------------
    30.8  62.6    30     4.5     1  1061.5   0.0  0.24   1.8  26.6    29       N

Max >=  80.0:  0
Max <=  32.0:  3
Min <=  32.0: 30
Min <=   0.0:  0
Max Rain: 0.17 on day 24
Days of Rain: 4 (>= 0.01 in)  1 (>= 0.10 in)  0 (>= 1.00 in)
Heat Base: 65.0  Cool Base: 65.0  Method: Integration