NOAA-Style Climate Reports

Select a Year or Month report
2018: Jan Feb Mar Apr May Jun Jul Aug Sep Oct Nov Dec
2017: Jan Feb Mar Apr May Jun Jul Aug Sep Oct Nov Dec
2016: Jan Feb Mar Apr May Jun Jul Aug Sep Oct Nov Dec
2015: Jan Feb Mar Apr May Jun Jul Aug Sep Oct Nov Dec
2014: Jan Feb Mar Apr May Jun Jul Aug Sep Oct Nov Dec
2013: Jan Feb Mar Apr May Jun Jul Aug Sep Oct Nov Dec
2012: Jan Feb Mar Apr May Jun Jul Aug Sep Oct Nov Dec
2011: Jan Feb Mar Apr May Jun Jul Aug Sep Oct Nov Dec
2010: Jan Feb Mar Apr May Jun Jul Aug Sep Oct Nov Dec

Report for 2016
                   Annual Climatological Summary for 2016

Name: StetsonWX   City: Colorado Springs   State: Colorado
Elevation: 6584 ft  Lat: N 38° 54' 02"   Lon: W 104° 42' 23"

                  Temperature (°F), Heat Base: 65.0  Cool Base: 65.0
                          Dep.  Heat  Cool                       Max  Max  Min  Min
        Mean  Mean        From  Deg   Deg                        >=   <=   <=   <=
 YR MO  Max   Min   Mean  Norm  Days  Days  Hi  Date  Low  Date 80.0 32.0 32.0   0.0
------------------------------------------------------------------------------------
 16  1  43.6  18.3  30.8   0.0  1061     0  62.6  30   4.5    1    0    3   30    0
 16  2  50.3  22.0  36.4   0.0   829     1  70.5  18  -2.6    3    0    3   25    2
 16  3  54.2  26.2  40.7   0.0   756     4  74.1   6  13.1   27    0    3   26    0
 16  4  58.2  33.1  46.1   0.0   575     8  72.9  14  19.2    1    0    0   12    0
 16  5  66.0  39.3  52.9   0.0   409    33  79.3  21  23.7    2    0    0    2    0
 16  6  81.2  53.6  67.5   0.0    95   170  92.5  21  45.3   14   18    0    0    0
 16  7  85.2  56.6  70.7   0.0    53   230  92.1  10  32.7    7   25    0    0    0
 16  8  77.8  52.3  64.4   0.0   118    99  86.9   1  40.3   25   11    0    0    0
 16  9  76.3  46.3  61.5   0.0   210   105  85.9   3  34.1   26   12    0    0    0
 16 10  70.0  38.4  53.8   0.0   396    49  81.5  16  26.9    7    3    0    5    0
 16 11  56.3  27.6  41.0   0.0   723     3  73.0  16   8.4   30    0    0   18    0
 16 12  42.3  14.3  28.4   0.0  1132     0  63.4  15 -11.2   17    0    7   31    3
------------------------------------------------------------------------------------
        63.5  35.7  49.5   0.0  6361   706  92.5 Jun -11.2  Dec   69   16  149    5

                                Precipitation (in)

              Dep.   Max        Days of Rain
              From   Obs.           >=
 YR MO Total  Norm   Day Date 0.01 0.10 1.00
---------------------------------------------
 16  1  0.24   0.0  0.17  24     4    1    0
 16  2  0.05   0.0  0.04   5     2    0    0
 16  3  0.28   0.0  0.17  27     5    1    0
 16  4  1.13   0.0  0.27  29    10    4    0
 16  5  2.49   0.0  1.09  26    13    6    1
 16  6  3.51   0.0  1.80  13    13    6    1
 16  7  2.70   0.0  1.52  28    14    6    1
 16  8  6.02   0.0  1.90  29    11    7    3
 16  9  0.05   0.0  0.04  12     2    0    0
 16 10  0.17   0.0  0.16  25     2    1    0
 16 11  0.16   0.0  0.10  22     4    1    0
 16 12  0.31   0.0  0.19  25     4    1    0
---------------------------------------------
       17.11   0.0  1.90  Aug   84   34    6

                                Wind Speed (mph)
                          Dom
 YR MO   Avg.  Hi   Date  Dir
------------------------------
 16  1   1.8  26.6   29     N
 16  2   2.6  32.0   18     N
 16  3   2.7  39.6   23   NNW
 16  4   3.0  39.6   16   NNW
 16  5   2.2  27.3   27   ENE
 16  6   1.5  25.9   20     E
 16  7   1.3  24.4   26     E
 16  8   0.2  19.0   23   ESE
 16  9   0.8  23.0   23   ESE
 16 10   0.6  19.0   18    SE
 16 11   0.7  20.0    4     E
 16 12   0.8  21.0    5   ESE
------------------------------
         1.5  39.6  Mar   NNE