NOAA-Style Climate Reports

Select a Year or Month report
2018: Jan Feb Mar Apr May Jun Jul Aug Sep Oct Nov Dec
2017: Jan Feb Mar Apr May Jun Jul Aug Sep Oct Nov Dec
2016: Jan Feb Mar Apr May Jun Jul Aug Sep Oct Nov Dec
2015: Jan Feb Mar Apr May Jun Jul Aug Sep Oct Nov Dec
2014: Jan Feb Mar Apr May Jun Jul Aug Sep Oct Nov Dec
2013: Jan Feb Mar Apr May Jun Jul Aug Sep Oct Nov Dec
2012: Jan Feb Mar Apr May Jun Jul Aug Sep Oct Nov Dec
2011: Jan Feb Mar Apr May Jun Jul Aug Sep Oct Nov Dec
2010: Jan Feb Mar Apr May Jun Jul Aug Sep Oct Nov Dec

Report for 2015 December
                   Monthly Climatological Summary for Dec 2015

Name: StetsonWX.com   City: Colorado Springs   State: Colorado
Elevation: 6584 ft  Lat: N 38° 54' 02"   Lon: W 104° 42' 23"

                  Temperature (°F), Rain (in), Wind Speed (mph)

                                      Heat  Cool        Avg
    Mean                              Deg   Deg         Wind                 Dom
Day Temp  High   Time   Low    Time   Days  Days  Rain  Speed High   Time    Dir
----------------------------------------------------------------------------------
 1  29.8  42.3   1:53p  20.8   5:26a  35.2   0.0  0.02   2.2  18.3  12:29a   NNW
 2  30.1  46.4  12:44p  17.8   3:54a  34.9   0.0  0.00   1.1   9.2   1:34p    SE
 3  33.7  47.8   1:16p  21.0  11:52p  31.3   0.0  0.00   1.8  13.0   9:44a   ESE
 4  36.5  56.5  12:21p  20.5   1:27a  28.5   0.0  0.00   1.0  10.7  11:56p   ESE
 5  36.9  49.5   9:44a  19.9  11:59p  28.1   0.0  0.00   2.4  15.9   1:52p   NNW
 6  32.3  51.3  10:48p  16.7   4:42a  32.6   0.0  0.00   1.9  25.1  11:54p   ENE
 7  45.0  56.3   1:28p  32.5   7:06a  20.0   0.0  0.00   3.0  32.7  12:37a    NW
 8  46.5  57.2   2:16p  31.8  11:15p  18.5   0.0  0.00   3.8  26.6   7:52a    NW
 9  45.2  61.5   1:06p  29.8   5:17a  19.8   0.0  0.00   1.2  13.6   9:06p   NNE
10  51.1  61.0   2:17p  44.1   5:58p  13.9   0.0  0.00   2.8  28.2   7:28a    NW
11  45.5  61.3  12:38p  29.3  11:56p  19.5   0.0  0.00   4.0  28.2   1:14p   ENE
12  27.1  32.0   9:28a  23.5   4:45a  37.9   0.0  0.00   3.6  22.1   9:58p   NNW
13  33.6  46.8   3:31p  24.8   4:02a  31.4   0.0  0.00   4.9  27.3  12:27a   NNW
14  33.5  48.2  12:52p  19.8   6:03a  31.5   0.0  0.00   1.5  15.9   2:01p    SE
15  19.2  29.1  12:00a   7.0  11:53p  45.8   0.0  0.00   5.7  26.6  12:44p   NNW
16  19.3  35.2  11:31a   5.4   1:26a  45.6   0.0  0.00   1.8  12.1  10:15a     E
17  15.4  29.5  10:07a   5.5   7:35a  49.6   0.0  0.00   1.3  15.2  10:49a    NE
18  31.1  51.1  12:43p  10.8   2:16a  33.9   0.0  0.00   0.9   7.6   2:16a   ESE
19  40.0  56.3  10:11a  24.6   2:17a  25.0   0.0  0.00   1.5   9.8   8:21p   ESE
20  37.4  52.2  11:59a  23.4   9:50p  27.6   0.0  0.00   2.2  28.9   3:47p     N
21  35.2  46.0   1:16p  25.7  12:22a  29.8   0.0  0.00   2.6  22.1   5:37a   NNW
22  41.4  53.8   1:32p  26.8  11:55p  23.6   0.0  0.00   3.3  20.6   1:40p     N
23  31.1  40.8   1:34p  20.5  11:58p  33.9   0.0  0.00   2.3  22.8   8:24p    NW
24  24.9  35.8   2:26p  14.2   7:23a  40.1   0.0  0.00   2.2  21.3   3:16a   WNW
25  25.0  34.0   2:56p  14.5   5:51a  40.0   0.0  0.00   1.1  19.0  10:58p   NNW
26  15.3  18.3   1:52p  11.5   7:32a  49.7   0.0  0.00   8.1  31.1  10:20a   NNW
27  18.8  30.7  10:16a  10.9   7:59a  46.1   0.0  0.00   1.7  13.6  12:22a     S
28  18.5  33.3  12:50p   6.1   5:16a  46.5   0.0  0.00   0.3   6.0   4:30p   SSE
29  16.8  30.9  12:47p   7.2   6:19a  48.2   0.0  0.00   1.0  10.7   9:29a   ESE
30  16.2  30.2   1:12p   5.9   5:17a  48.8   0.0  0.00   0.6   7.6  10:34a    SE
31  16.3  24.1   1:51p   6.4   3:20a  48.7   0.0  0.00   0.3   5.4   9:49a    SE
----------------------------------------------------------------------------------
    30.6  61.5     9     5.4    16  1066.0   0.0  0.02   2.3  32.7     7       N

Max >=  80.0:  0
Max <=  32.0:  8
Min <=  32.0: 29
Min <=   0.0:  0
Max Rain: 0.02 on day 1
Days of Rain: 1 (>= 0.01 in)  0 (>= 0.10 in)  0 (>= 1.00 in)
Heat Base: 65.0  Cool Base: 65.0  Method: Integration