NOAA-Style Climate Reports

Select a Year or Month report
2018: Jan Feb Mar Apr May Jun Jul Aug Sep Oct Nov Dec
2017: Jan Feb Mar Apr May Jun Jul Aug Sep Oct Nov Dec
2016: Jan Feb Mar Apr May Jun Jul Aug Sep Oct Nov Dec
2015: Jan Feb Mar Apr May Jun Jul Aug Sep Oct Nov Dec
2014: Jan Feb Mar Apr May Jun Jul Aug Sep Oct Nov Dec
2013: Jan Feb Mar Apr May Jun Jul Aug Sep Oct Nov Dec
2012: Jan Feb Mar Apr May Jun Jul Aug Sep Oct Nov Dec
2011: Jan Feb Mar Apr May Jun Jul Aug Sep Oct Nov Dec
2010: Jan Feb Mar Apr May Jun Jul Aug Sep Oct Nov Dec

Report for 2015 November
                   Monthly Climatological Summary for Nov 2015

Name: StetsonWX.com   City: Colorado Springs   State: Colorado
Elevation: 6584 ft  Lat: N 38° 54' 02"   Lon: W 104° 42' 23"

                  Temperature (°F), Rain (in), Wind Speed (mph)

                                      Heat  Cool        Avg
    Mean                              Deg   Deg         Wind                 Dom
Day Temp  High   Time   Low    Time   Days  Days  Rain  Speed High   Time    Dir
----------------------------------------------------------------------------------
 1  49.4  69.6  12:24p  34.9   6:42a  16.9   0.7  0.00   1.6  12.1   2:00p    NE
 2  51.9  70.9   1:19p  35.8  11:57p  14.2   1.1  0.00   1.4  13.6   1:30p   ESE
 3  53.6  67.8   2:16p  35.2  12:12a  11.9   0.5  0.00   1.9  32.0  10:08a     E
 4  50.4  63.1  12:14p  35.2   4:18a  14.6   0.0  0.00   2.0  19.0   4:26p   ENE
 5  37.8  48.2   2:23p  29.5   5:28a  27.2   0.0  0.00   2.1  14.5   8:49a     E
 6  33.7  45.3  10:02a  25.0   6:51a  31.3   0.0  0.00   2.2  18.3  12:16p    NE
 7  34.4  47.7   1:32p  24.3  12:25a  30.6   0.0  0.00   0.8   9.8   1:08p    SE
 8  39.1  60.6  12:55p  22.8   4:57a  25.9   0.0  0.00   1.3   6.0   1:21p    SE
 9  42.3  59.4   2:41p  25.9   3:17a  22.7   0.0  0.00   1.3   8.3  11:46a   ESE
10  44.9  61.5  12:24p  29.7   4:52a  20.1   0.0  0.00   2.0  19.7  11:32p   ENE
11  36.0  46.8   1:41p  29.3   4:09a  29.0   0.0  0.01   6.4  27.3   8:35a   NNW
12  34.2  47.1   1:07p  21.9   6:55a  30.8   0.0  0.00   1.4   9.8   9:36a    SE
13  35.7  55.6   1:22p  18.0   5:48a  29.3   0.0  0.00   1.1   6.9  12:31p   ESE
14  42.6  62.8  12:51p  26.1   4:13a  22.3   0.0  0.00   1.2   6.9  12:51p   ESE
15  41.6  61.2   1:07p  25.9   7:09a  23.4   0.0  0.00   1.5   9.2   2:48p   ESE
16  39.9  55.8   9:12a  30.2  12:55a  25.1   0.0  0.00   3.7  33.6   3:48p   NNW
17  30.4  36.9   2:30p  25.0  11:59p  34.6   0.0  0.01   9.4  35.8   7:39a   NNW
18  36.5  51.3  12:24p  19.6   1:49a  28.5   0.0  0.00   5.4  35.8  10:19a    NW
19  31.3  43.5   2:33p  19.9   1:29a  33.7   0.0  0.00   1.5   9.2   2:05p    SE
20  36.5  55.2  11:43a  21.2  11:58p  28.5   0.0  0.00   6.6  35.8  11:50a    NW
21  24.7  38.5   3:52p  11.1   6:11a  40.3   0.0  0.00   1.2  18.3  12:32a   ENE
22  44.4  74.1   4:22p  22.8   5:38a  22.2   1.6  0.00   1.2   8.3   8:42a     E
23  41.1  60.1  11:46a  27.1   1:35a  23.9   0.0  0.00   1.8  11.4   2:08p     E
24  42.8  58.6   1:08p  27.1   2:05a  22.2   0.0  0.00   3.5  21.3  11:21a    NW
25  38.7  61.2  12:26p  27.1  11:51p  26.3   0.0  0.00   2.1  15.9   1:08p    NE
26  22.3  27.1  12:00a  16.0  11:44p  42.7   0.0  0.00   2.4  13.0   4:33p   ESE
27  14.4  22.6   9:41a   5.5   7:19a  50.6   0.0  0.00   1.0   6.9  12:22a   SSE
28  17.7  21.4   2:29p  14.0   3:13a  47.3   0.0  0.00   0.6   5.4   1:19a     S
29  20.4  25.3  12:54p  16.9   4:39a  44.6   0.0  0.00   0.3   4.5   3:36a   WSW
30  22.0  30.9   3:06p   8.1   6:38a  43.0   0.0  0.08   1.6  15.2   7:07p    NW
----------------------------------------------------------------------------------
    36.4  74.1    22     5.5    27   863.7   3.9  0.10   2.3  35.8    17     NNE

Max >=  80.0:  0
Max <=  32.0:  5
Min <=  32.0: 26
Min <=   0.0:  0
Max Rain: 0.08 on day 30
Days of Rain: 3 (>= 0.01 in)  0 (>= 0.10 in)  0 (>= 1.00 in)
Heat Base: 65.0  Cool Base: 65.0  Method: Integration