NOAA-Style Climate Reports

Select a Year or Month report
2018: Jan Feb Mar Apr May Jun Jul Aug Sep Oct Nov Dec
2017: Jan Feb Mar Apr May Jun Jul Aug Sep Oct Nov Dec
2016: Jan Feb Mar Apr May Jun Jul Aug Sep Oct Nov Dec
2015: Jan Feb Mar Apr May Jun Jul Aug Sep Oct Nov Dec
2014: Jan Feb Mar Apr May Jun Jul Aug Sep Oct Nov Dec
2013: Jan Feb Mar Apr May Jun Jul Aug Sep Oct Nov Dec
2012: Jan Feb Mar Apr May Jun Jul Aug Sep Oct Nov Dec
2011: Jan Feb Mar Apr May Jun Jul Aug Sep Oct Nov Dec
2010: Jan Feb Mar Apr May Jun Jul Aug Sep Oct Nov Dec

Report for 2015 October
                   Monthly Climatological Summary for Oct 2015

Name: StetsonWX.com   City: Colorado Springs   State: Colorado
Elevation: 6584 ft  Lat: N 38° 54' 02"   Lon: W 104° 42' 23"

                  Temperature (°F), Rain (in), Wind Speed (mph)

                                      Heat  Cool        Avg
    Mean                              Deg   Deg         Wind                 Dom
Day Temp  High   Time   Low    Time   Days  Days  Rain  Speed High   Time    Dir
----------------------------------------------------------------------------------
 1  60.9  72.7   2:12p  51.4   7:09a   5.6   1.5  0.00   0.7   8.3   3:04p     S
 2  54.0  57.4   4:43p  49.8  11:59p  11.0   0.0  0.09   1.1  12.1   5:15p   SSE
 3  54.2  66.9   3:53p  47.1   2:08a  10.9   0.1  0.04   1.1  18.3   5:56p    SE
 4  52.5  60.1   3:51p  45.1   7:40a  12.5   0.0  0.00   0.7   9.2   1:13p    SE
 5  54.2  68.0   3:38p  41.9   7:24a  11.0   0.3  0.00   0.6  10.7   4:07p    SE
 6  55.6  69.6   2:37p  47.8   2:26a   9.8   0.4  0.18   1.1  12.1   6:28p     E
 7  53.7  69.3   2:07p  45.3   6:13a  11.6   0.3  0.13   0.6   9.2   3:23p   ESE
 8  58.0  71.2   2:11p  44.4   4:38a   8.5   1.5  0.00   1.5  14.5   8:27p     E
 9  55.4  65.1   3:34p  47.5  11:35p   9.6   0.0  0.00   1.0   9.8  10:57a   SSE
10  59.2  77.0   2:25p  44.2   3:19a   9.2   3.4  0.00   0.8   6.9   1:07p   ESE
11  65.9  82.4   2:15p  48.2   2:11a   4.3   5.3  0.00   2.2  13.0   3:42p   NNE
12  55.0  67.1   3:38p  41.7   7:38a  10.2   0.1  0.00   1.2  13.0   2:59a     E
13  58.0  76.6   3:30p  42.8   6:28a  10.1   3.2  0.00   1.4  10.7  12:09p   ENE
14  58.2  76.5   2:41p  41.7   5:42a  10.0   3.2  0.00   1.4   9.8  12:13p     E
15  54.0  63.1   9:02a  43.0   6:58a  10.9   0.0  0.00   3.0  23.5  11:06a   ENE
16  49.2  61.5   4:40p  38.5   6:33a  15.8   0.0  0.00   1.7  13.6   2:26a   SSE
17  53.9  71.6   2:46p  39.2   5:08a  12.4   1.3  0.00   1.1  12.1   4:30p    SE
18  56.6  72.3  12:11p  43.9  12:52a   9.5   1.1  0.01   1.0   9.8   6:14p   ENE
19  57.5  71.2   3:00p  45.7   6:14a   8.7   1.2  0.00   1.0  13.0   3:58p    NE
20  56.5  68.0   2:29p  47.7   8:07a   8.8   0.4  0.00   0.6   8.3   5:46a   ESE
21  45.5  50.9  12:16a  41.0  11:33p  19.5   0.0  0.25   2.2  19.0   1:03a   NNE
22  44.4  50.4   2:46p  40.8  11:18a  20.6   0.0  0.53   1.0  12.1  12:33p     N
23  46.2  53.2  12:11p  38.3   3:50a  18.8   0.0  0.04   2.2  19.7  10:51a   ENE
24  44.8  58.1   3:18p  34.2   4:36a  20.2   0.0  0.02   0.4   7.6   2:53p   SSE
25  48.0  65.1   3:18p  34.0   7:09a  17.0   0.0  0.00   0.6   6.0   4:20p    SE
26  49.3  61.7   1:31p  40.1  11:59p  15.6   0.0  0.04   0.8  17.4   3:01p   ENE
27  45.9  62.6   1:25p  35.2   4:59a  19.1   0.0  0.01   2.4  24.4   7:52p     N
28  41.2  55.4   1:32p  25.5   7:25a  23.8   0.0  0.00   0.9   7.6  12:31p     E
29  41.0  51.1   3:22p  34.7  10:32p  24.0   0.0  0.00   1.0  13.0   1:46p   SSE
30  39.7  48.2   1:26p  29.8  11:57p  25.3   0.0  0.00   2.8  20.6  12:55p     N
31  45.6  61.5   3:19p  27.5   1:07a  19.4   0.0  0.00   1.7  11.4   3:34a     N
----------------------------------------------------------------------------------
    52.1  82.4    11    25.5    28   423.7  23.3  1.34   1.3  24.4    27     ENE

Max >=  80.0:  1
Max <=  32.0:  0
Min <=  32.0:  3
Min <=   0.0:  0
Max Rain: 0.53 on day 22
Days of Rain: 11 (>= 0.01 in)  4 (>= 0.10 in)  0 (>= 1.00 in)
Heat Base: 65.0  Cool Base: 65.0  Method: Integration