NOAA-Style Climate Reports

Select a Year or Month report
2018: Jan Feb Mar Apr May Jun Jul Aug Sep Oct Nov Dec
2017: Jan Feb Mar Apr May Jun Jul Aug Sep Oct Nov Dec
2016: Jan Feb Mar Apr May Jun Jul Aug Sep Oct Nov Dec
2015: Jan Feb Mar Apr May Jun Jul Aug Sep Oct Nov Dec
2014: Jan Feb Mar Apr May Jun Jul Aug Sep Oct Nov Dec
2013: Jan Feb Mar Apr May Jun Jul Aug Sep Oct Nov Dec
2012: Jan Feb Mar Apr May Jun Jul Aug Sep Oct Nov Dec
2011: Jan Feb Mar Apr May Jun Jul Aug Sep Oct Nov Dec
2010: Jan Feb Mar Apr May Jun Jul Aug Sep Oct Nov Dec

Report for 2015 September
                   Monthly Climatological Summary for Sep 2015

Name: StetsonWX.com   City: Colorado Springs   State: Colorado
Elevation: 6584 ft  Lat: N 38° 54' 02"   Lon: W 104° 42' 23"

                  Temperature (°F), Rain (in), Wind Speed (mph)

                                      Heat  Cool        Avg
    Mean                              Deg   Deg         Wind                 Dom
Day Temp  High   Time   Low    Time   Days  Days  Rain  Speed High   Time    Dir
----------------------------------------------------------------------------------
 1  65.8  83.5   2:31p  52.5   6:59a   3.4   4.3  0.09   1.1  10.7   5:05p     N
 2  70.3  83.5   1:43p  55.9   6:07a   1.8   7.1  0.00   1.2  15.2   3:40p   NNW
 3  70.9  75.4  10:57a  60.1   2:23a   0.8   6.8  0.17   2.6  21.3   4:42p   NNW
 4  70.2  75.4  12:00a  59.4   8:52a   0.8   6.0  0.00   1.8  24.4   7:37a     N
 5  66.5  77.0   3:15p  54.0   4:32a   2.6   4.1  0.00   0.0   0.0  12:00a   ---
 6  70.7  80.8  12:46p  59.4   1:10a   0.9   6.6  0.00   0.0   0.0  12:00a   ---
 7  65.9  81.0   4:14p  51.6   5:38a   3.6   4.5  0.00   0.0   0.0  12:00a   ---
 8  64.4  77.7   1:48p  51.4  11:58p   4.6   4.0  0.00   0.6  13.6   5:38p     N
 9  65.1  81.7   2:41p  48.7   3:20a   5.7   5.8  0.00   1.0   9.8  11:32a     N
10  68.6  84.6   3:02p  51.6   6:54a   3.2   6.8  0.00   1.6  13.6   8:10p     N
11  59.0  68.7   3:24p  52.5  11:55p   6.5   0.5  0.00   0.8   9.8   1:45p     N
12  64.3  81.9   2:34p  45.9   5:42a   6.5   5.8  0.00   1.3  13.0  12:15p     N
13  68.5  85.8   2:47p  50.2   4:08a   4.5   8.0  0.00   1.6  13.0  12:12p     N
14  68.2  85.1   2:07p  49.6   6:23a   4.1   7.3  0.00   1.5  15.2   3:18p     N
15  67.3  82.0   2:59p  55.2   4:54a   3.2   5.4  0.00   1.5  15.9  12:10p   NNW
16  66.9  82.0   2:47p  49.5   7:05a   4.2   6.1  0.00   1.2  14.5   3:19p    SE
17  64.6  75.9   3:29p  51.3   5:00a   3.9   3.6  0.00   1.5  14.5   5:49p    SE
18  56.4  65.8  12:47p  47.3  11:59p   8.6   0.0  0.00   2.6  25.9   8:25a    NE
19  55.2  68.4   3:31p  42.3   6:52a  10.4   0.5  0.00   0.8  11.4   3:50p   SSE
20  60.7  77.4  12:42p  45.7   2:34a   8.2   3.9  0.00   0.8   7.6   1:36p   ESE
21  64.6  82.6   1:43p  46.4   6:41a   6.5   6.1  0.00   0.9  10.7   1:13p    SE
22  67.4  79.0  12:29p  56.7  11:54p   1.6   4.0  0.06   2.1  14.5   5:39p   ENE
23  62.9  78.3   2:33p  51.1  11:28p   5.1   3.0  0.02   0.9   9.8  12:15a   NNE
24  63.0  79.0   2:14p  48.4   3:16a   6.2   4.2  0.00   1.5  11.4   2:08p     E
25  62.6  79.7   3:35p  46.8   7:16a   6.6   4.2  0.00   0.8   9.2   5:29p   ESE
26  59.7  75.7   2:44p  44.6   6:45a   7.8   2.5  0.00   0.7   9.2   5:01p     S
27  65.6  83.3   3:26p  47.7   3:52a   6.0   6.7  0.00   1.3  12.1   9:56a    NE
28  65.3  80.8   1:44p  51.4   6:30a   4.7   5.0  0.00   2.2  17.4   6:36p   ENE
29  59.8  70.2   1:55p  50.4  11:56p   5.8   0.5  0.00   1.5  11.4   4:47a    SE
30  60.5  77.7   1:41p  49.1  12:36a   7.1   2.6  0.00   0.6  10.7   5:55p    NW
----------------------------------------------------------------------------------
    64.7  85.8    13    42.3    19   144.9 135.9  0.34   1.2  25.9    18      NE

Max >=  80.0: 14
Max <=  32.0:  0
Min <=  32.0:  0
Min <=   0.0:  0
Max Rain: 0.17 on day 3
Days of Rain: 4 (>= 0.01 in)  1 (>= 0.10 in)  0 (>= 1.00 in)
Heat Base: 65.0  Cool Base: 65.0  Method: Integration