NOAA-Style Climate Reports

Select a Year or Month report
2018: Jan Feb Mar Apr May Jun Jul Aug Sep Oct Nov Dec
2017: Jan Feb Mar Apr May Jun Jul Aug Sep Oct Nov Dec
2016: Jan Feb Mar Apr May Jun Jul Aug Sep Oct Nov Dec
2015: Jan Feb Mar Apr May Jun Jul Aug Sep Oct Nov Dec
2014: Jan Feb Mar Apr May Jun Jul Aug Sep Oct Nov Dec
2013: Jan Feb Mar Apr May Jun Jul Aug Sep Oct Nov Dec
2012: Jan Feb Mar Apr May Jun Jul Aug Sep Oct Nov Dec
2011: Jan Feb Mar Apr May Jun Jul Aug Sep Oct Nov Dec
2010: Jan Feb Mar Apr May Jun Jul Aug Sep Oct Nov Dec

Report for 2015 August
                   Monthly Climatological Summary for Aug 2015

Name: StetsonWX.com   City: Colorado Springs   State: Colorado
Elevation: 6584 ft  Lat: N 38° 54' 02"   Lon: W 104° 42' 23"

                  Temperature (°F), Rain (in), Wind Speed (mph)

                                      Heat  Cool        Avg
    Mean                              Deg   Deg         Wind                 Dom
Day Temp  High   Time   Low    Time   Days  Days  Rain  Speed High   Time    Dir
----------------------------------------------------------------------------------
 1  68.6  84.9   3:45p  54.7   6:08a   2.5   6.1  0.00   1.1  13.6   6:27p    NW
 2  71.6  83.5  12:52p  59.2   6:20a   1.2   7.8  0.00   1.6  16.8   6:45p   NNW
 3  65.7  75.6  12:27p  57.6  11:53p   1.5   2.2  0.07   1.1  13.6   1:07p   NNW
 4  69.0  87.1   3:14p  51.4   3:33a   3.5   7.5  0.00   1.9  13.6   9:29a    NW
 5  72.7  88.0   4:25p  55.2   6:33a   2.7  10.3  0.00   1.5  14.5   6:32p    NW
 6  73.6  91.4   3:19p  57.0   5:08a   1.1   9.7  0.00   1.7  19.0   3:33p    NW
 7  71.5  86.0   5:01p  56.3   6:36a   1.3   7.9  0.02   1.4  21.3   4:25p    NW
 8  71.3  80.4  12:24p  63.9   4:10a   0.0   6.3  0.00   2.0  11.4   7:31a    NW
 9  70.1  82.2  12:37p  57.9   4:27a   1.4   6.5  0.05   1.8  15.9  11:58p   NNW
10  64.1  76.3  11:28a  58.5   6:00a   2.9   2.0  0.38   1.5  14.5   1:39p   NNW
11  65.0  76.1   1:26p  58.3   6:41a   2.4   2.4  0.01   0.8   9.2   5:20a     N
12  70.7  84.2   2:44p  57.7   6:22a   1.8   7.4  0.01   1.0  13.6   6:50p     N
13  73.7  87.3   1:51p  62.6   6:26a   0.1   8.9  0.14   1.8  21.3   7:10p     N
14  70.6  86.2  12:58p  57.2   5:52a   1.7   7.4  0.43   1.2  19.7   6:45p     N
15  72.9  89.4   1:34p  58.5   6:47a   1.0   9.0  0.05   1.9  15.9  11:42p     N
16  69.7  83.7  12:45p  61.7   7:26a   0.4   5.0  0.43   2.2  22.1   1:34p   NNW
17  67.1  81.3   2:33p  58.5  11:54p   1.8   3.9  0.00   1.0  20.6   4:14p     N
18  60.9  72.9   1:32p  51.4   6:34a   5.4   1.3  0.00   3.3  32.7   4:38a   NNW
19  55.7  64.6   3:38p  48.9   4:50a   9.3   0.0  0.00   1.7  14.5   3:54a   NNW
20  63.8  79.9   3:36p  45.0   5:14a   6.5   5.3  0.00   1.1  10.7   3:48p     N
21  67.7  84.4   2:07p  51.8   5:53a   4.2   7.0  0.00   1.3  15.2  10:53a     N
22  70.4  88.2   3:31p  56.3  11:58p   1.6   7.0  0.00   2.9  24.4   3:57p     N
23  59.3  71.1   3:57p  48.9   3:44a   6.9   1.2  0.00   1.6  13.0   9:19a     N
24  65.9  85.1   3:46p  46.4   3:39a   6.1   7.0  0.00   0.9   9.8   2:24p     N
25  67.7  87.3   1:33p  55.0   5:06a   3.2   6.0  0.50   1.8  15.2   3:19p   NNW
26  69.5  85.8   1:50p  52.7   6:17a   3.2   7.6  0.00   1.5  12.1   1:33p     N
27  68.2  80.4   1:06p  58.1   1:03a   1.5   4.8  0.35   2.1  18.3   1:38p   NNW
28  66.7  78.6   3:49p  54.0   3:01a   2.8   4.5  0.00   2.7  15.9  12:18p     N
29  67.0  80.6  12:47p  52.0   5:22a   3.7   5.7  0.00   1.6  15.9   5:18p     N
30  70.3  87.1   2:21p  53.2   5:58a   3.2   8.6  0.00   1.1  11.4   3:16p     N
31  68.0  82.0  12:38p  59.0   2:27a   1.3   4.3  0.00   2.0  14.5   1:18p   NNW
----------------------------------------------------------------------------------
    68.0  91.4     6    45.0    20    86.2 180.6  2.44   1.7  32.7    18     NNW

Max >=  80.0: 23
Max <=  32.0:  0
Min <=  32.0:  0
Min <=   0.0:  0
Max Rain: 0.50 on day 25
Days of Rain: 12 (>= 0.01 in)  6 (>= 0.10 in)  0 (>= 1.00 in)
Heat Base: 65.0  Cool Base: 65.0  Method: Integration