NOAA-Style Climate Reports

Select a Year or Month report
2018: Jan Feb Mar Apr May Jun Jul Aug Sep Oct Nov Dec
2017: Jan Feb Mar Apr May Jun Jul Aug Sep Oct Nov Dec
2016: Jan Feb Mar Apr May Jun Jul Aug Sep Oct Nov Dec
2015: Jan Feb Mar Apr May Jun Jul Aug Sep Oct Nov Dec
2014: Jan Feb Mar Apr May Jun Jul Aug Sep Oct Nov Dec
2013: Jan Feb Mar Apr May Jun Jul Aug Sep Oct Nov Dec
2012: Jan Feb Mar Apr May Jun Jul Aug Sep Oct Nov Dec
2011: Jan Feb Mar Apr May Jun Jul Aug Sep Oct Nov Dec
2010: Jan Feb Mar Apr May Jun Jul Aug Sep Oct Nov Dec

Report for 2015 July
                   Monthly Climatological Summary for Jul 2015

Name: StetsonWX.com   City: Colorado Springs   State: Colorado
Elevation: 6584 ft  Lat: N 38° 54' 02"   Lon: W 104° 42' 23"

                  Temperature (°F), Rain (in), Wind Speed (mph)

                                      Heat  Cool        Avg
    Mean                              Deg   Deg         Wind                 Dom
Day Temp  High   Time   Low    Time   Days  Days  Rain  Speed High   Time    Dir
----------------------------------------------------------------------------------
 1  69.7  82.4   1:14p  60.3  11:58p   1.1   5.8  0.17   1.9  19.0   4:53p     N
 2  65.2  74.1  12:42p  57.2   5:31a   2.5   2.7  0.00   2.0  24.4   6:38a     N
 3  66.0  78.8   3:11p  54.1   5:29a   3.2   4.3  0.70   1.0  22.8   7:02p     N
 4  68.7  82.6   4:58p  54.5   5:51a   2.9   6.6  0.04   1.3  25.9   2:02p     N
 5  71.9  85.6   3:26p  57.9   5:37a   0.9   7.8  0.00   1.9  20.6   6:59p     N
 6  63.0  71.6  12:59p  57.4  11:57p   3.1   1.1  0.13   3.5  22.1   3:22p     N
 7  56.4  59.9   6:23p  54.0   9:56a   8.6   0.0  0.04   1.0  13.0  12:42p     N
 8  59.9  66.7  12:41p  55.9   6:11a   5.1   0.1  0.09   1.0  13.0   1:29p     N
 9  61.3  72.7   3:41p  54.7  12:56a   5.5   1.8  1.73   1.0  11.4   6:32p     N
10  65.8  77.2   1:54p  52.7   3:45a   4.0   4.8  0.04   1.0  11.4   9:03a     N
11  71.0  82.2   3:26p  55.9   4:09a   1.5   7.5  0.00   1.8  11.4   9:03a     N
12  71.8  82.9   4:12p  54.7   5:10a   1.8   8.6  0.00   1.4  11.4  11:27a     N
13  75.0  81.9  10:51a  66.4  11:45p   0.0   9.9  0.76   2.0  13.6  10:13p     N
14  68.1  78.8  11:52a  58.6   5:49a   1.8   4.9  0.59   0.8   7.6  12:42a     N
15  74.0  85.5  12:57p  57.9  12:52a   0.9   9.9  0.00   1.2   9.8   5:43p     N
16  68.4  82.4   9:43a  58.3  11:08p   2.0   5.3  0.17   1.5  13.6   5:23a     N
17  69.1  81.7   5:19p  57.2   1:58a   1.5   5.6  0.10   2.1  24.4   3:08a     N
18  69.0  82.2   3:21p  56.7   6:37a   1.4   5.5  0.00   2.1  22.1  12:40a     N
19  66.7  79.7   2:32p  57.6   3:17a   1.6   3.3  0.02   1.7  22.1   2:50p     N
20  67.4  77.9   2:27p  56.3   4:41a   1.6   4.0  0.00   1.4  13.6   7:13a     N
21  65.4  76.5   2:20p  58.8   6:00a   1.7   2.1  0.26   1.5  23.5   4:39p     N
22  68.3  81.7   2:01p  54.1   6:09a   2.3   5.6  0.06   1.5  13.6   3:54p     N
23  72.5  84.9   5:03p  55.9   5:45a   2.0   9.5  0.00   1.1   7.6   2:52p     N
24  73.9  82.2   3:36p  62.1   2:11a   0.1   9.1  0.00   2.9  16.8   6:20p     N
25  71.4  83.3   2:19p  59.2   5:49a   1.1   7.5  0.00   2.0  19.7  11:24a     N
26  71.7  84.6  11:27a  60.1   5:34a   0.9   7.5  0.06   1.1   9.8  12:53p     N
27  73.7  88.9   2:32p  58.3   5:46a   1.2   9.9  0.00   1.1  15.9   1:30p   NNW
28  71.1  80.6   4:23p  57.9   6:43a   1.0   7.1  0.00   2.5  14.5  12:59p    NW
29  64.7  75.9   4:18p  52.3   5:05a   3.5   3.2  0.01   1.1  13.0  11:33a    NW
30  67.3  82.0  12:42p  53.6   5:37a   2.9   5.2  0.00   0.8  11.4   6:16p   NNW
31  68.0  81.0   2:19p  54.0   6:29a   2.6   5.7  0.00   0.9  12.1   6:10p   NNW
----------------------------------------------------------------------------------
    68.3  88.9    27    52.3    29    70.3 171.9  4.97   1.5  25.9     4       N

Max >=  80.0: 19
Max <=  32.0:  0
Min <=  32.0:  0
Min <=   0.0:  0
Max Rain: 1.73 on day 9
Days of Rain: 17 (>= 0.01 in)  9 (>= 0.10 in)  1 (>= 1.00 in)
Heat Base: 65.0  Cool Base: 65.0  Method: Integration