NOAA-Style Climate Reports

Select a Year or Month report
2018: Jan Feb Mar Apr May Jun Jul Aug Sep Oct Nov Dec
2017: Jan Feb Mar Apr May Jun Jul Aug Sep Oct Nov Dec
2016: Jan Feb Mar Apr May Jun Jul Aug Sep Oct Nov Dec
2015: Jan Feb Mar Apr May Jun Jul Aug Sep Oct Nov Dec
2014: Jan Feb Mar Apr May Jun Jul Aug Sep Oct Nov Dec
2013: Jan Feb Mar Apr May Jun Jul Aug Sep Oct Nov Dec
2012: Jan Feb Mar Apr May Jun Jul Aug Sep Oct Nov Dec
2011: Jan Feb Mar Apr May Jun Jul Aug Sep Oct Nov Dec
2010: Jan Feb Mar Apr May Jun Jul Aug Sep Oct Nov Dec

Report for 2015 June
                   Monthly Climatological Summary for Jun 2015

Name: StetsonWX.com   City: Colorado Springs   State: Colorado
Elevation: 6584 ft  Lat: N 38° 54' 02"   Lon: W 104° 42' 23"

                  Temperature (°F), Rain (in), Wind Speed (mph)

                                      Heat  Cool        Avg
    Mean                              Deg   Deg         Wind                 Dom
Day Temp  High   Time   Low    Time   Days  Days  Rain  Speed High   Time    Dir
----------------------------------------------------------------------------------
 1  65.7  80.1  12:51p  50.4   4:50a   4.3   5.0  0.01   1.3  22.1   2:51p     N
 2  69.5  86.5   4:11p  50.9   5:37a   3.3   7.8  0.00   1.6  22.8   4:28p     N
 3  65.9  74.3   1:39p  58.6   6:15a   1.7   2.6  0.00   3.1  22.1   9:27a     N
 4  68.1  80.1   4:11p  59.4   3:25a   1.9   5.0  0.00   1.6  13.6   3:47p     N
 5  63.8  73.6   4:55p  57.7   5:04a   3.0   1.8  0.26   2.2  17.4   2:58a     N
 6  62.4  76.8   2:14p  53.1  11:50p   5.0   2.4  0.20   1.0  15.9   7:47p     N
 7  61.1  74.5  12:48p  48.4   4:43a   5.4   1.5  0.32   2.1  22.8   3:03p     N
 8  64.7  77.0   2:32p  47.3   5:43a   4.5   4.1  0.00   1.0   9.8   2:34p     N
 9  69.4  81.0   2:14p  54.1   4:27a   2.8   7.2  0.00   1.4  12.1   1:46p    NW
10  67.5  76.3   2:28p  60.4  11:27p   0.7   3.2  0.06   2.1  18.3   4:27p   NNW
11  60.9  73.4  10:53a  54.0  11:43p   5.1   1.0  0.78   2.5  24.4   7:42p    NW
12  58.9  69.8   5:34p  52.3   8:15a   6.7   0.6  0.38   1.2  15.2   3:03a    NW
13  65.6  78.1  12:31p  51.8   5:36a   3.7   4.4  0.00   1.4  20.6   9:07p    NW
14  63.6  75.2  11:18a  52.5   4:21a   4.2   2.8  0.00   1.6  14.5   1:39p    NW
15  62.4  73.2   1:14p  52.2  12:15a   4.2   1.6  1.12   1.5  18.3   4:14a    NW
16  64.4  77.2   3:39p  53.6   1:11a   4.1   3.5  0.13   1.7  18.3  11:20a     N
17  67.9  80.8   3:16p  57.2   4:07a   1.9   4.9  0.02   1.3  15.9  12:00a   NNW
18  64.5  81.0   2:25p  52.7   2:15p   2.7   2.2  0.04   2.1  19.0   9:20a   NNW
19  70.6  83.8   3:59p  57.4   3:37a   1.6   7.2  0.01   1.1  11.4   4:42p   NNW
20  72.4  83.8  12:21p  59.2   6:07a   0.8   8.2  0.00   2.4  15.2   8:34a    NW
21  73.7  88.7  11:23a  56.3   6:08a   2.0  10.8  0.00   1.3  14.5   5:14p   NNW
22  73.0  81.9   8:43a  62.8   1:22a   0.1   8.1  0.00   2.3  17.4   9:57a   NNW
23  68.0  79.0   2:22p  55.9   4:53a   1.8   4.8  0.00   1.1  15.9   7:18p   NNW
24  70.6  87.4  12:09p  60.3   1:37a   0.7   6.3  0.00   2.1  20.6   3:36p    NW
25  69.4  83.5   1:29p  55.4   5:32a   2.0   6.5  0.09   1.8  18.3   6:10p    NW
26  67.2  75.9   1:56p  58.5   4:39a   1.4   3.6  0.01   2.0  25.1  12:27a    NW
27  69.3  81.5   1:43p  53.4   6:11a   2.1   6.4  0.00   1.6  13.6   3:26p    NW
28  67.7  83.7   1:39p  56.5   5:58a   2.9   5.6  0.40   1.1  22.8   2:21p    NW
29  68.0  78.8   3:23p  55.8   1:33a   2.3   5.3  0.01   1.1  13.6   7:58a   NNW
30  72.8  85.6   4:25p  57.9   4:25a   1.7   9.5  0.00   1.1   9.8   9:16p     N
----------------------------------------------------------------------------------
    67.0  88.7    21    47.3     8    84.6 143.9  3.84   1.7  25.1    26     NNW

Max >=  80.0: 15
Max <=  32.0:  0
Min <=  32.0:  0
Min <=   0.0:  0
Max Rain: 1.12 on day 15
Days of Rain: 16 (>= 0.01 in)  8 (>= 0.10 in)  1 (>= 1.00 in)
Heat Base: 65.0  Cool Base: 65.0  Method: Integration