NOAA-Style Climate Reports

Select a Year or Month report
2018: Jan Feb Mar Apr May Jun Jul Aug Sep Oct Nov Dec
2017: Jan Feb Mar Apr May Jun Jul Aug Sep Oct Nov Dec
2016: Jan Feb Mar Apr May Jun Jul Aug Sep Oct Nov Dec
2015: Jan Feb Mar Apr May Jun Jul Aug Sep Oct Nov Dec
2014: Jan Feb Mar Apr May Jun Jul Aug Sep Oct Nov Dec
2013: Jan Feb Mar Apr May Jun Jul Aug Sep Oct Nov Dec
2012: Jan Feb Mar Apr May Jun Jul Aug Sep Oct Nov Dec
2011: Jan Feb Mar Apr May Jun Jul Aug Sep Oct Nov Dec
2010: Jan Feb Mar Apr May Jun Jul Aug Sep Oct Nov Dec

Report for 2015 May
                   Monthly Climatological Summary for May 2015

Name: StetsonWX.com   City: Colorado Springs   State: Colorado
Elevation: 6584 ft  Lat: N 38° 54' 02"   Lon: W 104° 42' 23"

                  Temperature (°F), Rain (in), Wind Speed (mph)

                                      Heat  Cool        Avg
    Mean                              Deg   Deg         Wind                 Dom
Day Temp  High   Time   Low    Time   Days  Days  Rain  Speed High   Time    Dir
----------------------------------------------------------------------------------
 1  55.3  69.3  11:35a  47.8   5:38a  11.4   1.0  0.01   3.5  14.9  11:11p     E
 2  58.7  76.3  10:35a  42.3   7:19a  10.4   1.0  0.00   2.3  21.5   3:23p    SE
 3  58.4  71.2   9:35a  43.7   3:02a   9.4   1.0  0.00   3.9  13.3  10:30a    SW
 4  52.0  62.8  11:35a  45.5   5:30a   6.4   1.0  0.97   2.6  10.6   2:31p    NE
 5  47.2  49.5  12:35p  45.6   8:50a   9.4   1.0  0.30   3.1   9.3   7:29p    SE
 6  49.8  63.7  10:35a  44.1   7:10a   9.4   1.0  0.93   1.3   8.1   2:33p     E
 7  48.9  61.9  11:35a  40.5   5:40a   7.4   1.0  0.20   2.4  13.2   5:57p    NE
 8  46.0  50.0   9:50a  45.9  11:30p   7.4   0.8  1.07   3.2  14.1   4:32p    SW
 9  45.6  63.1  12:16p  40.2   6:11a  25.1   0.0  1.13   6.4  27.4  10:25a   NNE
10  48.2  66.8   3:42p  43.2   6:50a  20.6   0.0  0.00   7.5  17.6   5:38p    SE
11  56.8  68.9   1:06p  49.9   3:50a  13.9   0.0  0.00   2.3  14.4   6:29p     E
12  47.2  59.7   1:54p  44.8   3:25a   9.9   0.1  0.00   3.0  16.3   3:10p     N
13  55.1  71.3   4:09p  48.6   6:47a  18.2   0.0  0.00   2.8  12.9   3:35p   SSE
14  53.9  70.2   3:35p  47.8   5:30a  14.3   0.6  0.00   2.2   9.8   3:45p   SSE
15  57.5  69.8   2:57p  49.5  11:51p  14.4   0.1  0.00   0.7  14.5   3:05p   NNW
16  52.1  63.9  12:37p  45.1   4:08a  12.9   0.0  0.00   1.6  15.9   4:24p    NW
17  53.8  64.6  11:52a  43.7   6:24a  11.2   0.0  0.00   1.1  12.1  10:37a   NNW
18  47.7  53.8   1:50p  43.5   7:35a  17.3   0.0  0.14   1.1   9.2   3:28p     N
19  42.3  46.4  12:00a  37.6   7:21a  22.7   0.0  0.73   1.5  11.4  12:11a     N
20  43.5  46.9  12:27p  40.8   1:56a  21.5   0.0  0.01   0.4   6.0   3:41p     N
21  43.0  47.7   4:12p  39.2   4:34a  22.0   0.0  0.06   0.9   8.3   1:34a     N
22  50.9  62.8   4:20p  43.2   6:10a  14.1   0.0  0.31   1.0   9.8   4:53p     N
23  49.7  59.0  11:26a  44.8   1:44p  15.3   0.0  0.28   0.7  14.5   3:16p   WNW
24  48.7  55.9  12:27p  38.5   5:27a  16.3   0.0  0.01   0.4   6.9   2:38p    NW
25  52.4  65.3   1:05p  43.2   6:07a  12.6   0.0  0.04   0.8   9.8   4:45p   NNW
26  54.2  67.5   3:48p  41.0   3:16a  11.1   0.1  0.15   0.6   9.8   8:43p   NNW
27  59.4  73.0  12:52p  42.6   5:59a   7.6   2.0  0.00   0.6   8.3  12:31p   NNW
28  60.2  73.2  11:36a  46.9   4:37a   6.5   1.7  0.28   1.1  12.1   3:47p    NE
29  54.5  66.7   2:29p  43.5   5:46a  10.6   0.0  0.15   2.2  13.6   5:55p     N
30  55.3  66.6   2:18p  46.9   5:34a   9.7   0.0  0.00   1.2  17.4   7:09p     N
31  62.1  77.0  11:03a  46.0   4:47a   6.4   3.5  0.00   1.2  22.8   1:05p     N
----------------------------------------------------------------------------------
    50.6  67.4    31    35.9    19   336.2   7.4  6.98   2.5  27.4    31     NNW

Max >=  80.0:  0
Max <=  32.0:  0
Min <=  32.0:  0
Min <=   0.0:  0
Max Rain: 1.13 on day 9
Days of Rain: 18 (>= 0.01 in)  13 (>= 0.10 in)  2 (>= 1.00 in)
Heat Base: 65.0  Cool Base: 65.0  Method: Integration