NOAA-Style Climate Reports

Select a Year or Month report
2018: Jan Feb Mar Apr May Jun Jul Aug Sep Oct Nov Dec
2017: Jan Feb Mar Apr May Jun Jul Aug Sep Oct Nov Dec
2016: Jan Feb Mar Apr May Jun Jul Aug Sep Oct Nov Dec
2015: Jan Feb Mar Apr May Jun Jul Aug Sep Oct Nov Dec
2014: Jan Feb Mar Apr May Jun Jul Aug Sep Oct Nov Dec
2013: Jan Feb Mar Apr May Jun Jul Aug Sep Oct Nov Dec
2012: Jan Feb Mar Apr May Jun Jul Aug Sep Oct Nov Dec
2011: Jan Feb Mar Apr May Jun Jul Aug Sep Oct Nov Dec
2010: Jan Feb Mar Apr May Jun Jul Aug Sep Oct Nov Dec

Report for 2015 April
                   Monthly Climatological Summary for Apr 2015

Name: StetsonWX.com   City: Colorado Springs   State: Colorado
Elevation: 6584 ft  Lat: N 38° 54' 02"   Lon: W 104° 42' 23"

                  Temperature (°F), Rain (in), Wind Speed (mph)

                                      Heat  Cool        Avg
    Mean                              Deg   Deg         Wind                 Dom
Day Temp  High   Time   Low    Time   Days  Days  Rain  Speed High   Time    Dir
----------------------------------------------------------------------------------
 1  56.4  74.7  12:47p  41.5   2:23a  10.0   1.5  0.00   1.5  14.5  11:45a    NW
 2  39.5  55.9   3:25p  29.1  10:41p  25.5   0.0  0.00   2.4  25.1   6:57p    NW
 3  36.7  48.2   2:58p  25.5   6:38a  28.3   0.0  0.00   1.5  20.6   3:47p   SSE
 4  44.0  61.0   4:44p  22.1   6:39a  21.0   0.0  0.00   1.5  15.2   4:20p   SSE
 5  56.8  71.8   4:09p  36.5   6:53a   9.6   1.5  0.01   1.4  12.1   4:14p   SSE
 6  59.3  73.4   2:15p  39.7   6:54a   7.8   2.2  0.00   1.4  13.6   4:27p     E
 7  59.6  70.9  12:35p  45.7   6:20a   6.4   1.0  0.01   1.9  16.8   1:35p   SSE
 8  56.4  69.8  12:50p  38.7  11:30p   9.4   0.8  0.00   2.2  19.0   4:32p    SW
 9  39.9  46.9   1:16p  30.7   6:11a  25.1   0.0  0.01   2.4  17.4  10:25a   NNE
10  44.4  59.5   2:42p  27.5   6:50a  20.6   0.0  0.00   1.5  13.6   5:38p    SE
11  52.0  70.0   1:06p  33.3   3:50a  13.9   0.9  0.00   1.3  11.4   6:29p     E
12  55.4  68.7  12:54p  39.9   3:25a   9.9   0.3  0.00   2.0  21.3   3:10p     N
13  46.8  60.6   3:09p  30.9   6:47a  18.2   0.0  0.00   1.8  15.9   3:35p   SSE
14  51.3  69.3   4:35p  29.1   5:30a  14.3   0.6  0.00   2.2  16.8   3:45p   SSE
15  52.3  69.4  11:16a  35.2  11:50p  13.2   0.4  0.00   2.5  18.3   1:11p     W
16  33.7  36.0   4:18p  31.6  10:24p  31.3   0.0  0.05   3.3  19.7   4:31a    NW
17  39.9  51.8   5:25p  32.5   3:58a  25.1   0.0  0.47   2.0  15.2   7:39p   ESE
18  40.4  50.2  12:49p  32.5   6:55a  24.6   0.0  0.05   2.0  14.5   6:51p   NNW
19  39.5  48.9   3:07p  32.7   8:33a  25.5   0.0  0.04   3.5  21.3   4:41a   NNW
20  42.5  55.2   2:58p  33.6   2:11a  22.5   0.0  0.01   1.0  11.4   1:19p    SE
21  48.3  66.6  11:36a  31.1   5:17a  16.7   0.0  0.00   1.2  13.6   7:09p   ESE
22  47.8  62.8  12:34p  34.0   4:07a  17.2   0.0  0.00   1.0  11.4  10:53p     S
23  53.9  70.5  12:30p  36.1   5:10a  11.9   0.9  0.00   1.1  11.4   1:58p     S
24  49.6  67.5  11:59a  35.6   4:59a  15.5   0.0  0.01   1.1  13.0   2:33p    NW
25  53.3  69.3  12:44p  35.4   6:20a  12.1   0.4  0.00   0.9  16.8   9:57p   SSE
26  43.8  52.5  12:00a  37.9  11:25p  21.2   0.0  0.06   2.4  15.9   1:09p   SSE
27  40.4  46.6   4:31p  37.0   7:55a  24.6   0.0  0.04   1.6  13.0   5:18p   NNW
28  47.4  57.7   3:26p  32.9   6:09a  17.6   0.0  0.00   0.9  11.4   3:34p     S
29  54.9  71.6  12:57p  34.2   3:58a  11.5   1.4  0.00   0.8   9.8   1:53p   SSE
30  60.2  77.2  12:30p  40.3   5:09a   8.1   3.3  0.00   1.5  53.7   7:18a   NNE
----------------------------------------------------------------------------------
    48.2  77.2    30    22.1     4   518.6  15.2  0.76   1.7  53.7    30     SSE

Max >=  80.0:  0
Max <=  32.0:  0
Min <=  32.0:  9
Min <=   0.0:  0
Max Rain: 0.47 on day 17
Days of Rain: 11 (>= 0.01 in)  1 (>= 0.10 in)  0 (>= 1.00 in)
Heat Base: 65.0  Cool Base: 65.0  Method: Integration