NOAA-Style Climate Reports

Select a Year or Month report
2018: Jan Feb Mar Apr May Jun Jul Aug Sep Oct Nov Dec
2017: Jan Feb Mar Apr May Jun Jul Aug Sep Oct Nov Dec
2016: Jan Feb Mar Apr May Jun Jul Aug Sep Oct Nov Dec
2015: Jan Feb Mar Apr May Jun Jul Aug Sep Oct Nov Dec
2014: Jan Feb Mar Apr May Jun Jul Aug Sep Oct Nov Dec
2013: Jan Feb Mar Apr May Jun Jul Aug Sep Oct Nov Dec
2012: Jan Feb Mar Apr May Jun Jul Aug Sep Oct Nov Dec
2011: Jan Feb Mar Apr May Jun Jul Aug Sep Oct Nov Dec
2010: Jan Feb Mar Apr May Jun Jul Aug Sep Oct Nov Dec

Report for 2015 March
                   Monthly Climatological Summary for Mar 2015

Name: StetsonWX.com   City: Colorado Springs   State: Colorado
Elevation: 6584 ft  Lat: N 38° 54' 02"   Lon: W 104° 42' 23"

                  Temperature (°F), Rain (in), Wind Speed (mph)

                                      Heat  Cool        Avg
    Mean                              Deg   Deg         Wind                 Dom
Day Temp  High   Time   Low    Time   Days  Days  Rain  Speed High   Time    Dir
----------------------------------------------------------------------------------
 3  19.5  19.8  10:07p  19.4   9:45p   4.5   0.0  0.00   0.0   0.0  12:00a   ---
 4  14.6  23.7  10:43a   7.2  11:07p  50.4   0.0  0.02   0.0   6.9   6:44p   NNE
 5  21.8  41.2  11:35a  -2.2   2:13a  44.5   0.0  0.01   1.0   7.6   1:39p   NNW
 6  34.6  52.2   9:40a  18.1   1:57a  30.4   0.0  0.00   1.3   7.6  11:16a     N
 7  37.3  52.6  11:18a  22.2   5:54a  27.7   0.0  0.00   1.7  12.1   1:21p    SE
 8  39.0  52.0   1:18p  28.4  11:53p  24.9   0.0  0.00   1.4  12.1  10:46a     E
 9  39.7  55.9  12:28p  24.3   7:11a  25.4   0.0  0.00   1.0  50.1  12:37a     E
10  42.9  57.4   3:43p  28.4   3:58a  22.1   0.0  0.00   2.3  16.8  10:39a    NE
11  45.1  62.8  12:38p  27.1   7:41a  20.0   0.0  0.00   1.6  13.6   4:44p    SE
12  48.3  63.0   1:22p  36.0   2:14a  16.6   0.0  0.00   2.3  18.3   2:58p   ENE
13  45.5  53.6   3:07p  36.9  11:27p  19.5   0.0  0.00   2.0  17.4  11:16a   NNE
14  45.1  59.7  12:50p  27.7   7:08a  19.9   0.0  0.00   1.5  14.5   4:19p   SSE
15  51.8  72.9  12:59p  30.6   7:18a  14.9   1.7  0.00   1.3  11.4   3:54p   ESE
16  57.5  77.4   1:23p  36.3   2:26a  10.5   3.0  0.00   3.3  20.6   4:21p    NE
17  39.9  47.1  12:00a  35.4  11:49p  25.1   0.0  0.00   2.0  14.5  12:46a    SE
18  46.3  63.0  11:24a  31.6   4:58a  18.7   0.0  0.11   0.6  13.6   3:14p   SSE
19  38.6  43.5   3:08p  29.7  11:54p  26.4   0.0  0.51   1.5  15.9   2:44p   NNW
20  43.6  61.5   2:17p  26.8   7:07a  21.4   0.0  0.00   1.2   9.2   2:33p     S
21  47.0  65.3  12:30p  30.2   6:56a  18.0   0.0  0.00   1.8   9.8   3:18p   ESE
22  53.3  67.6   3:32p  33.6   2:21a  11.9   0.3  0.00   1.5  17.4  10:24p     E
23  47.9  57.9   5:32p  37.4   7:32a  17.1   0.0  0.00   2.5  15.2   1:21p   SSE
24  49.3  62.4   4:37p  36.0   3:36a  15.7   0.0  0.01   1.6  15.9  12:21a    NW
25  36.2  47.3  12:20a  24.8  11:54p  28.8   0.0  0.01   2.5  22.8  10:56a   NNE
26  41.1  59.0   4:27p  21.6   5:38a  23.8   0.0  0.00   1.0  12.1  12:57p    NW
27  50.7  68.4   3:59p  28.9   6:11a  14.5   0.2  0.00   1.0  12.1   4:58p   ENE
28  58.2  75.0   4:37p  36.1   6:45a   9.6   2.8  0.09   1.3  12.1   4:42p   WNW
29  52.0  61.3   2:41p  41.0   7:12a  13.0   0.0  0.00   2.3  17.4   9:40a     E
30  55.0  71.2   2:07p  31.6   4:47a  11.5   1.4  0.00   1.3   9.8   2:08p   NNE
31  56.2  73.8  12:44p  35.4   6:34a  11.0   2.3  0.00   1.7  13.6   3:08p   ESE
----------------------------------------------------------------------------------
    43.4  77.4    16    -2.2     5   597.8  11.7  0.76   1.6  50.1     9     ENE

Max >=  80.0:  0
Max <=  32.0:  2
Min <=  32.0: 19
Min <=   0.0:  1
Max Rain: 0.51 on day 19
Days of Rain: 7 (>= 0.01 in)  2 (>= 0.10 in)  0 (>= 1.00 in)
Heat Base: 65.0  Cool Base: 65.0  Method: Integration