NOAA-Style Climate Reports

Select a Year or Month report
2018: Jan Feb Mar Apr May Jun Jul Aug Sep Oct Nov Dec
2017: Jan Feb Mar Apr May Jun Jul Aug Sep Oct Nov Dec
2016: Jan Feb Mar Apr May Jun Jul Aug Sep Oct Nov Dec
2015: Jan Feb Mar Apr May Jun Jul Aug Sep Oct Nov Dec
2014: Jan Feb Mar Apr May Jun Jul Aug Sep Oct Nov Dec
2013: Jan Feb Mar Apr May Jun Jul Aug Sep Oct Nov Dec
2012: Jan Feb Mar Apr May Jun Jul Aug Sep Oct Nov Dec
2011: Jan Feb Mar Apr May Jun Jul Aug Sep Oct Nov Dec
2010: Jan Feb Mar Apr May Jun Jul Aug Sep Oct Nov Dec

Report for 2015
                   Annual Climatological Summary for 2015

Name: StetsonWX.com   City: Colorado Springs   State: Colorado
Elevation: 6584 ft  Lat: N 38° 54' 02"   Lon: W 104° 42' 23"

                  Temperature (°F), Heat Base: 65.0  Cool Base: 65.0
                          Dep.  Heat  Cool                       Max  Max  Min  Min
        Mean  Mean        From  Deg   Deg                        >=   <=   <=   <=
 YR MO  Max   Min   Mean  Norm  Days  Days  Hi  Date  Low  Date 80.0 32.0 32.0   0.0
------------------------------------------------------------------------------------
 15  1
 15  2
 15  3
 15  4
 15  5  62.4  43.3  52.2   0.0   232     7  77.0  31  37.6   19    0    0    0    0
 15  6  79.4  55.2  67.0   0.0    84   143  88.7  21  47.3    8   15    0    0    0
 15  7  79.6  56.9  68.3   0.0    70   171  88.9  27  52.3   29   19    0    0    0
 15  8  82.3  55.4  68.0   0.0    86   180  91.4   6  45.0   20   23    0    0    0
 15  9  78.7  50.9  64.7   0.0   144   135  85.8  13  42.3   19   14    0    0    0
 15 10  64.7  41.2  52.1   0.0   423    23  82.4  11  25.5   28    1    0    3    0
 15 11  51.0  23.7  36.4   0.0   863     3  74.1  22   5.5   27    0    5   26    0
 15 12  43.5  18.7  30.6   0.0  1065     0  61.5   9   5.4   16    0    8   29    0
------------------------------------------------------------------------------------
        67.7  43.2  54.9   0.0  2971   666  91.4 Aug   5.4  Dec   72   13   58    0

                                Precipitation (in)

              Dep.   Max        Days of Rain
              From   Obs.           >=
 YR MO Total  Norm   Day Date 0.01 0.10 1.00
---------------------------------------------
 15  1
 15  2
 15  3
 15  4
 15  5  2.16   0.0  0.73  19    11    7    0
 15  6  3.84   0.0  1.12  15    16    8    1
 15  7  4.97   0.0  1.73   9    17    9    1
 15  8  2.44   0.0  0.50  25    12    6    0
 15  9  0.34   0.0  0.17   3     4    1    0
 15 10  1.34   0.0  0.53  22    11    4    0
 15 11  0.10   0.0  0.08  30     3    0    0
 15 12  0.02   0.0  0.02   1     1    0    0
---------------------------------------------
       15.21   0.0  1.73  Jul   75   35    2

                                Wind Speed (mph)
                          Dom
 YR MO   Avg.  Hi   Date  Dir
------------------------------
 15  1
 15  2
 15  3
 15  4
 15  5   1.0  22.8   31     N
 15  6   1.7  25.1   26   NNW
 15  7   1.5  25.9    4     N
 15  8   1.7  32.7   18   NNW
 15  9   1.2  25.9   18   NNE
 15 10   1.3  24.4   27   ENE
 15 11   2.3  35.8   20     N
 15 12   2.3  32.7    7   NNW
------------------------------
         1.6  35.8  Nov     N