NOAA-Style Climate Reports

Select a Year or Month report
2018: Jan Feb Mar Apr May Jun Jul Aug Sep Oct Nov Dec
2017: Jan Feb Mar Apr May Jun Jul Aug Sep Oct Nov Dec
2016: Jan Feb Mar Apr May Jun Jul Aug Sep Oct Nov Dec
2015: Jan Feb Mar Apr May Jun Jul Aug Sep Oct Nov Dec
2014: Jan Feb Mar Apr May Jun Jul Aug Sep Oct Nov Dec
2013: Jan Feb Mar Apr May Jun Jul Aug Sep Oct Nov Dec
2012: Jan Feb Mar Apr May Jun Jul Aug Sep Oct Nov Dec
2011: Jan Feb Mar Apr May Jun Jul Aug Sep Oct Nov Dec
2010: Jan Feb Mar Apr May Jun Jul Aug Sep Oct Nov Dec

Report for 2014 December
                   Monthly Climatological Summary for Dec 2014

Name: StetsonWX.com   City: Colorado Springs   State: Colorado
Elevation: 6584 ft  Lat: N 38° 54' 02"   Lon: W 104° 42' 23"

                  Temperature (°F), Rain (in), Wind Speed (mph)

                                      Heat  Cool        Avg
    Mean                              Deg   Deg         Wind                 Dom
Day Temp  High   Time   Low    Time   Days  Days  Rain  Speed High   Time    Dir
----------------------------------------------------------------------------------
 1  23.8  30.3   1:53p  15.8   5:26a  35.2   0.0  0.00   8.2  15.3  12:29a   NNW
 2  41.1  58.4  12:44p  24.8   3:54a  34.9   0.0  0.02   6.1  17.2   1:34p    SE
 3  35.7  47.8   1:16p  22.0  11:52p  31.3   0.0  0.00  10.8  23.0   9:44a   WSW
 4  37.5  51.5  12:21p  22.5   1:27a  28.5   0.0  0.00   6.0  16.7  11:56p   ESE
 5  44.9  58.5   9:44a  30.9  11:59p  28.1   0.0  0.00   8.4  15.9   1:52p   NNW
 6  36.3  42.3  10:48p  29.7   4:42a  32.6   0.0  0.00   7.9  14.1  11:54p   ESE
 7  43.0  58.3   1:28p  27.5   7:06a  20.0   0.0  0.00   7.0  13.7  12:37a    NW
 8  41.5  57.2   2:16p  25.8  11:15p  18.5   0.0  0.00   6.8  15.6   7:52a    NE
 9  39.2  55.5   1:06p  22.8   5:17a  19.8   0.0  0.00   5.2  15.6   9:06p   NNE
10  43.1  60.0   2:17p  26.1   5:58p  13.9   0.0  0.00   7.8  14.2   7:28a    NW
11  44.5  61.3  12:38p  26.3  11:56p  19.5   0.0  0.00   6.0  14.2   1:14p   ENE
12  43.1  60.0   9:28a  26.5   4:45a  37.9   0.0  0.00   7.6  14.1   9:58p   NNW
13  43.6  56.8   3:31p  29.8   4:02a  31.4   0.0  0.00   5.9  13.3  12:27a   NNW
14  37.5  43.2  12:52p  30.8   6:03a  31.5   0.0  0.01  21.5  36.9   2:01p     N
15  33.2  46.1  12:00a  19.0  11:53p  45.8   0.0  0.00   6.7  22.6  12:44p    NE
16  26.3  35.2  11:31a  17.4   1:26a  45.6   0.0  0.00   5.8   9.1  10:15a     E
17  31.4  42.5  10:07a  19.5   7:35a  49.6   0.0  0.01   4.3  15.2  10:49a    NE
18  33.1  42.1  12:43p  24.8   2:16a  33.9   0.0  0.00   6.9  15.6   2:16a   ESE
19  31.0  44.3  10:11a  18.6   2:17a  25.0   0.0  0.00   6.5  13.8   8:21p   ESE
20  37.4  52.2  11:59a  21.4   9:50p  27.6   0.0  0.00   5.2  13.9   3:47p     N
21  38.2  52.0   1:16p  23.7  12:22a  29.8   0.0  0.02  11.6  32.1   5:37a   NNW
22  32.4  38.8   1:32p  25.8  11:55p  23.6   0.0  0.03  10.3  22.6   1:40p     N
23  24.1  33.8   1:34p  15.5  11:58p  33.9   0.0  0.00  17.3  41.8   8:24p   NNW
24  26.9  42.8   2:26p  10.2   7:23a  40.1   0.0  0.00   5.2  13.3   3:16a   WNW
25  39.0  56.0   2:56p  22.5   5:51a  40.0   0.0  0.00  14.1  32.0  10:58p     N
26  19.3  24.3   1:52p  14.5   7:32a  49.7   0.0  0.01  10.1  23.1  10:20a     N
27  17.8  28.7  10:16a   5.9   7:59a  46.1   0.0  0.00   6.7  15.6  12:22a   WSW
28  27.5  45.3  12:50p   8.1   5:16a  46.5   0.0  0.00   9.3  28.0   4:30p   NNW
29  13.8  22.9  12:47p   4.2   6:19a  48.2   0.0  0.06  17.0  29.7   9:29a   NNW
30  -1.2   5.2   1:12p  -8.9   5:17a  48.8   0.0  0.00   6.6  14.6  10:34a    SE
31  11.3  32.1   1:51p -11.4   3:20a  48.7   0.0  0.00   4.3  12.4   9:49a     E
----------------------------------------------------------------------------------
    31.8  44.3     9    18.7    16   966.0   0.0  0.16   8.1  18.8     7      NW

Max >=  80.0:  0
Max <=  32.0:  5
Min <=  32.0: 30
Min <=   0.0:  2
Max Rain: 0.06 on day 28
Days of Rain:71 (>= 0.01 in)  0 (>= 0.10 in)  0 (>= 1.00 in)
Heat Base: 65.0  Cool Base: 65.0  Method: Integration