NOAA-Style Climate Reports

Select a Year or Month report
2018: Jan Feb Mar Apr May Jun Jul Aug Sep Oct Nov Dec
2017: Jan Feb Mar Apr May Jun Jul Aug Sep Oct Nov Dec
2016: Jan Feb Mar Apr May Jun Jul Aug Sep Oct Nov Dec
2015: Jan Feb Mar Apr May Jun Jul Aug Sep Oct Nov Dec
2014: Jan Feb Mar Apr May Jun Jul Aug Sep Oct Nov Dec
2013: Jan Feb Mar Apr May Jun Jul Aug Sep Oct Nov Dec
2012: Jan Feb Mar Apr May Jun Jul Aug Sep Oct Nov Dec
2011: Jan Feb Mar Apr May Jun Jul Aug Sep Oct Nov Dec
2010: Jan Feb Mar Apr May Jun Jul Aug Sep Oct Nov Dec

Report for 2014 November
                   Monthly Climatological Summary for Nov 2014

Name: StetsonWX.com   City: Colorado Springs   State: Colorado
Elevation: 6584 ft  Lat: N 38° 54' 02"   Lon: W 104° 42' 23"

                  Temperature (°F), Rain (in), Wind Speed (mph)

                                      Heat  Cool        Avg
    Mean                              Deg   Deg         Wind                 Dom
Day Temp  High   Time   Low    Time   Days  Days  Rain  Speed High   Time    Dir
----------------------------------------------------------------------------------
 1  53.4  71.6  12:24p  35.9   6:42a  16.9   0.7  0.00  10.6  36.1   2:00p    SE
 2  54.9  65.9   1:19p  43.8  11:57p  14.2   1.1  0.00  12.4  28.6   1:30p   ESE
 3  45.6  56.8   2:16p  33.2  12:12a  11.9   0.5  0.01  11.9  32.0  10:08a   NNE
 4  42.4  56.1  12:14p  28.2   4:18a  14.6   0.0  0.00   6.0  14.0   4:26p     S
 5  46.8  62.2   2:23p  30.5   5:28a  27.2   0.0  0.00   8.1  17.5   8:49a    NE
 6  47.7  64.3  10:02a  29.0   6:51a  31.3   0.0  0.00   6.2  15.3  12:16p     E
 7  50.4  67.7   1:32p  33.3  12:25a  30.6   0.0  0.00  11.8  23.8   1:08p     N
 8  44.1  58.6  12:55p  30.8   4:57a  25.9   0.0  0.00   9.3  22.0   1:21p   ESE
 9  53.3  64.4   2:41p  42.9   3:17a  22.7   0.0  0.00   5.3  17.3  11:46a    NE
10  43.9  70.5  12:24p  16.7   4:52a  20.1   0.0  0.04  17.0  46.7  11:32p     N
11  13.0  16.8   1:41p   9.3   4:09a  29.0   0.0  0.04   9.4  14.3   8:35a     E
12   5.2   9.1   1:07p   0.9   6:55a  30.8   0.0  0.02   9.4  16.8   9:36a    NE
13   2.7   7.6   1:22p  -4.0   5:48a  29.3   0.0  0.00   7.1  15.9  12:31p   ESE
14  19.6  34.8  12:51p   3.1   4:13a  22.3   0.0  0.00   5.2  15.9  12:51p   ESE
15  28.6  46.2   1:07p  10.9   7:09a  23.4   0.0  0.07   8.5  21.2   2:48p   ESE
16  18.9  32.8   9:12a   3.2  12:55a  25.1   0.0  0.01   5.7  14.6   3:48p   NNW
17  23.4  37.9   2:30p   9.0  11:59p  34.6   0.0  0.01   5.4  13.8   7:39a   NNW
18  33.5  52.3  12:24p  13.6   1:49a  28.5   0.0  0.00   7.4  28.8  10:19a    NW
19  37.3  47.5   2:33p  26.9   1:29a  33.7   0.0  0.00   6.5  14.2   2:05p    SE
20  40.5  53.2  11:43a  26.2  11:58p  28.5   0.0  0.00   7.6  15.8  11:50a    NW
21  40.7  55.5   3:52p  24.1   6:11a  40.3   0.0  0.00   7.2  14.3  12:32a   ENE
22  42.4  61.1   4:22p  23.8   5:38a  22.2   1.6  0.00  11.2  30.3   8:42a     E
23  34.1  48.1  11:46a  20.1   1:35a  23.9   0.0  0.00  12.8  29.4   2:08p     E
24  28.8  40.6   1:08p  16.1   2:05a  22.2   0.0  0.07  16.5  35.3  11:21a     N
25  33.7  50.2  12:26p  15.1  11:51p  26.3   0.0  0.00  12.1  32.9   1:08p    NE
26  30.3  39.1  12:00a  21.0  11:44p  42.7   0.0  0.00   6.4  23.0   4:33p   ESE
27  44.4  66.6   9:41a  21.5   7:19a  50.6   0.0  0.00   9.0  31.9  12:22a   NNE
28  53.7  69.4   2:29p  37.0   3:13a  47.3   0.0  0.00   6.6  16.4   1:19a     E
29  54.4  61.3  12:54p  38.9   4:39a  44.6   0.0  0.00   9.3  28.5   3:36a   ESE
30  39.0  30.9   3:06p  15.1   6:38a  43.0   0.0  0.02  11.6  31.2   7:07p    SE
----------------------------------------------------------------------------------
    36.4  50.8    22    21.5    27   863.7   3.9  0.28   8.7  22.8    17       E

Max >=  80.0:  0
Max <=  32.0:  4
Min <=  32.0: 23
Min <=   0.0:  1
Max Rain: 0.07 on day 15
Days of Rain: 9 (>= 0.01 in)  0 (>= 0.10 in)  0 (>= 1.00 in)
Heat Base: 65.0  Cool Base: 65.0  Method: Integration