NOAA-Style Climate Reports

Select a Year or Month report
2018: Jan Feb Mar Apr May Jun Jul Aug Sep Oct Nov Dec
2017: Jan Feb Mar Apr May Jun Jul Aug Sep Oct Nov Dec
2016: Jan Feb Mar Apr May Jun Jul Aug Sep Oct Nov Dec
2015: Jan Feb Mar Apr May Jun Jul Aug Sep Oct Nov Dec
2014: Jan Feb Mar Apr May Jun Jul Aug Sep Oct Nov Dec
2013: Jan Feb Mar Apr May Jun Jul Aug Sep Oct Nov Dec
2012: Jan Feb Mar Apr May Jun Jul Aug Sep Oct Nov Dec
2011: Jan Feb Mar Apr May Jun Jul Aug Sep Oct Nov Dec
2010: Jan Feb Mar Apr May Jun Jul Aug Sep Oct Nov Dec

Report for 2014 October
                   Monthly Climatological Summary for Oct 2014

Name: StetsonWX.com   City: Colorado Springs   State: Colorado
Elevation: 6584 ft  Lat: N 38° 54' 02"   Lon: W 104° 42' 23"

                  Temperature (°F), Rain (in), Wind Speed (mph)

                                      Heat  Cool        Avg
    Mean                              Deg   Deg         Wind                 Dom
Day Temp  High   Time   Low    Time   Days  Days  Rain  Speed High   Time    Dir
----------------------------------------------------------------------------------
 1  51.8  66.0   1:27p  41.0   3:44a   0.3   3.4  0.00   6.7  21.6   5:27p    NE
 2  47.9  61.5   5:06p  36.1  10:56p   4.9   5.4  0.00   5.2  20.5   7:43p    NE
 3  40.5  53.6  12:25p  30.4   6:21a   1.6   7.4  0.00   5.3  23.8   7:11p   NNE
 4  51.5  69.4   3:15p  32.9   6:07a   3.4   2.1  0.00   3.7   9.7   6:56p     N
 5  55.1  69.9   1:01p  41.7   4:57a   1.0   2.1  0.00   4.0  12.2  12:25p   NNE
 6  56.9  77.7   3:51p  37.9   5:49a   0.6   3.3  0.00   3.1  10.8   3:55p   SSW
 7  57.4  74.3   1:13p  42.3   9:30a   0.6   2.9  0.00   4.2  15.9  10:54a     E
 8  56.2  72.3   3:07p  42.8   6:23a  21.7   7.3  0.00   2.4   7.5   4:08p   SSE
 9  51.0  57.6   4:48p  45.3   6:06a   1.3   6.9  1.23   5.0  13.1  11:58a    SE
10  45.1  50.0   4:19p  42.1   3:24a   1.2   4.3  0.18   3.3   8.6   4:14p    SE
11  48.6  61.2   1:44p  41.2  11:40p   0.9   3.7  0.06   2.2   8.8  12:49p   ENE
12  45.6  56.1   4:16p  37.0   5:27a   2.1   0.9  0.08   9.4  25.9   5:02p   SSE
13  42.2  53.4   3:57p  32.9   1:20a   3.0   0.6  0.00   8.7  18.6   2:10p    NE
14  47.6  67.1  12:40p  30.9   5:07a   0.9   0.5  0.00   3.8   6.8   5:50p    SE
15  54.8  75.4  11:41a  36.9   6:10a   0.0   0.0  0.00   2.3   7.3   1:57p    NE
16  58.4  70.0   3:53p  41.9   1:46a   0.0   6.0  0.00   4.4  13.6   3:26p   WNW
17  46.2  59.2   2:50p  34.0   5:48a   0.8   5.3  0.00   3.8   8.5   5:32p   ESE
18  46.0  59.0   3:27p  35.2   5:16a   1.0   3.1  0.00   2.2   7.8   7:56p    NE
19  55.6  70.5   3:13p  39.7   6:29a   1.9   4.1  0.00   4.5   8.2   5:43p     N
20  52.2  66.6   1:47p  39.4   3:35a   3.0   3.6  0.00   4.5  15.2   5:26p    NE
21  53.4  69.1   1:48p  40.5   5:52a   1.7   1.9  0.00   3.2  12.4   7:15p    NE
22  55.6  65.7   1:52p  43.7   5:14a   0.7   3.9  0.00   3.2  13.2   4:20p   ESE
23  52.7  69.6   1:57p  38.3   4:27a   0.6   1.2  0.00   3.9  10.6   4:19p   ESE
24  57.9  76.3  12:07p  43.2   4:50a   5.4   0.0  0.00   4.9   9.4   7:59p   SSE
25  58.8  75.0   2:28p  42.8   6:06a   1.0   1.9  0.00   4.1  12.9   4:14p   ENE
26  62.8  75.4  12:18p  46.2   4:28a   1.7   1.5  0.00   7.2  27.4   3:11p   NNE
27  44.1  60.1   2:43p  33.1   5:53a   2.2   0.1  0.00   6.1  21.4  12:42p    SE
28  39.3  52.9   1:36p  27.5  11:06p   0.8   1.8  0.00   2.9   7.6   9:02p     E
29  46.4  65.3   2:07p  30.7   6:12a  10.5   0.7  0.00   3.0   7.6  12:00a    SE
30  46.2  58.8  12:53p  35.2   5:06a   2.2   1.6  0.00   3.0   8.3  12:00a    SE
31  38.4  48.7  12:53p  27.7   5:06a   2.2   1.6  0.00   3.0   9.3  12:00a    SE
----------------------------------------------------------------------------------
    50.5  64.8    10    37.8     15  383.2 122.7  1.55   3.9  12.5    9      SE

Max >=  80.0: 0
Max <=  32.0:  0
Min <=  32.0:  6
Min <=   0.0:  0
Max Rain: 1.23 on day 9
Days of Rain: 4 (>= 0.01 in)  2 (>= 0.10 in)  1 (>= 1.00 in)
Heat Base: 65.0  Cool Base: 65.0  Method: Integration