NOAA-Style Climate Reports

Select a Year or Month report
2018: Jan Feb Mar Apr May Jun Jul Aug Sep Oct Nov Dec
2017: Jan Feb Mar Apr May Jun Jul Aug Sep Oct Nov Dec
2016: Jan Feb Mar Apr May Jun Jul Aug Sep Oct Nov Dec
2015: Jan Feb Mar Apr May Jun Jul Aug Sep Oct Nov Dec
2014: Jan Feb Mar Apr May Jun Jul Aug Sep Oct Nov Dec
2013: Jan Feb Mar Apr May Jun Jul Aug Sep Oct Nov Dec
2012: Jan Feb Mar Apr May Jun Jul Aug Sep Oct Nov Dec
2011: Jan Feb Mar Apr May Jun Jul Aug Sep Oct Nov Dec
2010: Jan Feb Mar Apr May Jun Jul Aug Sep Oct Nov Dec

Report for 2014 September
                   Monthly Climatological Summary for Sep 2014

Name: StetsonWX.com   City: Colorado Springs   State: Colorado
Elevation: 6584 ft  Lat: N 38° 54' 02"   Lon: W 104° 42' 23"

                  Temperature (°F), Rain (in), Wind Speed (mph)

                                      Heat  Cool        Avg
    Mean                              Deg   Deg         Wind                 Dom
Day Temp  High   Time   Low    Time   Days  Days  Rain  Speed High   Time    Dir
----------------------------------------------------------------------------------
 1  61.9  74.5   1:27p  52.2   3:44a   0.3   3.4  0.00   4.7  13.6   5:27p    NE
 2  64.8  77.2   5:06p  49.6  10:56p   4.9   5.4  0.00   4.2  12.5   7:43p    NE
 3  69.7  88.7  12:25p  51.4   6:21a   9.6   7.4  0.00   4.3  15.8   7:11p   NNE
 4  66.3  77.5   3:15p  54.1   6:07a   3.4   2.1  0.00   6.7  16.7   6:56p     N
 5  52.2  57.4   1:01p  48.4   4:57a   1.0   2.1  0.08   4.0  10.2  12:25p   NNE
 6  54.3  65.8   3:51p  48.2   5:49a   0.6   3.3  0.06   2.1   9.8   3:55p   SSW
 7  59.2  79.3   1:13p  45.1   9:30a   0.6   2.9  0.08   3.2  23.9  10:54a     E
 8  62.3  74.1   3:07p  53.1   6:23a   1.7   7.3  0.07   3.4  16.5   4:08p   SSE
 9  62.9  79.9   4:48p  54.0   6:06a   1.3   6.9  0.00   5.0  20.1  11:58a    SE
10  57.6  66.4   4:19p  50.9   3:24a   1.2   4.3  0.05   5.3  13.6   4:14p    SE
11  52.9  67.6   1:44p  41.2  11:40p   0.9   3.7  0.01   5.2  13.8  12:49p   ENE
12  38.9  44.2   4:16p  33.1   5:27a   2.1   0.9  0.00   5.4  15.9   5:02p   SSE
13  53.3  75.4   3:57p  37.2   1:20a   3.0   0.6  0.00   3.7  12.6   2:10p    NE
14  62.7  83.1  12:40p  42.3   5:07a   0.9   0.5  0.00   4.8  13.8   5:50p    SE
15  59.4  69.4  11:41a  51.1   6:10a   0.0   0.0  0.00   6.3  18.3   1:57p    NE
16  65.4  82.6   3:53p  47.7   1:46a   0.0   6.0  0.00   3.4   9.6   3:26p   WNW
17  65.5  80.2   2:50p  51.3   5:48a   0.8   5.3  0.01   3.8  15.5   5:32p   ESE
18  66.7  82.8   3:27p  49.5   5:16a   1.0   3.1  0.00   4.2  13.8   7:56p    NE
19  65.2  82.2   3:13p  48.7   6:29a   1.9   4.1  0.00   4.5  15.2   5:43p     N
20  68.0  79.0   1:47p  56.1   3:35a   3.0   3.6  0.00   5.5  15.2   5:26p    NE
21  62.2  68.7   1:48p  55.8   5:52a   1.7   1.9  0.00   4.2  13.4   7:15p    NE
22  60.3  69.8   1:52p  54.3   5:14a   0.7   3.9  0.00   3.2  13.2   4:20p   ESE
23  63.0  80.2   1:57p  46.6   4:27a   0.6   1.2  0.00   5.9  20.6   4:19p   ESE
24  63.9  79.5  12:07p  48.0   4:50a   5.4   0.0  0.00   3.9   9.4   7:59p   SSE
25  64.1  79.0   2:28p  49.5   6:06a   7.0   1.9  0.00   4.1  10.9   4:14p   ENE
26  63.2  79.5  12:18p  48.4   4:28a   1.7   1.5  0.00   3.2   9.4   3:11p   NNE
27  64.1  80.2   2:43p  48.6   5:53a   7.2   0.1  0.00   3.1  11.4  12:42p    SE
28  61.7  75.7   1:36p  50.0  11:06p   0.8   1.8  0.00   4.9  12.6   9:02p     E
29  56.5  71.4   2:07p  45.5   6:12a   0.5   0.7  0.32   4.0  20.6  12:00a    SE
30  55.1  68.4  12:53p  41.2   5:06a   2.2   1.6  0.00   5.0  15.3  12:00a    SE
----------------------------------------------------------------------------------
    60.8  74.7    10    48.4     15   90.2 101.7  0.68   4.0  13.9    9      SE

Max >=  80.0: 8
Max <=  32.0:  0
Min <=  32.0:  0
Min <=   0.0:  0
Max Rain: .32 on day 29
Days of Rain: 8 (>= 0.01 in)  1 (>= 0.10 in)  1 (>= 1.00 in)
Heat Base: 65.0  Cool Base: 65.0  Method: Integration