NOAA-Style Climate Reports

Select a Year or Month report
2018: Jan Feb Mar Apr May Jun Jul Aug Sep Oct Nov Dec
2017: Jan Feb Mar Apr May Jun Jul Aug Sep Oct Nov Dec
2016: Jan Feb Mar Apr May Jun Jul Aug Sep Oct Nov Dec
2015: Jan Feb Mar Apr May Jun Jul Aug Sep Oct Nov Dec
2014: Jan Feb Mar Apr May Jun Jul Aug Sep Oct Nov Dec
2013: Jan Feb Mar Apr May Jun Jul Aug Sep Oct Nov Dec
2012: Jan Feb Mar Apr May Jun Jul Aug Sep Oct Nov Dec
2011: Jan Feb Mar Apr May Jun Jul Aug Sep Oct Nov Dec
2010: Jan Feb Mar Apr May Jun Jul Aug Sep Oct Nov Dec

Report for 2014 August
                   Monthly Climatological Summary for Aug 2014

Name: StetsonWX.com   City: Colorado Springs   State: Colorado
Elevation: 6584 ft  Lat: N 38° 54' 02"   Lon: W 104° 42' 23"

                  Temperature (°F), Rain (in), Wind Speed (mph)

                                      Heat  Cool        Avg
    Mean                              Deg   Deg         Wind                 Dom
Day Temp  High   Time   Low    Time   Days  Days  Rain  Speed High   Time    Dir
----------------------------------------------------------------------------------
 1  61.2  71.2   1:27p  49.8   3:44a   0.3   3.4  0.00   2.7   6.6   5:27p    NE
 2  62.8  74.7   5:06p  48.2  10:56p   2.9   5.4  0.00   4.2  12.5   7:43p    NE
 3  66.1  78.1  12:25p  50.9   6:21a   3.6   7.4  0.00   3.3   8.8   7:11p   NNE
 4  66.8  80.8   3:15p  56.1   6:07a   3.4   2.1  0.02   4.7  17.7   6:56p     N
 5  65.8  77.5   1:01p  55.8   4:57a   1.0   2.1  0.02   4.0  25.2  12:25p   NNE
 6  66.8  80.2   3:51p  52.0   5:49a   0.6   3.3  0.00   4.1  12.8   3:55p   SSW
 7  67.0  80.1   1:13p  57.2   9:30a   0.6   2.9  0.05   4.2  14.9  10:54a     E
 8  64.4  77.4   3:07p  52.0   6:23a   1.7   7.3  0.04   3.4  14.5   4:08p   SSE
 9  67.2  82.9   4:48p  54.5   6:06a   1.3   6.9  0.00   5.0  18.1  11:58a    SE
10  60.2  74.3   4:19p  52.9   3:24a   1.2   4.3  0.33   4.3  14.6   4:14p    SE
11  63.4  76.3   1:44p  49.3  11:40p   0.9   3.7  0.01   3.2  10.8  12:49p   ENE
12  67.6  81.7   4:16p  52.5   5:27a   2.1   0.9  0.00   3.4  12.9   5:02p   SSE
13  69.9  82.4   3:57p  54.3   1:20a   3.0   0.6  0.00   3.7   9.6   2:10p    NE
14  66.5  82.4  12:40p  58.3   5:07a   0.9   0.5  1.31   5.8  23.8   5:50p    SE
15  67.3  80.4  11:41a  57.7   6:10a   0.0   0.0  0.02   4.3  16.3   1:57p    NE
16  68.9  82.2   3:53p  54.0   1:46a   0.0   6.0  0.01   4.4   9.6   3:26p   WNW
17  68.4  86.9   2:50p  54.9   5:48a   0.8   5.3  0.00   4.8  23.5   5:32p   ESE
18  69.8  86.5   3:27p  54.3   5:16a   1.0   3.1  0.01   4.2  22.8   7:56p    NE
19  67.5  82.9   3:13p  56.1   6:29a   1.9   4.1  0.00   4.5  20.2   5:43p     N
20  68.8  81.9   1:47p  57.4   3:35a   3.0   3.6  0.00   3.5  12.2   5:26p    NE
21  69.5  80.1   1:48p  56.8   5:52a   1.7   1.9  0.00   4.2  18.4   7:15p    NE
22  65.5  73.4   1:52p  56.5   5:14a   0.7   3.9  0.00   5.2  12.2   4:20p    SE
23  66.4  81.1   1:57p  53.1   4:27a   0.6   1.2  0.00   4.9  15.6   4:19p    SE
24  65.3  78.6  12:07p  51.1   4:50a   5.4   0.0  0.00   4.9  14.4   7:59p   SSE
25  62.3  75.6   2:28p  52.7   6:06a   7.0   1.9  0.26   5.1  21.9   4:14p   ENE
26  61.3  69.8  12:18p  56.1   4:28a   1.7   1.5  0.06   2.2   8.4   3:11p   NNE
27  63.9  77.7   2:43p  52.9   5:53a   1.2   0.1  0.00   4.1  18.4  12:42p    SE
28  57.7  70.5   1:36p  48.4  11:06p   0.8   1.8  0.07   4.9  21.6   9:02p     E
29  60.3  76.5   2:07p  47.3   6:12a   0.5   0.7  0.11   4.0  16.6  12:00a   ESE
30  64.3  80.8  12:53p  52.3   5:06a   2.2   1.6  0.00   4.0  14.3  12:00a   SSE
31  61.9  80.1  12:32p  52.2   4:13a   3.4   2.8  0.00   4.0  15.1  12:00a   SSE
----------------------------------------------------------------------------------
    65.4  78.9    10    53.3     9    65.2  90.7  2.33   3.8  14.8    12     NE

Max >=  80.0: 17
Max <=  32.0:  0
Min <=  32.0:  0
Min <=   0.0:  0
Max Rain: 1.31 on day 14
Days of Rain: 14 (>= 0.01 in)  4 (>= 0.10 in)  1 (>= 1.00 in)
Heat Base: 65.0  Cool Base: 65.0  Method: Integration