NOAA-Style Climate Reports

Select a Year or Month report
2018: Jan Feb Mar Apr May Jun Jul Aug Sep Oct Nov Dec
2017: Jan Feb Mar Apr May Jun Jul Aug Sep Oct Nov Dec
2016: Jan Feb Mar Apr May Jun Jul Aug Sep Oct Nov Dec
2015: Jan Feb Mar Apr May Jun Jul Aug Sep Oct Nov Dec
2014: Jan Feb Mar Apr May Jun Jul Aug Sep Oct Nov Dec
2013: Jan Feb Mar Apr May Jun Jul Aug Sep Oct Nov Dec
2012: Jan Feb Mar Apr May Jun Jul Aug Sep Oct Nov Dec
2011: Jan Feb Mar Apr May Jun Jul Aug Sep Oct Nov Dec
2010: Jan Feb Mar Apr May Jun Jul Aug Sep Oct Nov Dec

Report for 2014 July
                   Monthly Climatological Summary for Jul 2014

Name: StetsonWX.com   City: Colorado Springs   State: Colorado
Elevation: 6584 ft  Lat: N 38° 54' 02"   Lon: W 104° 42' 23"

                  Temperature (°F), Rain (in), Wind Speed (mph)

                                      Heat  Cool        Avg
    Mean                              Deg   Deg         Wind                 Dom
Day Temp  High   Time   Low    Time   Days  Days  Rain  Speed High   Time    Dir
----------------------------------------------------------------------------------
 1  62.2  71.4   1:27p  54.9   3:44a   4.6  15.3  0.00   3.7  14.6   5:27p     S
 2  59.5  65.3   5:06p  54.5  10:56p   7.3   9.0  0.00   3.2   9.5   7:43p    NE
 3  66.2  86.9  12:25p  50.9   6:21a   9.0   7.0  0.11   3.3  15.8   7:11p   NNE
 4  69.9  85.3   3:15p  57.0   6:07a   1.4  15.0  0.00   6.7  17.7   6:56p     N
 5  73.4  88.3   1:01p  52.9   4:57a   0.0  15.3  0.00   5.0  14.2  12:25p   NNE
 6  74.3  90.0   3:51p  57.2   5:49a   1.1  14.7  0.00   5.1  20.8   3:55p   WSW
 7  74.2  90.9   1:13p  56.5   9:30a   0.0  14.2  0.00   4.2  19.9  10:54a     E
 8  62.0  72.0   3:07p  56.3   6:23a   0.0  13.9  0.01   4.4  15.5   4:08p   SSE
 9  68.8  83.8   4:48p  50.5   6:06a   0.0  16.0  0.00   4.0  17.1  11:58a    SE
10  73.8  88.5   4:19p  53.6   3:24a   2.3  13.0  0.00   4.3  14.6   4:14p    SE
11  72.8  86.7   1:44p  62.6  11:40p   3.4  13.7  0.00   7.2  21.8  12:49p   NNE
12  65.9  83.8   4:16p  59.0   5:27a   4.5  14.2  0.81   4.4  21.9   5:02p   SSE
13  67.2  77.5   3:57p  54.9   1:20a   9.7  10.3  0.00   2.7  10.6   2:10p   ENE
14  65.9  79.5  12:40p  57.0   5:07a  10.1   0.0  0.39   3.8  13.8   5:50p   SSE
15  60.1  66.2  11:41a  56.5   6:10a   4.3   5.9  0.04   3.3  10.3   1:57p     E
16  60.1  73.9   3:53p  53.8   1:46a   9.3   9.3  1.32   4.4  23.6   3:26p   WNW
17  60.4  70.5   2:50p  49.5   5:48a  10.7   7.0  0.02   4.8   9.5   5:32p   ESE
18  67.2  82.8   3:27p  53.4   5:16a   7.9   1.5  0.00   3.2  13.8   7:56p    NE
19  66.6  84.7   3:13p  53.4   6:29a   7.1   9.2  0.35   4.5  24.2   5:43p     N
20  73.1  88.0   1:47p  55.6   3:35a   2.0   7.7  0.00   5.5  17.2   5:26p    NE
21  73.1  87.3   1:48p  59.7   5:52a   3.1   7.9  0.00   4.2  12.4   7:15p   NNE
22  73.7  88.0   1:52p  55.9   5:14a   4.6   4.2  0.00   4.2  14.2   4:20p     E
23  73.9  87.4   1:57p  59.9   4:27a   6.2  10.1  0.00   4.9  14.6   4:19p    NE
24  75.0  91.2  12:07p  58.5   4:50a   1.9   9.4  0.21   3.9  21.4   7:59p   SSE
25  77.2  86.4   2:28p  65.7   6:06a   0.2   6.7  0.01   5.1  18.9   4:14p     S
26  71.0  87.6  12:18p  59.0   4:28a   4.2  14.2  0.01   6.2  17.4   3:11p   NNE
27  67.2  79.0   2:43p  55.0   5:53a   7.3   8.1  0.06   3.1  11.4  12:42p    SE
28  63.7  70.7   1:36p  54.5  11:06p   6.2   3.8  0.01   2.9   8.6   9:02p     E
29  63.5  77.0   2:07p  54.7   6:12a   4.9   8.7  0.69   3.0  21.6  12:00a   ESE
30  57.1  59.5  12:53p  54.5   5:06a   2.3   5.6  0.64   3.0   9.3  12:00a   SSE
31  58.1  65.8  12:32p  54.1   4:13a   1.1   6.8  0.10   1.0   8.1  12:00a   ESE
----------------------------------------------------------------------------------
    67.6  80.5    10    55.9     6   135.1 289.4  4.78   3.8  15.1    12     ENE

Max >=  80.0: 18
Max <=  32.0:  0
Min <=  32.0:  0
Min <=   0.0:  0
Max Rain: 1.32 on day 16
Days of Rain: 16 (>= 0.01 in)  9 (>= 0.10 in)  1 (>= 1.00 in)
Heat Base: 65.0  Cool Base: 65.0  Method: Integration