NOAA-Style Climate Reports

Select a Year or Month report
2018: Jan Feb Mar Apr May Jun Jul Aug Sep Oct Nov Dec
2017: Jan Feb Mar Apr May Jun Jul Aug Sep Oct Nov Dec
2016: Jan Feb Mar Apr May Jun Jul Aug Sep Oct Nov Dec
2015: Jan Feb Mar Apr May Jun Jul Aug Sep Oct Nov Dec
2014: Jan Feb Mar Apr May Jun Jul Aug Sep Oct Nov Dec
2013: Jan Feb Mar Apr May Jun Jul Aug Sep Oct Nov Dec
2012: Jan Feb Mar Apr May Jun Jul Aug Sep Oct Nov Dec
2011: Jan Feb Mar Apr May Jun Jul Aug Sep Oct Nov Dec
2010: Jan Feb Mar Apr May Jun Jul Aug Sep Oct Nov Dec

Report for 2014 June
                   Monthly Climatological Summary for Jun 2014

Name: StetsonWX.com   City: Colorado Springs   State: Colorado
Elevation: 6584 ft  Lat: N 38° 54' 02"   Lon: W 104° 42' 23"

                  Temperature (°F), Rain (in), Wind Speed (mph)

                                      Heat  Cool        Avg
    Mean                              Deg   Deg         Wind                 Dom
Day Temp  High   Time   Low    Time   Days  Days  Rain  Speed High   Time    Dir
----------------------------------------------------------------------------------
 1  67.7  82.6   1:53p  53.2   5:26a  1.2   0.0  0.00   5.2  18.3  12:29a   NNW
 2  64.9  78.1  12:44p  52.7   3:54a  4.2   0.0  0.00   5.1  15.2   1:34p    SE
 3  71.4  89.1   1:16p  52.0  11:52p  0.7   0.0  0.00   5.8  23.0   9:44a   ESE
 4  68.8  81.1  12:21p  49.3   1:27a  7.0   0.0  0.00   6.0  15.7  11:56p   ESE
 5  64.6  78.8   9:44a  52.3  11:59p  8.9   0.0  0.00   8.4  20.9   1:52p   NNW
 6  64.3  75.7  10:48p  56.8   4:42a  3.8   0.0  0.00   5.9  16.1  11:54p   ENE
 7  56.8  63.5   1:28p  49.5   7:06a  10.7  0.0  0.06   5.0  16.7  12:37a    NW
 8  53.5  64.2   2:16p  44.7  11:15p  1.7   0.0  0.20   8.8  22.6   7:52a    NW
 9  52.1  63.9   1:06p  41.4   5:17a  1.7   0.0  0.00  11.2  24.6   9:06p   NNE
10  60.0  78.6   2:17p  39.6   5:58p  4.4   0.0  0.02   3.8  13.2   7:28a    NW
11  65.0  81.0  12:38p  54.1  11:56p  2.4   0.0  0.04   6.0  24.2   1:14p   ENE
12  57.0  70.0   9:28a  50.0   4:45a  15.9  0.0  0.05   4.6  13.1   9:58p   NNW
13  65.1  85.5   3:31p  43.2   4:02a  14.0  0.0  0.01   3.9  13.3  12:27a   NNW
14  65.2  83.7  12:52p  49.6   6:03a  15.0  0.0  0.00   6.5  21.9   2:01p    SE
15  59.3  74.7  12:00a  41.7  11:53p  5.3   0.0  0.00   6.7  20.6  12:44p   NNW
16  68.4  84.2  11:31a  47.7   1:26a  2.8   0.0  0.00   5.8  19.1  10:15a     E
17  71.0  85.5  10:07a  55.4   7:35a  5.7   0.0  0.00   4.3  13.2  10:49a    NE
18  68.7  81.9  12:43p  51.3   2:16a  7.1   0.0  0.00   6.9  20.6   2:16a   ESE
19  65.4  78.4  10:11a  45.7   2:17a  5.4   0.0  0.00   6.5  16.8   8:21p   ESE
20  70.5  86.0  11:59a  52.3   9:50p  7.7   0.0  0.00   4.2  14.9   3:47p     N
21  67.5  79.2   1:16p  58.1  12:22a  5.2   0.0  0.12   4.6  12.1   5:37a   NNW
22  62.2  75.7   1:32p  52.0  11:55p  3.4   0.0  0.18   5.3  18.6   1:40p     N
23  60.1  72.5   1:34p  45.9  11:58p  3.1   0.0  0.01   4.3  21.8   8:24p    NW
24  62.1  75.9   2:26p  49.5   7:23a  4.3   0.0  0.00   4.2  16.3   3:16a   WNW
25  66.2  81.9   2:56p  51.1   5:51a  8.0   0.0  0.00   3.1  17.0  10:58p   NNW
26  70.1  88.9   1:52p  52.3   7:32a  5.5   0.0  0.00   4.1  21.1  10:20a   NNW
27  67.9  79.7  10:16a  59.9   7:59a  2.1   0.0  0.00   6.7  27.6  12:22a     S
28  67.5  82.2  12:50p  49.8   5:16a  17.9  0.0  0.00   4.3  13.0   4:30p   SSE
29  74.4  92.3  12:47p  51.4   6:19a  2.2   0.0  0.00   4.0  17.7   9:29a   ESE
30  74.7  91.2   1:12p  60.6   5:17a  1.8   0.0  0.00   6.6  21.6  10:34a    SE
----------------------------------------------------------------------------------
    65.1  79.5     9    50.4    16   181.7  0.0  0.69   5.1  17.9     7       N

Max >=  80.0:  15
Max <=  32.0:  0
Min <=  32.0: 30
Min <=   0.0:  0
Max Rain: 0.20 on day 8
Days of Rain: 9 (>= 0.01 in)  2 (>= 0.10 in)  0 (>= 1.00 in)
Heat Base: 65.0  Cool Base: 65.0  Method: Integration