NOAA-Style Climate Reports

Select a Year or Month report
2018: Jan Feb Mar Apr May Jun Jul Aug Sep Oct Nov Dec
2017: Jan Feb Mar Apr May Jun Jul Aug Sep Oct Nov Dec
2016: Jan Feb Mar Apr May Jun Jul Aug Sep Oct Nov Dec
2015: Jan Feb Mar Apr May Jun Jul Aug Sep Oct Nov Dec
2014: Jan Feb Mar Apr May Jun Jul Aug Sep Oct Nov Dec
2013: Jan Feb Mar Apr May Jun Jul Aug Sep Oct Nov Dec
2012: Jan Feb Mar Apr May Jun Jul Aug Sep Oct Nov Dec
2011: Jan Feb Mar Apr May Jun Jul Aug Sep Oct Nov Dec
2010: Jan Feb Mar Apr May Jun Jul Aug Sep Oct Nov Dec

Report for 2014 May
<HTML><HEAD>
<TITLE>Daily NOAA report</TITLE>
</HEAD><BODY>

<PRE>
                            MONTHLY CLIMATOLOGICAL SUMMARY for May 2014

NAME:    CITY:  STATE: 
ELEV: 0 LAT: 038:54:02 LONG: 0104:42:23

                            TEMPERATURE ( °F), RAIN (in.), WIND SPEED (mph)

                                               HEAT     COOL           AVG
      MEAN                                     DEG      DEG            WIND                       DOM
DAY   TEMP    HIGH   TIME     LOW    TIME      DAYS     DAYS    RAIN   SPEED    HIGH    TIME      DIR
----------------------------------------------------------------------------------------------------------------------------------------------------------
01    66.5   082.6   17:00    53.2   06:03     00.0     01.6   00.00   01.6     18.4    14:00      N 
02    64.0   078.1   17:00    52.7   06:00     00.9     00.0   00.00   01.9     14.9    17:05      N 
03    70.3   089.0   15:02    52.1   06:04     00.0     05.4   00.00   01.4     23.0    16:01      N 
04    68.7   081.0   14:00    49.3   06:01     00.0     03.8   00.00   01.9     14.9    23:05      N 
05    64.1   078.1   16:04    52.3   05:05     00.8     00.0   00.00   03.0     20.7    18:02      N 
06    63.6   075.7   16:05    56.8   06:04     01.3     00.0   00.00   01.9     14.9    12:05      N 
07    56.9   063.2   12:02    49.5   05:01     08.0     00.0   00.06   01.7     16.1    15:00      N 
08    53.6   064.0   12:03    44.4   00:00     11.3     00.0   00.20   02.7     18.4    18:01      N 
09    51.1   063.7   17:00    41.4   05:05     13.8     00.0   00.00   04.7     21.9    07:04      N 
10    59.1   078.8   13:01    39.6   03:04     05.9     00.0   00.02   00.6     11.5    15:03      N 
11    64.8   080.8   11:05    54.3   02:05     00.2     00.0   00.04   01.9     24.1    13:01      N 
12    56.3   070.0   15:05    50.0   23:05     08.6     00.0   00.05   01.4     13.8    15:04      N 
13    63.5   085.7   17:00    43.3   06:00     01.4     00.0   00.01   00.7     12.7    17:02      N 
14    65.8   083.6   15:00    49.6   06:01     00.0     00.9   00.00   01.8     18.4    16:03      N 
15    58.3   074.7   17:00    41.7   06:01     06.6     00.0   00.00   01.6     17.3    13:01      N 
16    67.5   084.2   14:04    47.2   04:02     00.0     02.5   00.00   01.4     24.1    15:01      N 
17    70.0   085.5   16:04    55.4   04:01     00.0     05.1   00.00   01.0     12.7    15:01      N 
18    68.9   081.8   15:05    51.4   06:00     00.0     04.0   00.00   02.2     20.7    19:01      N 
19    62.3   078.3   15:05    45.7   06:02     02.6     00.0   00.00   01.6     16.1    17:03      N 
20    69.6   085.9   15:02    52.4   06:02     00.0     04.6   00.00   01.5     16.1    21:00      N 
21    67.4   079.0   14:00    58.0   06:00     00.0     02.5   00.12   01.1     10.3    20:04      N 
22    62.7   075.9   14:00    52.2   05:00     02.2     00.0   00.18   02.0     17.3    14:03      N 
23    59.6   072.4   12:05    45.9   05:05     05.3     00.0   00.01   01.0     17.3    17:00      N 
24    61.5   076.1   15:00    49.5   03:05     03.5     00.0   00.00   01.0     17.3    19:00      N 
25    65.7   081.9   13:02    51.1   06:01     00.0     00.7   00.00   00.8     17.3    15:01      N 
26    69.6   088.5   15:05    52.3   06:02     00.0     04.7   00.00   01.3     19.6    17:03      N 
27    67.4   079.7   12:04    59.9   22:05     00.0     02.5   00.00   02.2     16.1    16:05      N 
28    66.8   082.2   17:02    50.0   06:02     00.0     01.8   00.00   01.2     17.3    13:04      N 
29    73.3   092.3   17:02    51.4   05:05     00.0     08.4   00.00   01.1     13.8    17:03      N 
30    75.1   091.1   13:05    60.7   04:02     00.0     10.1   00.00   02.6     23.0    16:00      N 
----------------------------------------------------------------------------------------------------------------------------------------------------------
64.5 (65.0)   92.3  day 29     39.6  day 10   072.4    058.5   00.69   01.7     24.2   day 05     N
Max >=  86: 4
Min <=  86: 30
Max Rain: 0.20 ON 8-06-14
Days of Rain: 9 (> .008in) 3 (> .08in) 0 (> 0.8in)

</PRE></BODY></HTML>