NOAA-Style Climate Reports

Select a Year or Month report
2018: Jan Feb Mar Apr May Jun Jul Aug Sep Oct Nov Dec
2017: Jan Feb Mar Apr May Jun Jul Aug Sep Oct Nov Dec
2016: Jan Feb Mar Apr May Jun Jul Aug Sep Oct Nov Dec
2015: Jan Feb Mar Apr May Jun Jul Aug Sep Oct Nov Dec
2014: Jan Feb Mar Apr May Jun Jul Aug Sep Oct Nov Dec
2013: Jan Feb Mar Apr May Jun Jul Aug Sep Oct Nov Dec
2012: Jan Feb Mar Apr May Jun Jul Aug Sep Oct Nov Dec
2011: Jan Feb Mar Apr May Jun Jul Aug Sep Oct Nov Dec
2010: Jan Feb Mar Apr May Jun Jul Aug Sep Oct Nov Dec

Report for 2014 April
<HTML><HEAD>
<TITLE>Daily NOAA report</TITLE>
</HEAD><BODY>

<PRE>
                            MONTHLY CLIMATOLOGICAL SUMMARY for APR. 2014

NAME:    CITY:  STATE: 
ELEV: 0 LAT: 038:54:02 LONG: 0104:42:23

                            TEMPERATURE ( °F), RAIN (in.), WIND SPEED (mph)

                                               HEAT     COOL           AVG
      MEAN                                     DEG      DEG            WIND                       DOM
DAY   TEMP    HIGH   TIME     LOW    TIME      DAYS     DAYS    RAIN   SPEED    HIGH    TIME      DIR
----------------------------------------------------------------------------------------------------------------------------------------------------------
01    41.3   062.4   16:04    25.9   05:05     23.7     00.0   00.00   02.3     18.4    17:00     NNW
02    42.2   061.5   15:03    25.9   06:02     22.8     00.0   00.00   02.5     17.3    21:00      N 
03    31.9   038.5   16:01    23.4   23:04     33.0     00.0   00.11   02.0     20.7    13:02      N 
04    33.3   047.1   15:05    16.7   06:00     31.6     00.0   00.00   01.3     12.7    15:05      NW
05    39.0   053.7   13:04    28.0   06:04     25.9     00.0   00.00   01.1     14.9    16:01     WNW
06    40.0   051.7   14:01    32.0   08:01     24.9     00.0   00.02   02.7     19.6    15:05      N 
07    37.4   048.9   16:02    31.5   09:07     27.5     00.0   00.05   03.5     19.6    16:04     WNW
08    45.6   064.9   13:01    26.4   06:02     19.3     00.0   00.00   01.0     14.9    14:02     WNW
09    56.7   073.4   13:01    36.4   01:02     08.3     00.0   00.00   03.1     18.4    17:03      N 
10    52.7   063.1   16:02    40.7   04:05     12.2     00.0   00.00   02.0     13.8    14:04      N 
11    57.8   074.7   17:01    34.5   06:00     07.1     00.0   00.00   01.9     13.8    14:02      N 
12    60.0   072.5   13:01    48.4   07:01     05.0     00.0   00.00   01.9     26.4    19:02      NW
13    34.0   048.9   00:05    18.1   00:00     30.9     00.0   00.04   04.6     17.3    19:03      NW
14    25.8   038.8   16:02    15.8   06:05     39.2     00.0   00.02   02.7     16.1    08:04      NW
15    45.5   061.9   16:02    20.8   03:05     19.4     00.0   00.00   01.4     17.3    22:04     WNW
16    43.7   054.0   11:05    32.9   21:04     21.2     00.0   00.04   03.4     20.7    00:19      NW
17    39.9   052.6   17:01    32.2   07:01     25.1     00.0   00.16   01.4     13.8    16:03     WNW
18    56.8   072.5   12:04    31.9   04:02     08.2     00.0   00.00   01.9     12.7    12:02      NW
19    70.3   071.2   22:09    48.6   23:01     00.0     05.4   00.00   03.4     09.2    00:00      N 
20    55.6   068.0   13:04    46.9   07:03     09.4     00.0   00.01   03.0     14.9    14:04     NNW
21    53.5   063.7   13:02    43.3   06:05     11.4     00.0   00.00   03.2     19.6    08:04      NW
22    56.8   076.2   12:02    37.3   06:03     08.1     00.0   00.00   01.2     19.6    15:02      NW
23    58.1   075.0   13:01    37.6   00:00     06.8     00.0   00.00   02.5     19.6    21:04      NW
24    46.4   061.9   13:03    31.3   05:03     18.6     00.0   00.00   01.7     19.6    16:04      NW
25    54.9   070.5   12:05    36.1   01:03     10.0     00.0   00.00   02.5     19.6    16:02      NW
26    58.8   073.8   13:00    40.5   06:05     06.1     00.0   00.00   02.1     17.3    17:04      NW
27    43.7   053.6   14:00    35.2   00:00     21.2     00.0   00.06   05.9     27.6    05:04      N 
28    41.7   050.9   12:02    30.6   01:02     23.3     00.0   00.00   04.3     24.1    09:14     NNW
29    39.7   050.2   16:02    31.5   23:04     25.2     00.0   00.00   06.1     24.1    18:00     NNW
30    37.8   047.8   15:04    29.8   03:00     27.2     00.0   00.01   05.7     23.0    13:01      NW
----------------------------------------------------------------------------------------------------------------------------------------------------------
46.7 (46.2)   76.2  day 22     15.8  day 14   552.7    005.4   00.51   02.7     27.6   day 27     NNW
Min <=  86: 30
Min <=  23: 4
Max Rain: 0.16 ON 17-04-14
Days of Rain: 10 (> .008in) 2 (> .08in) 0 (> 0.8in)

</PRE></BODY></HTML>