NOAA-Style Climate Reports

Select a Year or Month report
2018: Jan Feb Mar Apr May Jun Jul Aug Sep Oct Nov Dec
2017: Jan Feb Mar Apr May Jun Jul Aug Sep Oct Nov Dec
2016: Jan Feb Mar Apr May Jun Jul Aug Sep Oct Nov Dec
2015: Jan Feb Mar Apr May Jun Jul Aug Sep Oct Nov Dec
2014: Jan Feb Mar Apr May Jun Jul Aug Sep Oct Nov Dec
2013: Jan Feb Mar Apr May Jun Jul Aug Sep Oct Nov Dec
2012: Jan Feb Mar Apr May Jun Jul Aug Sep Oct Nov Dec
2011: Jan Feb Mar Apr May Jun Jul Aug Sep Oct Nov Dec
2010: Jan Feb Mar Apr May Jun Jul Aug Sep Oct Nov Dec

Report for 2014 March
<HTML><HEAD>
<TITLE>Daily NOAA report</TITLE>
</HEAD><BODY>

<PRE>
                            MONTHLY CLIMATOLOGICAL SUMMARY for MAR. 2014

NAME:    CITY:  STATE: 
ELEV: 0 LAT: 038:54:02 LONG: 0104:42:23

                            TEMPERATURE ( °F), RAIN (in.), WIND SPEED (mph)

                                               HEAT     COOL           AVG
      MEAN                                     DEG      DEG            WIND                       DOM
DAY   TEMP    HIGH   TIME     LOW    TIME      DAYS     DAYS    RAIN   SPEED    HIGH    TIME      DIR
----------------------------------------------------------------------------------------------------------------------------------------------------------
01    22.4   028.8   12:01    11.3   00:00     42.6     00.0   00.00   00.8     14.9    16:00      N 
02    14.4   026.1   15:03    06.1   07:02     50.5     00.0   00.01   00.1     04.6    14:02      N 
03    38.3   058.1   13:04    20.1   00:09     26.6     00.0   00.00   01.3     14.9    12:03      N 
04    40.6   055.2   14:01    28.0   04:05     24.3     00.0   00.00   01.7     19.6    19:04      N 
05    39.5   051.6   15:00    25.9   07:00     25.4     00.0   00.00   01.8     17.3    00:10     WNW
06    47.9   066.1   12:02    25.7   05:05     17.0     00.0   00.00   01.3     12.7    23:03     ESE
07    41.1   051.3   00:18    30.6   00:00     23.9     00.0   00.19   02.9     14.9    12:04      NE
08    35.0   044.7   13:05    27.0   00:00     30.0     00.0   00.17   01.8     14.9    13:00      NE
09    46.8   068.9   12:02    24.4   02:05     18.1     00.0   00.00   01.1     10.3    17:01     ENE
10    53.3   069.9   14:03    33.9   03:00     11.6     00.0   00.00   02.1     17.3    15:03      N 
11    39.5   052.5   00:17    20.1   00:00     25.5     00.0   00.02   05.1     27.6    15:03      N 
12    30.7   049.3   14:04    14.4   05:01     34.2     00.0   00.00   00.7     08.1    17:05      N 
13    43.3   060.1   12:04    20.1   04:00     21.6     00.0   00.00   03.4     23.0    14:01      N 
14    43.1   054.3   12:01    27.3   06:04     21.9     00.0   00.00   02.2     13.8    15:01      N 
15    39.5   048.0   09:16    28.6   00:00     25.5     00.0   00.00   04.7     25.3    17:03     NNE
16    39.0   058.5   15:03    18.1   06:02     26.0     00.0   00.00   01.8     14.9    13:02     NNE
17    45.5   066.7   13:01    28.6   01:03     19.5     00.0   00.00   03.0     27.6    16:03      NE
18    30.6   035.2   02:02    24.4   22:00     34.3     00.0   00.01   06.1     39.1    09:06      N 
19    34.9   050.1   15:01    16.5   05:05     30.0     00.0   00.00   01.0     10.3    15:00      N 
20    46.6   065.8   14:05    27.0   06:01     18.4     00.0   00.00   02.6     25.3    15:01      N 
21    43.5   049.9   09:18    29.1   05:03     21.4     00.0   00.04   02.0     17.3    05:02      N 
22    25.2   030.4   00:07    20.8   20:03     39.8     00.0   00.00   01.6     10.3    08:04      N 
23    28.8   044.1   16:04    18.7   06:03     36.2     00.0   00.10   00.8     19.6    00:00     WNW
24    33.1   042.4   16:03    24.8   06:01     31.8     00.0   00.00   02.2     19.6    00:07     WNW
25    35.2   048.9   15:03    19.6   07:02     29.7     00.0   00.00   01.1     11.5    15:05     WNW
26    46.8   066.7   12:04    28.9   04:04     18.2     00.0   00.00   02.1     28.8    20:01     NNW
27    45.2   054.5   13:03    34.0   07:03     19.7     00.0   00.00   03.6     25.3    14:02      N 
28    40.8   053.8   16:02    27.0   07:03     24.2     00.0   00.00   03.9     20.7    13:04      N 
29    43.3   062.1   14:02    21.4   07:01     21.6     00.0   00.00   01.8     13.8    15:01      N 
30    51.0   064.9   14:01    35.1   06:02     14.0     00.0   00.00   02.4     26.4    22:03     ENE
31    45.6   056.8   16:00    33.3   23:00     19.4     00.0   00.00   08.5     38.0    08:04     ESE
----------------------------------------------------------------------------------------------------------------------------------------------------------
39.0 (38.5)   69.9  day 10     06.1  day 02   802.8    000.0   00.54   02.4     39.1   day 31     N
Max <=  32: 3
Min <=  86: 31
Min <=  23: 12
Max Rain: 0.19 ON 7-03-14
Days of Rain: 7 (> .008in) 3 (> .08in) 0 (> 0.8in)

</PRE></BODY></HTML>